--
-- Host: localhost    Database: getcentered
-- ------------------------------------------------------


--
-- Table structure for table `api_user_product`
--

CREATE TABLE `api_user_product` (
  `id` int(11) NOT NULL AUTO_INCREMENT,
  `api_user_id` int(11) NOT NULL,
  `product_id` int(11) NOT NULL,
  `created_at` datetime DEFAULT NULL,
  `status` int(11) NOT NULL,
  PRIMARY KEY (`id`)
) ENGINE=InnoDB DEFAULT CHARSET=latin1;

--
-- Dumping data for table `api_user_product`
--


--
-- Table structure for table `auth_assignment`
--

CREATE TABLE `auth_assignment` (
  `item_name` varchar(64) COLLATE utf8_unicode_ci NOT NULL,
  `user_id` varchar(64) COLLATE utf8_unicode_ci NOT NULL,
  `created_at` int(11) DEFAULT NULL,
  PRIMARY KEY (`item_name`,`user_id`),
  KEY `idx-auth_assignment-user_id` (`user_id`),
  CONSTRAINT `auth_assignment_ibfk_1` FOREIGN KEY (`item_name`) REFERENCES `auth_item` (`name`) ON DELETE CASCADE ON UPDATE CASCADE
) ENGINE=InnoDB DEFAULT CHARSET=utf8 COLLATE=utf8_unicode_ci;

--
-- Dumping data for table `auth_assignment`
--


--
-- Table structure for table `auth_item`
--

CREATE TABLE `auth_item` (
  `name` varchar(64) COLLATE utf8_unicode_ci NOT NULL,
  `type` smallint(6) NOT NULL,
  `description` text COLLATE utf8_unicode_ci,
  `rule_name` varchar(64) COLLATE utf8_unicode_ci DEFAULT NULL,
  `data` blob,
  `created_at` int(11) DEFAULT NULL,
  `updated_at` int(11) DEFAULT NULL,
  PRIMARY KEY (`name`),
  KEY `rule_name` (`rule_name`),
  KEY `idx-auth_item-type` (`type`),
  CONSTRAINT `auth_item_ibfk_1` FOREIGN KEY (`rule_name`) REFERENCES `auth_rule` (`name`) ON DELETE SET NULL ON UPDATE CASCADE
) ENGINE=InnoDB DEFAULT CHARSET=utf8 COLLATE=utf8_unicode_ci;

--
-- Dumping data for table `auth_item`
--


--
-- Table structure for table `auth_item_child`
--

CREATE TABLE `auth_item_child` (
  `parent` varchar(64) COLLATE utf8_unicode_ci NOT NULL,
  `child` varchar(64) COLLATE utf8_unicode_ci NOT NULL,
  PRIMARY KEY (`parent`,`child`),
  KEY `child` (`child`),
  CONSTRAINT `auth_item_child_ibfk_1` FOREIGN KEY (`parent`) REFERENCES `auth_item` (`name`) ON DELETE CASCADE ON UPDATE CASCADE,
  CONSTRAINT `auth_item_child_ibfk_2` FOREIGN KEY (`child`) REFERENCES `auth_item` (`name`) ON DELETE CASCADE ON UPDATE CASCADE
) ENGINE=InnoDB DEFAULT CHARSET=utf8 COLLATE=utf8_unicode_ci;

--
-- Dumping data for table `auth_item_child`
--


--
-- Table structure for table `auth_rule`
--

CREATE TABLE `auth_rule` (
  `name` varchar(64) COLLATE utf8_unicode_ci NOT NULL,
  `data` blob,
  `created_at` int(11) DEFAULT NULL,
  `updated_at` int(11) DEFAULT NULL,
  PRIMARY KEY (`name`)
) ENGINE=InnoDB DEFAULT CHARSET=utf8 COLLATE=utf8_unicode_ci;

--
-- Dumping data for table `auth_rule`
--


--
-- Table structure for table `consumer_details`
--

CREATE TABLE `consumer_details` (
  `id` int(11) NOT NULL AUTO_INCREMENT,
  `first_name` varchar(50) NOT NULL,
  `last_name` varchar(50) NOT NULL,
  `company_name` varchar(128) DEFAULT NULL,
  `email_address` text NOT NULL,
  `contact` text,
  `store_id` int(11) DEFAULT '0',
  `created_at` datetime DEFAULT NULL,
  `updated_at` timestamp NOT NULL DEFAULT CURRENT_TIMESTAMP ON UPDATE CURRENT_TIMESTAMP,
  `field1` varchar(128) DEFAULT NULL,
  `product_id` int(11) NOT NULL,
  `terms` int(11) DEFAULT '0',
  PRIMARY KEY (`id`),
  KEY `product_id` (`product_id`),
  CONSTRAINT `consumer_details_ibfk_1` FOREIGN KEY (`product_id`) REFERENCES `product` (`id`) ON UPDATE CASCADE
) ENGINE=InnoDB AUTO_INCREMENT=481 DEFAULT CHARSET=latin1;

--
-- Dumping data for table `consumer_details`
--

INSERT INTO `consumer_details` VALUES (472,'fdsfads','gsdfgadfg','Get Centered','fgsadr7546yzfdsd@hdtymnghj.bvsdf',NULL,1,'2020-04-26 09:13:52','2020-04-26 09:13:53',NULL,3,0),(473,'csdfasdf','gfdgsdfg','Get Centered','2dsafdsr_9dasd@dfhghf.cck',NULL,1,'2020-04-26 09:21:07','2020-04-26 09:21:07',NULL,3,0),(474,'fsdsdfasd','gdfasgsdfg','Get Centered','26apr20dsaderwe@faesfasedf.ten',NULL,1,'2020-04-26 09:28:08','2020-04-26 09:28:09',NULL,3,0),(475,'FIRST','LAST','Get Centered','26apr20dsadas66jf@enz.vvf',NULL,1,'2020-04-26 09:32:21','2020-04-26 09:32:22',NULL,3,0),(476,'fdsfgsdfgsdf','hdghfh','Get Centered','26apr20ssdllo@pew.kew',NULL,1,'2020-04-26 09:35:14','2020-04-26 09:35:15',NULL,3,0),(477,'fcdsfasdf','gdfgsdf','Get Centered','25apr20assa@fewfws.vcsdfd',NULL,1,'2020-04-26 09:38:15','2020-04-26 09:38:16',NULL,3,0),(478,'fefasdfsdaf','ghfsdf','Get Centered','24apr203354@fasdfas.ppe',NULL,1,'2020-04-26 09:41:15','2020-04-26 09:41:15',NULL,3,0),(479,'dfsfs','fgdvasd','Get Centered','6may20@email.net',NULL,1,'2020-05-06 08:34:04','2020-05-06 08:34:05',NULL,3,0),(480,'fdsafads','ghdfgsdf','Get Centered','6may20_a@email.nette',NULL,1,'2020-05-06 08:59:16','2020-05-06 08:59:17',NULL,3,0);

--
-- Table structure for table `consumer_imx_api_order_codes`
--

CREATE TABLE `consumer_imx_api_order_codes` (
  `id` int(11) NOT NULL AUTO_INCREMENT,
  `magento_orders_id` int(11) NOT NULL,
  `imx_api_order_code` varchar(50) NOT NULL,
  `code_profile_type` varchar(50) NOT NULL,
  `create_date` datetime DEFAULT NULL,
  `last_updated` timestamp NOT NULL DEFAULT CURRENT_TIMESTAMP ON UPDATE CURRENT_TIMESTAMP,
  `free_int` int(11) DEFAULT '0',
  PRIMARY KEY (`id`),
  KEY `magento_orders_id` (`magento_orders_id`),
  CONSTRAINT `consumer_imx_api_order_codes_ibfk_1` FOREIGN KEY (`magento_orders_id`) REFERENCES `magento_orders` (`id`) ON UPDATE CASCADE
) ENGINE=InnoDB DEFAULT CHARSET=latin1;

--
-- Dumping data for table `consumer_imx_api_order_codes`
--


--
-- Table structure for table `consumer_survey_answers`
--

CREATE TABLE `consumer_survey_answers` (
  `id` int(11) NOT NULL AUTO_INCREMENT,
  `survey_id` int(11) NOT NULL,
  `name` varchar(50) NOT NULL,
  `company_name` varchar(128) DEFAULT NULL,
  `email_address` text NOT NULL,
  `answer1` int(11) DEFAULT NULL,
  `answer2` int(11) DEFAULT NULL,
  `answer3` int(11) DEFAULT NULL,
  `answer4` int(11) DEFAULT NULL,
  `answer5` varchar(255) DEFAULT NULL,
  `created_at` datetime DEFAULT NULL,
  `field1` varchar(128) DEFAULT NULL,
  PRIMARY KEY (`id`),
  KEY `survey_id` (`survey_id`),
  CONSTRAINT `consumer_survey_answers_ibfk_1` FOREIGN KEY (`survey_id`) REFERENCES `survey_questions` (`id`) ON UPDATE CASCADE
) ENGINE=InnoDB AUTO_INCREMENT=4 DEFAULT CHARSET=latin1;

--
-- Dumping data for table `consumer_survey_answers`
--

INSERT INTO `consumer_survey_answers` VALUES (1,1,'Tess',NULL,'ajskdh@email.net',2,2,2,2,NULL,'2019-02-09 15:43:06',NULL),(2,1,'Name',NULL,'email',0,1,2,4,NULL,'2019-02-09 15:48:03',NULL),(3,1,'name',NULL,'email',0,0,1,0,NULL,'2019-02-09 15:50:18',NULL);

--
-- Table structure for table `contact`
--

CREATE TABLE `contact` (
  `id` int(11) NOT NULL AUTO_INCREMENT,
  `name` varchar(50) NOT NULL,
  `subject` text,
  `email_address` text,
  `body` text,
  `store_id` int(11) DEFAULT '0',
  `created_at` datetime DEFAULT NULL,
  PRIMARY KEY (`id`)
) ENGINE=InnoDB AUTO_INCREMENT=9 DEFAULT CHARSET=latin1;

--
-- Dumping data for table `contact`
--

INSERT INTO `contact` VALUES (1,'Steve James','Explainer Video for getcentered.co.za','steve@explainervideos4u.xyz','Hi,\r\n\r\nWe\'d like to introduce to you our explainer video service which we feel can benefit your site getcentered.co.za.\r\n\r\nCheck out some of our existing videos here:\r\nhttps://www.youtube.com/watch?v=oYoUQjxvhA0\r\nhttps://www.youtube.com/watch?v=MOnhn77TgDE\r\nhttps://www.youtube.com/watch?v=NKY4a3hvmUc\r\n\r\nAll of our videos are in a similar animated format as the above examples and we have voice over artists with US/UK/Australian accents.\r\n\r\nThey can show a solution to a problem or simply promote one of your products or services. They are concise, can be uploaded to video such as Youtube, and can be embedded into your website or featured on landing pages.\r\n\r\nOur prices are as follows depending on video length:\r\n1 minute = $239\r\n1-2 minutes = $339\r\n2-3 minutes = $449\r\n\r\n*All prices above are in USD and include an engaging, captivating video with full script and voice-over.\r\n\r\nIf this is something you would like to discuss further, don\'t hesitate to get in touch.\r\nIf you are not interested, simply delete this message and we won\'t contact you again.\r\n\r\nKind Regards,\r\nSteve',0,'2021-11-09 21:51:48'),(2,'Steve Watson','Explainer Videos for getcentered.co.za','steve@explainervideos4u.info','Hi,\r\n\r\nWe\'d like to introduce to you our explainer video service which we feel can benefit your site getcentered.co.za.\r\n\r\nCheck out some of our existing videos here:\r\nhttps://www.youtube.com/watch?v=zvGF7uRfH04\r\nhttps://www.youtube.com/watch?v=cZPsp217Iik\r\nhttps://www.youtube.com/watch?v=JHfnqS2zpU8\r\n\r\nThey can show a solution to a problem or simply promote one of your products or services.\r\n\r\nOur prices (in USD) are as follows depending on video length:\r\n1 minute = $239\r\n1-2 minutes = $339\r\n2-3 minutes = $449\r\n\r\nIf this is something you would like to discuss further, don\'t hesitate to get in touch.\r\n\r\nKind Regards,\r\nSteve',0,'2022-01-29 08:19:47'),(3,'KaymotdVof','Unmarried girls are ready to meet close to you','bruk.epetweson543@gmail.com','Hi. My new naked video, I enlarged my tits and ass, as you asked https://datingtorrid.top/robot/?u=wh5kd06&o=qxpp80k',0,'2022-02-22 13:47:35'),(4,'Olivia Jackson','DA50 Backlink to getcentered.co.za','olivia@backlinkpro.club','Hi, \r\n\r\nWe\'re wondering if you\'d be interested in a backlink to getcentered.co.za from our website that has a Moz Domain Authority of 50?\r\n\r\nWe charge just $30 (USD) to be paid via Paypal, card, or Payoneer. This is a one-time fee, so there are no extra charges and the link is permanent.\r\n\r\nIf you\'d like to know more about the site, please reply to this email and we can discuss further.\r\n\r\nKind Regards,\r\nOlivia',0,'2022-03-09 07:53:59'),(5,'KaybatdVof','If you have a small penis, don\'t read','sanja.filatov.yg.99s@gmail.com','Hi Brain. I haven\'t been fucked for a long time. Maybe you can https://ladieslocation.life/?u=wh5kd06&o=qxpp80k https://like-a-dating.top/yotube/?u=wh5kd06&o=qxpp80k',0,'2022-04-06 22:29:41'),(6,'KaymaxdVof','I want a dick in myself now','sanja.filatov.yg9.9.s@gmail.com','Hi Luis. It\'s not the first time I\'ve written to you. When will you finally fuck me? I\'m here, find me https://ladieslocation.life/?u=wh5kd06&o=qxpp80k',0,'2022-04-06 22:29:54'),(7,'KaymqedVof','I\'m lonely and I don\'t have enough sex','sanja.filatov.yg9.9s@gmail.com','Hi Joy. Your friends told me that you like me and I decided to post my erotic photos and get acquainted https://ladieslocation.life/?u=wh5kd06&o=qxpp80k',0,'2022-04-06 22:30:11'),(8,'Emelia Johnson','DA50 Backlink to getcentered.co.za','julietteemelia@gmail.com','Hi, \r\n\r\nWe\'re wondering if you\'d be interested in a backlink to getcentered.co.za from our website that has a Moz Domain Authority of 50?\r\n\r\nWe charge just $30 (USD) to be paid via Paypal, card, or Payoneer. This is a one-time fee, so there are no extra charges and the link is permanent.\r\n\r\nIf you\'d like to know more about the site, please reply to this email and we can discuss further.\r\n\r\nKind Regards,\r\nEmelia\r\n\r\nIf you are not interested, opt out here: https://unsubscribe.contact/',0,'2022-04-22 19:18:20');

--
-- Table structure for table `imx_api_order_codes`
--

CREATE TABLE `imx_api_order_codes` (
  `id` int(11) NOT NULL AUTO_INCREMENT,
  `imx_api_order_code` varchar(50) NOT NULL,
  `code_profile_type` varchar(50) NOT NULL,
  `create_date` datetime DEFAULT NULL,
  `last_updated` timestamp NOT NULL DEFAULT CURRENT_TIMESTAMP ON UPDATE CURRENT_TIMESTAMP,
  `main_status` int(11) DEFAULT '1',
  `free_int` int(11) DEFAULT '0',
  PRIMARY KEY (`id`)
) ENGINE=InnoDB AUTO_INCREMENT=4 DEFAULT CHARSET=latin1;

--
-- Dumping data for table `imx_api_order_codes`
--

INSERT INTO `imx_api_order_codes` VALUES (1,'IMX_DI_SAMPLE1','DISC','2020-04-26 00:00:00','2020-04-26 10:43:51',1,0),(2,'IMX_VI_SAMPLE','Values','2020-04-26 00:00:00','2020-04-26 10:44:31',1,0),(3,'IMX_AI_SAMPLE','AI','2020-04-26 00:00:00','2020-04-26 10:44:44',1,0);

--
-- Table structure for table `imx_api_product`
--

CREATE TABLE `imx_api_product` (
  `id` int(11) NOT NULL AUTO_INCREMENT,
  `product_id` int(11) NOT NULL,
  `imx_api_code` varchar(30) NOT NULL,
  `updated_at` timestamp NOT NULL DEFAULT CURRENT_TIMESTAMP ON UPDATE CURRENT_TIMESTAMP,
  `field1` varchar(128) DEFAULT NULL,
  `status` int(11) DEFAULT '0',
  PRIMARY KEY (`id`),
  KEY `product_id` (`product_id`),
  CONSTRAINT `imx_api_product_ibfk_1` FOREIGN KEY (`product_id`) REFERENCES `product` (`id`)
) ENGINE=InnoDB AUTO_INCREMENT=3 DEFAULT CHARSET=latin1;

--
-- Dumping data for table `imx_api_product`
--

INSERT INTO `imx_api_product` VALUES (1,2,'DISC,VALUES,AI','2020-04-23 13:12:01','',1),(2,3,'DISC,VALUES','2020-04-23 13:11:49','',1);

--
-- Table structure for table `log_visits`
--

CREATE TABLE `log_visits` (
  `log_visit_id` int(11) NOT NULL AUTO_INCREMENT,
  `short_url` varchar(20) NOT NULL,
  `long_url` text,
  `log_date` timestamp NOT NULL DEFAULT CURRENT_TIMESTAMP,
  `user_address` varchar(50) DEFAULT NULL,
  `user_agent` text,
  `request_status` int(11) DEFAULT '0',
  PRIMARY KEY (`log_visit_id`),
  KEY `short_url` (`short_url`),
  KEY `log_date` (`log_date`)
) ENGINE=InnoDB AUTO_INCREMENT=55 DEFAULT CHARSET=latin1;

--
-- Dumping data for table `log_visits`
--

INSERT INTO `log_visits` VALUES (1,'15feGq','https://profiles.innermetrix.com/VO/ec3901dd/en','2019-06-14 16:36:39',NULL,NULL,0),(2,'15feGq','https://profiles.innermetrix.com/VO/ec3901dd/en','2019-06-14 16:36:53',NULL,NULL,0),(3,'11rhTe','https://profiles.innermetrix.com/VO/ec3901dd/en','2019-06-14 16:43:17',NULL,NULL,0),(4,'11rhTe','https://profiles.innermetrix.com/VO/ec3901dd/en','2019-06-14 17:20:51',NULL,NULL,0),(5,'11rhTe','https://profiles.innermetrix.com/VO/ec3901dd/en','2019-06-14 17:21:12',NULL,NULL,0),(6,'11sk4q','https://profiles.innermetrix.com/VO/ec3901dd/en','2019-06-15 11:17:00',NULL,NULL,0),(7,'11qfIy','https://profiles.innermetrix.com/VO/ec3901dd/en','2019-06-15 11:21:01',NULL,NULL,0),(8,'11rhTe','https://profiles.innermetrix.com/VO/ec3901dd/en','2019-06-18 14:12:12',NULL,NULL,0),(9,'19vcSn','https://profiles.innermetrix.com/VO/ec3901dd/en','2019-06-19 07:26:36',NULL,NULL,0),(10,'11sk4q','https://profiles.innermetrix.com/VO/ec3901dd/en','2019-06-20 05:49:55',NULL,NULL,0),(11,'122sIu','https://profiles.innermetrix.com/VO/6be334d5/en','2019-06-25 08:42:10',NULL,NULL,0),(12,'122sIu','https://profiles.innermetrix.com/VO/6be334d5/en','2019-06-26 12:06:21',NULL,NULL,0),(13,'122sIu','https://profiles.innermetrix.com/VO/6be334d5/en','2019-06-26 12:07:39',NULL,NULL,0),(14,'12w4K6','https://profiles.innermetrix.com/VO/6be334d5/en','2019-06-28 08:53:41',NULL,NULL,0),(15,'12zh4v',NULL,'2019-06-28 12:06:21',NULL,NULL,99),(16,'12zh4v',NULL,'2019-06-28 12:28:33',NULL,NULL,99),(17,'12zh4v',NULL,'2019-06-28 12:31:11',NULL,NULL,99),(18,'12zh4v',NULL,'2019-06-28 12:33:03',NULL,NULL,99),(19,'11qfIy','https://profiles.innermetrix.com/VO/e47a0f52/en','2019-06-28 12:53:00',NULL,NULL,0),(20,'11rj1c','https://profiles.innermetrix.com/VO/123617f1/en','2019-06-29 10:25:40',NULL,NULL,0),(21,'11sk4q','https://profiles.innermetrix.com/VO/123617f1/en','2019-06-30 10:40:32',NULL,NULL,0),(22,'121p5e','https://profiles.innermetrix.com/VO/e47a0f52/en','2019-06-30 11:12:16',NULL,NULL,0),(23,'121p5e','https://profiles.innermetrix.com/VO/e47a0f52/en','2019-06-30 11:13:15',NULL,NULL,0),(24,'121p5e','https://profiles.innermetrix.com/VO/e47a0f52/en','2019-06-30 11:13:26',NULL,NULL,0),(25,'121p5e','https://profiles.innermetrix.com/VO/e47a0f52/en','2020-04-07 08:29:37',NULL,NULL,0),(26,'122sIu','https://profiles.innermetrix.com/VO/e47a0f52/en','2020-04-08 10:46:29',NULL,NULL,0),(27,'12zh4v','https://profiles.innermetrix.com/VO/123617f1/en','2020-04-09 06:16:03',NULL,NULL,0),(28,'132sHr','https://profiles.innermetrix.com/VO/e47a0f52/en','2020-04-09 07:30:54',NULL,NULL,0),(29,'14bsUn','https://profiles.innermetrix.com/VO/123617f1/en','2020-04-10 09:01:38',NULL,NULL,0),(30,'15dzO5','https://profiles.innermetrix.com/VO/6be334d5/en','2020-04-10 09:18:07',NULL,NULL,0),(31,'1oxeUt','https://profiles.innermetrix.com/VO/6be334d5/en','2020-04-14 10:45:47',NULL,NULL,0),(32,'1tonXk','https://profiles.innermetrix.com/VO/e47a0f52/en','2020-04-15 06:31:40',NULL,NULL,0),(33,'1tpvZ4','https://profiles.innermetrix.com/VO/0485a918/en','2020-04-15 09:01:36',NULL,NULL,0),(34,'1vyxIi','https://profiles.innermetrix.com/VO/0485a918/en','2020-04-15 10:03:56',NULL,NULL,0),(35,'21rgNn','https://profiles.innermetrix.com/VO/0485a918/en','2020-04-16 12:19:31',NULL,NULL,0),(36,'22smEt','https://profiles.innermetrix.com/VO/6be334d5/en','2020-04-16 12:19:48',NULL,NULL,0),(37,'2hy7Vg','https://profiles.innermetrix.com/VO/0485a918/en','2020-04-17 09:32:43',NULL,NULL,0),(38,'2i5vOk','https://profiles.innermetrix.com/VO/0485a918/en','2020-04-17 09:58:21',NULL,NULL,0),(39,'2j5xZx','https://profiles.innermetrix.com/VO/123617f1/en','2020-04-17 09:58:26',NULL,NULL,0),(40,'2nstEa','https://profiles.innermetrix.com/VO/0485a918/en','2020-04-17 12:26:56',NULL,NULL,0),(41,'2ntxZt','https://profiles.innermetrix.com/VO/0485a918/en','2020-04-17 12:27:03',NULL,NULL,0),(42,'2oznZr','https://profiles.innermetrix.com/VO/0485a918/en','2020-04-17 12:46:10',NULL,NULL,0),(43,'2ozo36','https://profiles.innermetrix.com/VO/e47a0f52/en','2020-04-17 12:46:15',NULL,NULL,0),(44,'2ozqC4','https://profiles.innermetrix.com/VO/0485a918/en','2020-04-17 12:51:30',NULL,NULL,0),(45,'2p2xBg','https://profiles.innermetrix.com/VO/0485a918/en','2020-04-17 12:51:34',NULL,NULL,0),(46,'2p48Ly','https://profiles.innermetrix.com/VO/6be334d5/en','2020-04-17 12:51:40',NULL,NULL,0),(47,'2q8qNs','https://profiles.innermetrix.com/VO/0485a918/en','2020-04-17 13:32:40',NULL,NULL,0),(48,'2q9sVq','https://profiles.innermetrix.com/VO/0485a918/en','2020-04-18 09:04:31',NULL,NULL,0),(49,'2tnkKu','https://whatsmygenius.com/discover?id=','2020-04-26 07:41:21',NULL,NULL,0),(50,'2tonWe','https://whatsmygenius.com/discover?id=','2020-05-06 06:34:12',NULL,NULL,0),(51,'2tonWe','https://whatsmygenius.com/discover?id=','2020-05-06 06:44:47',NULL,NULL,0),(52,'2tonWe','https://whatsmygenius.com/discover?id=','2020-05-06 06:52:07',NULL,NULL,0),(53,'2tpp7p','https://profiles.innermetrix.com/VO/0485a918/en','2020-05-06 06:59:21',NULL,NULL,0),(54,'2tpp7p','https://profiles.innermetrix.com/VO/0485a918/en','2020-05-06 07:13:00',NULL,NULL,0);

--
-- Table structure for table `magento_orders`
--

CREATE TABLE `magento_orders` (
  `id` int(11) NOT NULL AUTO_INCREMENT,
  `product_id` int(11) NOT NULL,
  `created_at` datetime DEFAULT NULL,
  `field1` varchar(128) DEFAULT NULL,
  `short_url` varchar(50) DEFAULT NULL,
  `order_id` varchar(128) NOT NULL,
  `consumer_detail_id` int(11) DEFAULT '0',
  `magento_order_id` int(11) DEFAULT '0',
  `imx_api_order_code` varchar(50) DEFAULT NULL,
  PRIMARY KEY (`id`)
) ENGINE=InnoDB AUTO_INCREMENT=283 DEFAULT CHARSET=latin1;

--
-- Dumping data for table `magento_orders`
--

INSERT INTO `magento_orders` VALUES (258,2,'2020-04-19 07:48:41',NULL,NULL,'2020-04-19 07:48:41',0,0,NULL),(259,2,'2020-04-20 07:37:32',NULL,NULL,'2020-04-20 07:37:32',0,0,NULL),(260,2,'2020-04-21 07:19:14',NULL,NULL,'2020-04-21 07:19:14',0,0,NULL),(261,2,'2020-04-22 07:12:12',NULL,NULL,'2020-04-22 07:12:12',0,0,NULL),(262,2,'2020-04-23 06:34:31',NULL,NULL,'2020-04-23 06:34:31',0,0,NULL),(263,2,'2020-04-23 07:29:31',NULL,NULL,'2020-04-23 07:29:31',0,0,NULL),(264,2,'2020-04-23 07:54:21',NULL,NULL,'2020-04-23 07:54:21',0,0,NULL),(265,2,'2020-04-26 08:59:54',NULL,NULL,'2020-04-26 08:59:54',0,0,NULL),(266,2,'2020-04-26 09:04:33',NULL,NULL,'2020-04-26 09:04:33',0,0,NULL),(267,2,'2020-04-26 09:07:47',NULL,NULL,'2020-04-26 09:07:47',0,0,NULL),(268,3,'2020-04-26 09:13:52',NULL,'https://getcentered.co.za/you?id=2reeFp','Magento:000000422:0#GCINC2020',472,222,NULL),(269,2,'2020-04-26 09:20:30',NULL,NULL,'2020-04-26 09:20:30',0,0,NULL),(270,3,'2020-04-26 09:21:07',NULL,'https://getcentered.co.za/you?id=2reeGr','Magento:000000424:0#GCINC2020',473,223,NULL),(271,3,'2020-04-26 09:28:08',NULL,'https://getcentered.co.za/you?id=2shqYd','Magento:000000428:0#GCINC2020',474,225,NULL),(272,2,'2020-04-26 09:30:40',NULL,NULL,'2020-04-26 09:30:40',0,0,NULL),(273,3,'2020-04-26 09:32:21',NULL,'https://getcentered.co.za/you?id=2smeTo','Magento:000000430:0#GCINC2020',475,226,NULL),(274,3,'2020-04-26 09:35:14',NULL,'https://getcentered.co.za/you?id=2tlbG3','Magento:000000432:0#GCINC2020',476,227,NULL),(275,2,'2020-04-26 09:37:43',NULL,NULL,'2020-04-26 09:37:43',0,0,NULL),(276,3,'2020-04-26 09:38:15',NULL,'https://getcentered.co.za/you?id=2tmeQc','Magento:000000434:0#GCINC2020',477,228,NULL),(277,3,'2020-04-26 09:41:15',NULL,'https://getcentered.co.za/you?id=2tnkKu','Magento:000000436:0#GCINC2020',478,229,NULL),(278,3,'2020-05-06 08:34:04',NULL,'https://getcentered.co.za/you?id=2tonWe','Magento:000000438:0#GCINC2020',479,230,NULL),(279,3,'2020-05-06 08:59:16',NULL,'https://getcentered.co.za/discover?id=2tpp7p','Magento:000000440:0#GCINC2020',480,231,NULL),(280,2,'2020-05-26 11:36:02',NULL,NULL,'creating',0,0,NULL),(281,2,'2020-06-01 10:10:47',NULL,NULL,'creating',0,0,NULL),(282,2,'2020-06-01 10:11:35',NULL,NULL,'creating',0,0,NULL);

--
-- Table structure for table `migration`
--

CREATE TABLE `migration` (
  `version` varchar(180) NOT NULL,
  `apply_time` int(11) DEFAULT NULL,
  PRIMARY KEY (`version`)
) ENGINE=InnoDB DEFAULT CHARSET=latin1;

--
-- Dumping data for table `migration`
--

INSERT INTO `migration` VALUES ('Da\\User\\Migration\\m000000_000001_create_user_table',1555868900),('Da\\User\\Migration\\m000000_000002_create_profile_table',1555868900),('Da\\User\\Migration\\m000000_000003_create_social_account_table',1555868900),('Da\\User\\Migration\\m000000_000004_create_token_table',1555868900),('Da\\User\\Migration\\m000000_000005_add_last_login_at',1555868901),('Da\\User\\Migration\\m000000_000006_add_two_factor_fields',1555868901),('Da\\User\\Migration\\m000000_000007_enable_password_expiration',1555868901),('Da\\User\\Migration\\m000000_000008_add_last_login_ip',1555868901),('Da\\User\\Migration\\m000000_000009_add_gdpr_consent_fields',1555868901),('m000000_000000_base',1545215160),('m130524_201442_init',1555867217),('m140506_102106_rbac_init',1555868901),('m160516_095943_init',1545215179),('m161109_124936_rename_cart_table',1545215179),('m161119_153348_alter_cart_data',1545215179),('m170907_052038_rbac_add_index_on_auth_assignment_user_id',1555868901),('m180523_151638_rbac_updates_indexes_without_prefix',1555868901),('m190124_110200_add_verification_token_column_to_user_table',1555867217);

--
-- Table structure for table `order_links`
--

CREATE TABLE `order_links` (
  `id` int(11) NOT NULL AUTO_INCREMENT,
  `paygate_orders_id` int(11) NOT NULL,
  `short_url` text,
  `long_url` text,
  `allocation_date` datetime DEFAULT NULL,
  `other_order_id` varchar(40) DEFAULT NULL,
  PRIMARY KEY (`id`)
) ENGINE=InnoDB AUTO_INCREMENT=45 DEFAULT CHARSET=latin1;

--
-- Dumping data for table `order_links`
--

INSERT INTO `order_links` VALUES (36,1,'https://getcentered.co.za/you?id=2reeFp',NULL,'2020-04-26 09:13:53','222'),(37,1,'https://getcentered.co.za/you?id=2reeGr',NULL,'2020-04-26 09:21:07','223'),(38,1,'https://getcentered.co.za/you?id=2shqYd',NULL,'2020-04-26 09:28:09','225'),(39,1,'https://getcentered.co.za/you?id=2smeTo',NULL,'2020-04-26 09:32:22','226'),(40,1,'https://getcentered.co.za/you?id=2tlbG3',NULL,'2020-04-26 09:35:15','227'),(41,1,'https://getcentered.co.za/you?id=2tmeQc',NULL,'2020-04-26 09:38:16','228'),(42,1,'https://getcentered.co.za/you?id=2tnkKu',NULL,'2020-04-26 09:41:15','229'),(43,1,'https://getcentered.co.za/you?id=2tonWe',NULL,'2020-05-06 08:34:05','230'),(44,1,'https://getcentered.co.za/discover?id=2tpp7p',NULL,'2020-05-06 08:59:17','231');

--
-- Table structure for table `paygate_orders`
--

CREATE TABLE `paygate_orders` (
  `id` int(11) NOT NULL AUTO_INCREMENT,
  `consumer_detail_id` int(11) NOT NULL,
  `product_id` int(11) NOT NULL,
  `paygate_request_id` varchar(128) NOT NULL,
  `paygate_status` int(11) NOT NULL,
  `short_url` varchar(50) DEFAULT NULL,
  `created_at` datetime DEFAULT NULL,
  `updated_at` timestamp NOT NULL DEFAULT CURRENT_TIMESTAMP ON UPDATE CURRENT_TIMESTAMP,
  `field1` varchar(128) DEFAULT NULL,
  `purchase_detail` text,
  `order_quantity` int(11) DEFAULT '1',
  PRIMARY KEY (`id`),
  KEY `consumer_detail_id` (`consumer_detail_id`),
  KEY `product_id` (`product_id`),
  CONSTRAINT `paygate_orders_ibfk_1` FOREIGN KEY (`consumer_detail_id`) REFERENCES `consumer_details` (`id`) ON UPDATE CASCADE,
  CONSTRAINT `paygate_orders_ibfk_2` FOREIGN KEY (`product_id`) REFERENCES `product` (`id`) ON UPDATE CASCADE
) ENGINE=InnoDB DEFAULT CHARSET=latin1;

--
-- Dumping data for table `paygate_orders`
--


--
-- Table structure for table `product`
--

CREATE TABLE `product` (
  `id` int(11) NOT NULL AUTO_INCREMENT,
  `name` varchar(32) NOT NULL,
  `imx_profile_name` varchar(50) DEFAULT NULL,
  `wmg_profile_id` int(11) DEFAULT NULL,
  `price` varchar(10) DEFAULT NULL,
  `category` varchar(128) NOT NULL,
  `imx_api_name` varchar(50) DEFAULT NULL,
  `imx_api_endpoint` varchar(10) NOT NULL DEFAULT 'pdf',
  `created_at` datetime DEFAULT NULL,
  `updated_at` timestamp NOT NULL DEFAULT CURRENT_TIMESTAMP ON UPDATE CURRENT_TIMESTAMP,
  `stock_quantity` int(11) NOT NULL,
  `field1` varchar(128) DEFAULT NULL,
  `description` varchar(128) DEFAULT NULL,
  `status` int(11) DEFAULT '0',
  `sku` varchar(50) DEFAULT NULL,
  PRIMARY KEY (`id`)
) ENGINE=InnoDB AUTO_INCREMENT=6 DEFAULT CHARSET=latin1;

--
-- Dumping data for table `product`
--

INSERT INTO `product` VALUES (1,'DISC-Plus','DISC-Plus',3,'249','Profiles','DISC|Values','raw','2018-12-19 18:02:00','2020-04-25 13:45:35',20,NULL,' Communication and Behavioural style report',1,NULL),(2,'Talent Profile','Insights',2,'349','Profiles','DISC|Values|AI','pdf','2019-05-26 14:00:00','2020-04-25 13:46:02',30,NULL,'Genius Talent Profile',1,'IMX-ADV-E'),(3,'Student Profile','DISC_Plus',3,'300','Profiles','DISC|Values','pdf','2020-04-15 00:00:00','2020-04-25 13:46:22',30,NULL,'Student DISC Plus',1,'IMX-DISCP-E'),(4,'DISC-Plus','DISC-Plus',3,'400','Profiles','DISC|Values','pdf','2020-04-25 13:10:26','2020-04-25 13:46:43',30,NULL,'DISC-Plus',1,'IMX-DISCP-E'),(5,'Attribute Index','AI',5,'400','Profiles','AI','pdf','2020-04-25 13:10:26','2020-04-25 13:47:08',30,NULL,'Attribute Index',1,'IMX-AI-E');

--
-- Table structure for table `profile`
--

CREATE TABLE `profile` (
  `user_id` int(11) NOT NULL,
  `name` varchar(255) COLLATE utf8_unicode_ci DEFAULT NULL,
  `public_email` varchar(255) COLLATE utf8_unicode_ci DEFAULT NULL,
  `gravatar_email` varchar(255) COLLATE utf8_unicode_ci DEFAULT NULL,
  `gravatar_id` varchar(32) COLLATE utf8_unicode_ci DEFAULT NULL,
  `location` varchar(255) COLLATE utf8_unicode_ci DEFAULT NULL,
  `website` varchar(255) COLLATE utf8_unicode_ci DEFAULT NULL,
  `timezone` varchar(40) COLLATE utf8_unicode_ci DEFAULT NULL,
  `bio` text COLLATE utf8_unicode_ci,
  PRIMARY KEY (`user_id`),
  CONSTRAINT `fk_profile_user` FOREIGN KEY (`user_id`) REFERENCES `user` (`id`) ON DELETE CASCADE
) ENGINE=InnoDB DEFAULT CHARSET=utf8 COLLATE=utf8_unicode_ci;

--
-- Dumping data for table `profile`
--

INSERT INTO `profile` VALUES (1,NULL,NULL,NULL,NULL,NULL,NULL,NULL,NULL);

--
-- Table structure for table `profile_link_batch`
--

CREATE TABLE `profile_link_batch` (
  `id` int(11) NOT NULL AUTO_INCREMENT,
  `name` varchar(32) NOT NULL,
  `batch_product_id` int(11) NOT NULL,
  `batch_stock_quantity` int(11) NOT NULL,
  `created_at` datetime DEFAULT NULL,
  `updated_at` timestamp NOT NULL DEFAULT CURRENT_TIMESTAMP ON UPDATE CURRENT_TIMESTAMP,
  `field1` varchar(128) DEFAULT NULL,
  `profile_link` text,
  PRIMARY KEY (`id`),
  KEY `batch_product_id` (`batch_product_id`),
  CONSTRAINT `profile_link_batch_ibfk_1` FOREIGN KEY (`batch_product_id`) REFERENCES `product` (`id`) ON UPDATE CASCADE
) ENGINE=InnoDB AUTO_INCREMENT=5 DEFAULT CHARSET=latin1;

--
-- Dumping data for table `profile_link_batch`
--

INSERT INTO `profile_link_batch` VALUES (1,'Twitter June batch 1',2,47,'2019-06-21 00:00:00','2020-04-17 14:50:42','','https://profiles.innermetrix.com/VO/6be334d5/en'),(2,'Twitter June Batch 2',2,45,'2019-06-28 12:28:05','2020-04-17 11:57:41','','https://profiles.innermetrix.com/VO/123617f1/en'),(3,'Twitter June Batch 3',2,46,'2019-06-28 12:29:45','2020-04-17 14:45:50','','https://profiles.innermetrix.com/VO/e47a0f52/en'),(4,'Magento DISCPlus batch 1',3,15,'2020-04-15 12:42:23','2020-05-06 08:59:17',NULL,'https://profiles.innermetrix.com/VO/0485a918/en');

--
-- Table structure for table `short_key`
--

CREATE TABLE `short_key` (
  `short_key` varchar(20) NOT NULL,
  `status` int(11) DEFAULT '0',
  PRIMARY KEY (`short_key`),
  KEY `status` (`status`)
) ENGINE=InnoDB DEFAULT CHARSET=latin1;

--
-- Dumping data for table `short_key`
--

INSERT INTO `short_key` VALUES ('2tpsMg',0),('2ur1Ns',0),('2ur2Rc',0),('2ur3Sj',0),('2us677',0),('2ut9Kt',0),('2utcTy',0),('2uufAt',0),('2uvlXs',0),('2uwpI5',0),('2v2dEj',0),('2vxtZ8',0),('2vxtZb',0),('2vyxIf',0),('2w2eHw',0),('2w3eGt',0),('2w3hTg',0),('2w5qZk',0),('2w6vL2',0),('2x6vLz',0),('2x85Qy',0),('2x85Sb',0),('2xbcH3',0),('2ydlM1',0),('2ydmSt',0),('2yesHs',0),('2yg2Nt',0),('2yh4Wy',0),('2yh53r',0),('2yh54s',0),('2yibN4',0),('2zkgD5',0),('2zkhHn',0),('2zkiMd',0),('31khGj',0),('31llWi',0),('31lm27',0),('31moB8',0),('31mqJ8',0),('31nsTj',0),('31nv8b',0),('31nwBg',0),('32rgMh',0),('32sjYz',0),('32tlCh',0),('32tpSk',0),('33vvIm',0),('33x6Qu',0),('341lM1',0),('344x5l',0),('353sHp',0),('3568F1',0),('358g8l',0),('359kS1',0),('36brNq',0),('36csQz',0),('36cw9c',0),('36e2W2',0),('36e33u',0),('37ggIz',0),('37hjYx',0),('37jqVx',0),('37kvGb',0),('37kxPh',0),('38na5m',0),('38ohX3',0),('3bv8Bg',0),('3bvdTs',0),('3bxkQr',0),('3bzqIx',0),('3bzv4o',0),('3c1w6w',0),('3c1zNy',0),('3c4e8t',0),('3c6kZ2',0),('3czsOq',0),('3czsOt',0),('3d6k2e',0),('3d7pLn',0),('3d8t3s',0),('3d8wKu',0),('3db4Hs',0),('3ec914',0),('3edcCd',0),('3eflIg',0),('3eflJk',0),('3efnRn',0),('3efoTv',0),('3egq3x',0),('3fhuOi',0),('3fmkPk',0),('3gleX9',0),('3gmkM6',0),('3hq3X5',0),('3htgJy',0),('3hthK6',0),('3hum82',0),('3hvoJb',0),('3hvpNs',0),('3i1c8y',0),('3i1fOx',0),('3i2gRa',0),('3iws1j',0),('3ixwG8',0),('3ixwIh',0),('3iy233',0),('3iz5Is',0),('3iz9Yt',0),('3izb4g',0),('3j1eJ9',0),('3j3nP9',0),('3j4r6c',0),('3j4r8k',0),('3j5uMa',0),('3j5vNf',0),('3j5vPm',0),('3k74Oq',0),('3k74Q2',0),('3k76Wu',0),('3k8aEs',0),('3k9dPa',0),('3kclSw',0),('3kdsNl',0),('3kev16',0),('3lcnZs',0),('3levZ4',0),('3lew4m',0),('3leyDl',0),('3lf3X7',0),('3lhcXf',0),('3lie7m',0),('3mhbSt',0),('3mkn95',0),('3mknDj',0),('3mkoI4',0),('3mmwIj',0),('3mmxLv',0),('3nn4Cz',0),('3nqj3n',0),('3nrkAe',0),('3ouxXk',0),('3ouyZv',0),('3ouz7q',0),('3ov1C7',0),('3ov3Mi',0),('3p1rFk',0),('3pzmRt',0),('3pznWg',0),('3pznYm',0),('3q8nBa',0),('3r8n7u',0),('3rbvCo',0),('3rd6Ir',0),('3rd7Ok',0),('3sd4Bu',0),('3seb1y',0),('3seb25',0),('3sedCd',0),('3sfdCb',0),('3sfgOs',0),('3sivLy',0),('3tl5S6',0),('3tl6Ui',0),('3upnXg',0),('3uquTc',0),('3urx4k',0),('3vs4Vv',0),('3vs52k',0),('3vuf6f',0),('3vugBy',0),('3vvf8l',0),('3vvhFf',0),('3vwoCb',0),('3w3fKb',0),('3wyu2i',0),('3wz1Uw',0),('3wzyN1',0),('3x4iWr',0),('3x6s8h',0),('3x6vKv',0),('3x7xQo',0),('3x7z1x',0),('3ybbCi',0),('3yciBo',0),('3zgw15',0),('3zjf6c',0),('41gwWj',0),('41i4Vs',0),('41i64u',0),('41kg6e',0),('41khE7',0),('42llWg',0),('42mn4e',0),('42mqGt',0),('42ntY3',0),('42ow9b',0),('42p3Zg',0),('43sgLe',0),('43tl6x',0),('43tl97',0),('43tnFx',0),('441j8e',0),('442mM1',0),('44wzXi',0),('44zeLi',0),('453p1r',0),('454vU9',0),('455y7v',0),('4664R8',0),('4678Bk',0),('47gaSu',0),('47gbV8',0),('48kt8c',0),('49n915',0),('4aroXc',0),('4arpXc',0),('4bsuMb',0),('4bvcMx',0),('4c1tVl',0),('4c2yH3',0),('4c3451',0),('4cyo5i',0),('4d2zLp',0),('4d5gGo',0),('4d5gJy',0),('4e7m7x',0),('4eb38p',0),('4ec8Wl',0),('4ed9Z1',0),('4eddDk',0),('4eefOu',0),('4fgmLs',0),('4fhtGi',0),('4fixWj',0),('4giy39',0),('4gj2Gr',0),('4glf1k',0),('4gmjHj',0),('4gmkM3',0),('4gnlQo',0),('4gnnZt',0),('4gno5e',0),('4gopB1',0),('4hqyEs',0),('4hs7Hf',0),('4is9M3',0),('4itgFi',0),('4iwsX2',0),('4ixyO8',0),('4j1dCc',0),('4j2gR6',0),('4jwsZc',0),('4jxvBm',0),('4jz39r',0),('4jz5Gl',0),('4k7z7o',0),('4k872g',0),('4lcmTy',0),('4lcnZq',0),('4mevXu',0),('4mg54t',0),('4mg54w',0),('4mh8Hd',0),('4njiL7',0),('4nn1W8',0),('4np8T5',0),('4opc6l',0),('4osmH6',0),('4pw6Tf',0),('4pw71a',0),('4pw7Yz',0),('4pxaBe',0),('4pxbG2',0),('4pxcLo',0),('4q1oZr',0),('4q42Q8',0),('4r44Ww',0),('4r6dXg',0),('4r7fAs',0),('4r8m3b',0),('4sc1Uv',0),('4scxJi',0),('4sd22u',0),('4sd4C1',0),('4sfgOs',0),('4thmG2',0),('4tjvJq',0),('4tl4Mi',0),('4um82b',0),('4upoZp',0),('4upq8o',0),('4uqsK5',0),('4vpnSu',0),('4vqsK3',0),('4vrzGx',0),('4vs4X1',0),('4vt5Y8',0),('4vvhFd',0),('4vviK1',0),('4wve3z',0),('4wvhFc',0),('4wwjPo',0),('4wwlVe',0),('4wxo8x',0),('4wzzP9',0),('4x2bZw',0),('4x6s3u',0),('4y6rYa',0),('4y7vJs',0),('4yb95q',0),('4ybbCg',0),('4zceP5',0),('4zenSq',0),('4zh1Jc',0),('51gtL4',0),('51guOk',0),('51guQr',0),('51gvVf',0),('51i61g',0),('51i65u',0),('52kbMu',0),('52kg6b',0),('52lg6e',0),('52liIo',0),('52lkQq',0),('53pyG2',0),('53q6Cw',0),('53q7Hk',0),('53rbVc',0),('54umBb',0),('54uoIa',0),('54upQb',0),('54uqRf',0),('54wxQl',0),('551fOu',0),('553mN3',0),('55x28r',0),('55y8Wn',0),('564uNd',0),('57f43v',0),('58f2Tq',0),('58iiS5',0),('58jk16',0),('58jm81',0),('59lvE2',0),('5an4Gl',0),('5an4Gm',0),('5bpeJ8',0),('5bsr7j',0),('5bssFc',0),('5bsuK1',0),('5btwUb',0),('5bu1Cb',0),('5bu4R7',0),('5cu5Ti',0),('5cwdRi',0),('5cxg3u',0),('5cxiFb',0),('5d1sOo',0),('5d1tQy',0),('5d1w4o',0),('5d2xDl',0),('5d5cWf',0),('5d5gFh',0),('5dyjIm',0),('5e5cWb',0),('5e6kZ1',0),('5e7l3g',0),('5e8qNu',0),('5e9uBl',0),('5fc4Cz',0),('5fc4Ec',0),('5ffk9e',0),('5ggoSp',0),('5ghr56',0),('5gjz4f',0),('5gk3Lc',0),('5gk6Y1',0),('5gl9Bi',0),('5hlcIb',0),('5hmeUs',0),('5hmfX8',0),('5hmh68',0),('5hop8s',0),('5hopAx',0),('5hq1Mq',0),('5ir3W2',0),('5ir552',0),('5ir57b',0),('5it9Ly',0),('5iuhK5',0),('5iuiOn',0),('5jvnCg',0),('5jxvCo',0),('5k2eJ6',0),('5k2gPz',0),('5k5tD1',0),('5ky1W8',0),('5l5r4z',0),('5l6wPk',0),('5l7yZt',0),('5lbh65',0),('5mbfTp',0),('5mciBo',0),('5mciCt',0),('5mdoZp',0),('5mdp8q',0),('5mdq9t',0),('5mesLc',0),('5mfw3h',0),('5mg1Mr',0),('5mg3Vv',0),('5nfw4j',0),('5nh7Ex',0),('5niaM2',0),('5njhIu',0),('5nkm3d',0),('5nlnA6',0),('5onxId',0),('5onzSq',0),('5op7Ma',0),('5prhQ2',0),('5pslCl',0),('5ptoMv',0),('5puuIn',0),('5pw3J2',0),('5q2tMg',0),('5qyfX3',0),('5qygZh',0),('5qzjF6',0),('5r1lM1',0),('5r1mPf',0),('5r2q8r',0),('5r54Uq',0),('5s69Jl',0),('5s8kSz',0),('5s8kT6',0),('5s8lZv',0),('5saqJa',0),('5sarNr',0),('5td2Yd',0),('5te7Nc',0),('5tfb1z',0),('5thk3j',0),('5tjt9l',0),('5ujuDz',0),('5uk14c',0),('5ul3Fj',0),('5ul4Me',0),('5um6Tc',0),('5undKi',0),('5vpmPe',0),('5vqsFi',0),('5vruPr',0),('5wuaKn',0),('5wubMx',0),('5wvgBv',0),('5xxmZu',0),('5xzyIb',0),('5y4eDe',0),('5z7uCs',0),('5z8vIk',0),('5z92By',0),('5zb8Xt',0),('5zdh2l',0),('61a3By',0),('61b3C3',0),('61b6Pp',0),('61fp1s',0),('62guMd',0),('62hvQs',0),('62i3Py',0),('62ljKx',0),('63k9Ev',0),('63kdRk',0),('63nqGp',0),('63osPx',0),('63pyG1',0),('64q455',0),('64r7Gd',0),('65vqRe',0),('65xzU1',0),('65z7Vg',0),('662i4r',0),('664r57',0),('665y5h',0),('6662Kb',0),('676y4c',0),('67ag3u',0),('67ahAp',0),('68ew71',0),('68ezLm',0),('68f2Qb',0),('68g9Oe',0),('69iiOo',0),('69jl4l',0),('6ajjTb',0),('6als1f',0),('6bmzV3',0),('6bob6p',0),('6bpdGs',0),('6bpgP1',0),('6brlF1',0),('6crnPc',0),('6cuy4f',0),('6cv71b',0),('6d2x83',0),('6dxdP9',0),('6dxeSk',0),('6dxh67',0),('6dyjIo',0),('6dykLz',0),('6e32Q7',0),('6e5bPg',0),('6f7jUb',0),('6f7kXp',0),('6f7kYt',0),('6f9sY7',0),('6fbxLs',0),('6fc5It',0),('6gc38n',0),('6ggj4q',0),('6hhqYd',0),('6hjz7o',0),('6hnh8f',0),('6imdO1',0),('6iniCs',0),('6ipp7l',0),('6is41j',0),('6it8Kq',0),('6jqx5q',0),('6js53p',0),('6jt9Ks',0),('6jvkUc',0),('6jwn7v',0),('6jywHc',0),('6k19Vc',0),('6kxqLj',0),('6kyxIf',0),('6kz36d',0),('6l3fKb',0),('6l6wPk',0),('6l83Gp',0),('6m7yWg',0),('6m84J4',0),('6m96S6',0),('6mbdLl',0),('6mesL8',0),('6ojgE9',0),('6okiJx',0),('6onu4s',0),('6onyMx',0),('6oo1W4',0),('6po1Tr',0),('6psmEt',0),('6ptnLq',0),('6qrhPv',0),('6qw3Fj',0),('6rzh3o',0),('6s3vVi',0),('6s54Vr',0),('6s7bMy',0),('6s7cPd',0),('6s7cPe',0),('6sapGr',0),('6tcxF2',0),('6te6Fa',0),('6ufaU5',0),('6ufc4b',0),('6uhhNm',0),('6uinH4',0),('6uinH6',0),('6uinJd',0),('6ujs54',0),('6ukxSu',0),('6vlz1t',0),('6vlz21',0),('6voeP3',0),('6vofQ8',0),('6vpkG9',0),('6woh3p',0),('6wt3Py',0),('6wu5Zb',0),('6xu5Xz',0),('6xwg8m',0),('6xzv5t',0),('6y25Bp',0),('6y25Cw',0),('6y27Hk',0),('6y37Kt',0),('6yyqGt',0),('6yzw86',0),('6z5k2b',0),('6z6oI9',0),('6z7t65',0),('717nEn',0),('718uCt',0),('71b5Jy',0),('72eh1d',0),('72ehX1',0),('72fkCq',0),('72flHe',0),('72gsFc',0),('72hvPl',0),('73ixXl',0),('73kaG6',0),('73lcKo',0),('73mkNb',0),('74pw6u',0),('74saQk',0),('75ukYv',0),('75wrVs',0),('761b7u',0),('762i1g',0),('762i2h',0),('76y25d',0),('76y5Is',0),('76z4Fh',0),('76z7S1',0),('76z8Wm',0),('772eKc',0),('774pUz',0),('774pXe',0),('775uJt',0),('776y11',0),('7773Mj',0),('7875Ul',0),('78cmWf',0),('79evXt',0),('7af1O1',0),('7ag67b',0),('7ajm6t',0),('7bjiPq',0),('7bkoEo',0),('7bkqOv',0),('7blrTi',0),('7blsY6',0),('7blsZc',0),('7bmvDt',0),('7bo5Jv',0),('7cn232',0),('7co5Fd',0),('7crk87',0),('7dts8i',0),('7dv4Le',0),('7dw718',0),('7dyg4y',0),('7e2tQv',0),('7e31Lk',0),('7e3zJd',0),('7ezlQm',0),('7ezo2y',0),('7f31Je',0),('7f47Cp',0),('7f57Ey',0),('7f6gD7',0),('7f8oCg',0),('7g9rTj',0),('7gbu4t',0),('7gc1Uy',0),('7gc38n',0),('7gfiWu',0),('7hfc7s',0),('7hhqYe',0),('7hiuIn',0),('7hjxWg',0),('7ik1B3',0),('7ikz23',0),('7il7Yz',0),('7il96v',0),('7infUt',0),('7infW2',0),('7jpo1t',0),('7jqsIu',0),('7jqtOm',0),('7jqvXs',0),('7js3Q8',0),('7js53q',0),('7jt8Ga',0),('7kz1W8',0),('7l3c6m',0),('7l3dAz',0),('7l5oNz',0),('7m3gLe',0),('7m6tBs',0),('7n95Mh',0),('7na7Xv',0),('7nba7y',0),('7ncgZg',0),('7nch4w',0),('7ndi9i',0),('7neoYj',0),('7nfvUe',0),('7ogvS4',0),('7ogyB9',0),('7oh4X1',0),('7oi4Xz',0),('7oi7Ag',0),('7ojbPb',0),('7ojcRj',0),('7ojf46',0),('7pkhFc',0),('7pmn6o',0),('7po1Rj',0),('7poyMu',0),('7qq6In',0),('7qqb1w',0),('7qrgLc',0),('7qsjYz',0),('7qus3t',0),('7qut7d',0),('7r1mN7',0),('7rvuCv',0),('7rvwL1',0),('7rx4Hq',0),('7rx4Ht',0),('7rya6r',0),('7ryb7y',0),('7rybA7',0),('7rzh2n',0),('7s3uPn',0),('7s4x4f',0),('7s4y5k',0),('7s65Y5',0),('7t64Vq',0),('7t661f',0),('7t7cQi',0),('7t8dUz',0),('7tcv5u',0),('7ucrNo',0),('7ucsQ2',0),('7udzNy',0),('7udzO3',0),('7ue2V1',0),('7uhgIx',0),('7vjqSj',0),('7vkvG9',0),('7vkwJr',0),('7vl12z',0),('7vlzYj',0),('7wlzXi',0),('7wm3C4',0),('7wn7Wn',0),('7wn8Yu',0),('7wphZd',0),('7wrrBv',0),('7xqnRk',0),('7xqnSq',0),('7xqoUy',0),('7xt2Hy',0),('7xu63o',0),('7xu6Za',0),('7y21Qa',0),('7ywf4z',0),('7ywfZl',0),('7yxkNe',0),('7z35Am',0),('7z4eB1',0),('7z5hNl',0),('8133W3',0),('8148Il',0),('829u63',0),('82c6Oj',0),('82d8Wk',0),('82dcA4',0),('82egSf',0),('82fnMz',0),('83goV2',0),('83htIr',0),('83iwT4',0),('83ixYs',0),('83k75v',0),('84nkKt',0),('85q1P5',0),('85qx7z',0),('85r3Vx',0),('85s7Gd',0),('86s9Mz',0),('86te7n',0),('86tfBw',0),('86wrUo',0),('86xxLv',0),('8717Sy',0),('872dCa',0),('875sCv',0),('87z5Ho',0),('87z5Ju',0),('885tFd',0),('887z6j',0),('89bfZg',0),('89ckJs',0),('89drIx',0),('8aetR3',0),('8aevWo',0),('8afw5o',0),('8bicXe',0),('8bif9r',0),('8bjhJy',0),('8bjhK3',0),('8bkm6r',0),('8ckl12',0),('8clrSh',0),('8cn1Yg',0),('8cn2Zl',0),('8co4D5',0),('8cp7Oh',0),('8cpc6o',0),('8cpc6p',0),('8cqfLf',0),('8dpb37',0),('8driVp',0),('8drj2h',0),('8dsnMw',0),('8exaCh',0),('8eyg3t',0),('8f1nWe',0),('8f2uT9',0),('8f2vVi',0),('8f3wZ3',0),('8f42Nu',0),('8fzkIj',0),('8g565z',0),('8g7iK1',0),('8g8kSz',0),('8gcxG6',0),('8haqKe',0),('8hbrQ5',0),('8hc1Ux',0),('8hczQf',0),('8hczQg',0),('8heaWj',0),('8hffLd',0),('8hgiVp',0),('8ihpRh',0),('8ijt9l',0),('8ijtDx',0),('8ijuE4',0),('8ijvKw',0),('8ik18t',0),('8imbBd',0),('8jl2Dc',0),('8jm95p',0),('8jma81',0),('8joh4w',0),('8jpnTv',0),('8jpnTx',0),('8ks2Mm',0),('8kt675',0),('8kucQf',0),('8kucRk',0),('8l12W5',0),('8l14Ao',0),('8lxqMk',0),('8lyv9c',0),('8m2aU8',0),('8m5nG2',0),('8mzzNz',0),('8n6oNv',0),('8n8z1x',0),('8n94L8',0),('8na5Nl',0),('8na6Ta',0),('8oceQ6',0),('8odi8d',0),('8odjCr',0),('8ofpZp',0),('8ofrC3',0),('8oh2Nr',0),('8ph3Ox',0),('8pi4Se',0),('8pjaJk',0),('8pkdSp',0),('8pmo7r',0),('8pntVp',0),('8qnsQ2',0),('8qnuZ7',0),('8qp1Ut',0),('8qp2Vx',0),('8qp2W2',0),('8qp48j',0),('8rupNx',0),('8ruqSk',0),('8rurY8',0),('8rvs4y',0),('8rwz1t',0),('8s4tL6',0),('8svuCt',0),('8szbB9',0),('8szeNs',0),('8t4vRv',0),('8t4vSz',0),('8t4xZv',0),('8t78Eu',0),('8u8g58',0),('8u9h9n',0),('8udv4n',0),('8vgbU6',0),('8vhhMe',0),('8vjqRd',0),('8wlzZp',0),('8wn8Zy',0),('8xm39r',0),('8xn6Pq',0),('8yu4Sa',0),('8yu4Tg',0),('8yxg56',0),('8yxhAp',0),('8yxiF8',0),('8z1w72',0),('8z49Pg',0),('912x98',0),('9148Lw',0),('915fBy',0),('916gFi',0),('92d8Ub',0),('94meRg',0),('94meVx',0),('95opBz',0),('95prJ1',0),('973hTg',0),('983j5v',0),('9adp6j',0),('9clpHx',0),('9clqLh',0),('9cnwEy',0),('9do4Ar',0),('9dp6Kz',0),('9dsmG4',0),('9f1lLw',0),('9g42Nr',0),('9g4zFs',0),('9g8iIs',0),('9hcwEt',0),('9jm83i',0),('9jmbCf',0),('9jndKi',0),('9kqp45',0),('9kt5Y6',0),('9lu9Ig',0),('9m25Bt',0),('9n4fFm',0),('9n6nH4',0),('9ocdGy',0),('9pgtL6',0),('9pgwVi',0),('9pi2Mk',0),('9qliGg',0),('9qmmXl',0),('9rq32r',0),('9svuCr',0),('9swwJm',0),('9t1eMo',0),('9t2lJm',0),('9t4vRw',0),('9u63Pw',0),('9u9g57',0),('9uaiHl',0),('9uajKw',0),('9vdsQ2',0),('9vexCl',0),('9vg7Hi',0),('9vg8Lz',0),('9vg9Ph',0),('9wihK7',0),('9xpgTj',0),('9yqmIg',0),('9yrnN3',0),('9ysq2v',0),('9z1tR4',0),('9z1w5q',0),('a11v2c',0),('a248Jo',0),('a25e8n',0),('a26iOl',0),('a26jS6',0),('a2av9g',0),('a3bwG7',0),('a3glDs',0),('a4k6Vl',0),('a5omSt',0),('a7viOj',0),('a7vm4k',0),('a7vm6r',0),('a7wn7u',0),('a7xsVt',0),('a7xt1d',0),('a818Ub',0),('a83j1b',0),('a85qX7',0),('a971Az',0),('aberHq',0),('abg1Lj',0),('abg2Oy',0),('abg2Q7',0),('abgzGv',0),('ach663',0),('acmqNp',0),('adloFp',0),('ado47g',0),('aesmDo',0),('af2sHr',0),('afx96u',0),('afyfTo',0),('afzgX6',0),('afzh51',0),('ag41H3',0),('ag67Cn',0),('ahaoDh',0),('ahcxG3',0),('ajipSm',0),('ajkvJp',0),('ajl4K6',0),('akoi5z',0),('akqqAt',0),('alwg9o',0),('am246b',0),('amyrNn',0),('amyrOu',0),('an4eB3',0),('an4fFn',0),('ao9z1t',0),('aob5Om',0),('aob7Wm',0),('aob8Z2',0),('apdh1h',0),('aphy6o',0),('arsgIv',0),('astiPu',0),('asumBe',0),('aswxPd',0),('at1hZ8',0),('at2j75',0),('atx27l',0),('atzb6p',0),('au8dRi',0),('awg8L1',0),('awjnDl',0),('axkqRd',0),('axkrVs',0),('axkrWx',0),('axksX3',0),('axksZd',0),('axn4D6',0),('ayqj5u',0),('ayrpV2',0),('aysq3y',0),('aytuL3',0),('aytvQs',0),('aztxYs',0),('azu3Lg',0),('azylQp',0),('b11rHs',0),('b12x7y',0),('b1xeRf',0),('b1yiDz',0),('b1zmVb',0),('b24551',0),('b247F3',0),('b27jRx',0),('b38oDh',0),('b3byPc',0),('b3c5Fg',0),('b3c5Gj',0),('b3ec7s',0),('b4e9Xm',0),('b4fgQ4',0),('b4hoRg',0),('b4j2Dc',0),('b5jwOh',0),('b5jxVc',0),('b5jz4a',0),('b5k5Qy',0),('b5mdOy',0),('b5meSl',0),('b5mfX5',0),('b5onYo',0),('b6nh3u',0),('b6olOb',0),('b6onZo',0),('b6prGm',0),('b6qx96',0),('b6ryEr',0),('b6s7Cq',0),('b6t9Kr',0),('b7ue44',0),('b7ue57',0),('b7uf9s',0),('b7vkT7',0),('b7vkWm',0),('b7vlZ1',0),('b7yv8b',0),('b828T4',0),('b83hVn',0),('b93eGq',0),('b96tBr',0),('ba82Eg',0),('bba85o',0),('bbaa97',0),('bbdkIk',0),('bbep6j',0),('bch2Mm',0),('bch4Wx',0),('bch65z',0),('bdjdW7',0),('bdlm13',0),('bdmrR8',0),('bep5Cx',0),('beqc4d',0),('betmCl',0),('beus7f',0),('bfvwM6',0),('bfya7x',0),('bg1jEy',0),('bg1kIj',0),('bg2oZn',0),('bg4wXp',0),('bh3uOj',0),('bh54Tk',0),('bh552i',0),('bh9lXm',0),('bictWt',0),('bicuZa',0),('bicv86',0),('bicxDs',0),('bid1Rj',0),('bidyLr',0),('bie5Ao',0),('bigeB4',0),('bjfcZt',0),('bjgeB3',0),('bjggLd',0),('bjinGz',0),('bjjuE1',0),('bjkuE3',0),('bjl2B2',0),('bklyTy',0),('bkm4It',0),('bkm7Ug',0),('bkn829',0),('bkoeLm',0),('bkplKr',0),('blpjBn',0),('blrrBx',0),('blsy8z',0),('blvbMy',0),('blvdV3',0),('bmvcRi',0),('bmwhCw',0),('bmxlWj',0),('bn1xG2',0),('bn23Ye',0),('bn258g',0),('bn26F7',0),('bo7s4v',0),('boa27n',0),('bob4Iv',0),('bpb26g',0),('bpejBm',0),('bpfnOa',0),('bphvQq',0),('bqhwVg',0),('bqhy4h',0),('bqj5Vr',0),('bqj6Z7',0),('bqj886',0),('bqk9Dq',0),('bqkbJg',0),('bqkcPa',0),('bqkdTr',0),('bqkeV1',0),('brnqFm',0),('brq2Uu',0),('brr9Qm',0),('bsqzMs',0),('bssd2y',0),('bstiS4',0),('bstjWn',0),('bsum7x',0),('bsunEo',0),('bt2hY4',0),('bty4Hm',0),('bu2gTi',0),('bu3lIg',0),('bu3nQh',0),('bu4r8n',0),('bu4tHl',0),('bu5tIr',0),('bu61Fo',0),('bu6y11',0),('bu6y3c',0),('bu75Xv',0),('bu762g',0),('bv73Le',0),('bv75Th',0),('bvbkPk',0),('bvblQp',0),('bvdqHs',0),('bwevYy',0),('bwhbRo',0),('bxh9N5',0),('bxjjS6',0),('bxlu65',0),('bypeHy',0),('byspXb',0),('bzrmKl',0),('bztuHm',0),('bzw72d',0),('bzwbFv',0),('c1w5Te',0),('c1w71b',0),('c1xbG1',0),('c1yiAm',0),('c1zmU4',0),('c22w5n',0),('c2454v',0),('c2zlQk',0),('c2zmRo',0),('c36dZo',0),('c36gC3',0),('c37hGm',0),('c38oCd',0),('c39qMl',0),('c4cyPa',0),('c4d5D4',0),('c4fdA1',0),('c4ffLg',0),('c5fc5i',0),('c5ghTg',0),('c5gk9b',0),('c5hlDp',0),('c5jyYm',0),('c5jyYp',0),('c5l7Z5',0),('c6kz1v',0),('c6mdKj',0),('c6omTx',0),('c6po32',0),('c7poYn',0),('c7r1H4',0),('c7rw15',0),('c7rwYv',0),('c7s2Mo',0),('c8udW8',0),('c8ue1q',0),('c8wm26',0),('c8wm27',0),('c8xrQ1',0),('c929Vc',0),('ca3c24',0),('ca3c5i',0),('ca3fK7',0),('ca4hR6',0),('ca5oNz',0),('ca5oO1',0),('cb5lBg',0),('cb814a',0),('cbbbEp',0),('cca6Td',0),('ccb83g',0),('ccceNs',0),('cdh1J9',0),('cdi51e',0),('cdj8Ey',0),('cdjbN1',0),('cdkf6f',0),('cdkf7h',0),('cellT7',0),('cemo7t',0),('cenu2i',0),('ceq7Kv',0),('cfq8Qo',0),('cftnH5',0),('cfvuCt',0),('cg2p31',0),('cgw16h',0),('cgwxQm',0),('cgy8Yx',0),('cgya6r',0),('cgyb82',0),('ch1i65',0),('ch4y5n',0),('ch651c',0),('ch68Bl',0),('ch79G6',0),('ci663o',0),('ci9kPm',0),('cialSz',0),('cibmZw',0),('cicrLe',0),('cjcsOs',0),('cjdv3l',0),('cjdxEt',0),('cje1Sm',0),('cjfbVa',0),('cjil6t',0),('ckimCi',0),('ckinFv',0),('cln7Uf',0),('cln8Yu',0),('clpj77',0),('clrq6c',0),('cmsxZy',0),('cmvbMx',0),('cmweUx',0),('cmwf4z',0),('cn36Dy',0),('cnyn38',0),('cnyqGs',0),('cnyqI1',0),('cnzsQ1',0),('co38M4',0),('co48N8',0),('co4bVc',0),('co7pOz',0),('cp8t4t',0),('cpa11u',0),('cpddFp',0),('cqdb7v',0),('cqdfNr',0),('cqdfOt',0),('cqegVr',0),('cqgpXc',0),('cqi2Hy',0),('cqi3Kd',0),('cqj5Uk',0),('crizA2',0),('crj3Lg',0),('crkbId',0),('crlcO3',0),('crno6j',0),('csorJ3',0),('ctr6Dv',0),('ctte8r',0),('ctxxKs',0),('ctxxOb',0),('cuz7Po',0),('cv4pXa',0),('cv6xWj',0),('cv72I2',0),('cv76Xv',0),('cv86Z6',0),('cw899a',0),('cw9bFv',0),('cwdp6h',0),('cwdsMf',0),('cxew3i',0),('cxfzKg',0),('cxg2Rc',0),('cxg8Hg',0),('cxh7Gb',0),('cxie7k',0),('cykoI3',0),('cymxLv',0),('cyo6L4',0),('czqfMm',0),('czqgOt',0),('czrk74',0),('czrlCn',0),('czrmJk',0),('czsoQd',0),('czspW5',0),('cztuHl',0),('d1ttD2',0),('d21nU5',0),('d21o34',0),('d2x86t',0),('d2ydLn',0),('d2yh3s',0),('d2yi8h',0),('d36bPe',0),('d458Dv',0),('d46aLu',0),('d48jPn',0),('d49n8y',0),('d4bsVq',0),('d4d36a',0),('d5e7Oi',0),('d5feDb',0),('d5gfLd',0),('d5ggPu',0),('d6jtCs',0),('d6k18t',0),('d7m83g',0),('d7ojE1',0),('d7olM2',0),('d7plMy',0),('d7pmQk',0),('d7pnV5',0),('d7qsGm',0),('d7qsIu',0),('d8rvVh',0),('d8s2Pz',0),('d8ve2v',0),('d91357',0),('d9zwDo',0),('da2aVc',0),('db25Dy',0),('db6oLm',0),('dca5L8',0),('dcba6v',0),('ddfp3z',0),('ddgtL6',0),('ddgwXo',0),('ddjaHd',0),('dekhE8',0),('deliIq',0),('demqGt',0),('dfp32p',0),('dfq6Fc',0),('dftl5q',0),('dgtjVm',0),('dgvuBm',0),('dgx4Fk',0),('dgy7Wm',0),('dh1jBm',0),('dh2lGa',0),('dh2nQg',0),('dh4wWi',0),('dhzcDj',0),('di4wVh',0),('di8eYh',0),('djcpCb',0),('djeyI9',0),('dkil5r',0),('dlikXt',0),('dllxOb',0),('dmqi1g',0),('dmrp1r',0),('dmrr8o',0),('dmssBu',0),('dmtz8v',0),('dnsuM9',0),('dntx1z',0),('dnu1El',0),('dnwdRg',0),('do21Re',0),('dp7m6q',0),('dp7m83',0),('dp7m96',0),('dpaxO8',0),('dqawJm',0),('dqaxKq',0),('dqc6Ne',0),('dqddGt',0),('drixWi',0),('dsoqEe',0),('dsorHu',0),('dsqyFu',0),('dtqxAa',0),('dtr3Tn',0),('dts8Lx',0),('dtul28',0),('duujS3',0),('dv18U9',0),('dv19Xo',0),('dv2gQ2',0),('dv3lEt',0),('dv4mG4',0),('dv5r55',0),('dv6wSz',0),('dv6wU6',0),('dw6vM5',0),('dw6xXj',0),('dxfx7x',0),('dxfx7z',0),('dxfyCi',0),('dxg1Nt',0),('dxg4X2',0),('dxh7Dx',0),('dyh7Cp',0),('dyidWc',0),('dyjiOl',0),('dykkUe',0),('dzp8Rt',0),('dzp8Rw',0),('dzriY1',0),('e1o354',0),('e1ozRj',0),('e1smIc',0),('e1snKl',0),('e2sjY2',0),('e2toLq',0),('e2yfW1',0),('e31kJo',0),('e32rD7',0),('e452Ll',0),('e5btZ8',0),('e5cu2f',0),('e5dzN2',0),('e5dzQf',0),('e5e455',0),('e5f9Sx',0),('e6e6Gd',0),('e6f9Sy',0),('e6fd7p',0),('e6inJh',0),('e7l3Db',0),('e7m6R2',0),('e7neNw',0),('e7pmQi',0),('e7poXh',0),('e8oh2l',0),('e8qp1t',0),('e8qp2w',0),('e8rtL7',0),('e9vcQe',0),('e9vgBu',0),('eb232o',0),('eb26Hj',0),('eb4eB1',0),('eb4hQx',0),('ec6pP4',0),('ec6qRg',0),('ec7s3u',0),('edb4Hq',0),('edcbCg',0),('edceMn',0),('edekDs',0),('edfnTt',0),('edfoU2',0),('eeelIi',0),('eei5Un',0),('eej63n',0),('eej78b',0),('eekeV3',0),('efljNc',0),('efosR5',0),('efotTg',0),('efouZ6',0),('efq59l',0),('egq5Ct',0),('egq7Hh',0),('egr7Ik',0),('egsgGp',0),('egthMg',0),('ehxzXi',0),('ehy39t',0),('ehz8Wm',0),('ei1gSd',0),('ei2kCp',0),('ei3p2t',0),('eiz8Yv',0),('ej75Vq',0),('ej774o',0),('ekcrI1',0),('ekduUj',0),('ekf41l',0),('ekhd47',0),('elihOm',0),('ellu8e',0),('eln5Hq',0),('emm246',0),('emn5L7',0),('emn6M9',0),('emn7Qt',0),('emoa29',0),('emob5j',0),('emoc7u',0),('enpfMn',0),('ensqZm',0),('entxYp',0),('enu3Lg',0),('enuz7s',0),('env6Yz',0),('eow9Bf',0),('eoxfYe',0),('eoylPl',0),('ep47F5',0),('ep5cWb',0),('ep7nCh',0),('eq7jS5',0),('eq7jS6',0),('eq7kVh',0),('eq8pLj',0),('eq9sWw',0),('eqavEz',0),('eqc39p',0),('erfiXz',0),('erglEt',0),('ergpX9',0),('erhq1o',0),('eshsBu',0),('esj2De',0),('etmdO1',0),('etqv15',0),('etrzJf',0),('eutbRo',0),('euvl14',0),('euwrSe',0),('euxu5w',0),('ev17Og',0),('ev3hSc',0),('evy1Yf',0),('evz345',0),('ew2b24',0),('ew3jZ9',0),('ew6tBt',0),('ew7yZt',0),('exbdNy',0),('exbdOz',0),('exbg1k',0),('exch3u',0),('exdo21',0),('eydo21',0),('eygzH2',0),('ezicRm',0),('ezjf7j',0),('ezkjQs',0),('ezkjRw',0),('ezklYs',0),('f1ljPo',0),('f1loB5',0),('f1nv75',0),('f1nwCk',0),('f1qbXk',0),('f1qbZt',0),('f2qc38',0),('f2sk71',0),('f2uuHh',0),('f3vyV7',0),('f3w2Db',0),('f3x4Ix',0),('f3x5Mf',0),('f43rEb',0),('f43sGk',0),('f43uNh',0),('f43uRy',0),('f5664r',0),('f568Fz',0),('f59jNc',0),('f59mYr',0),('f5aoB8',0),('f6brMj',0),('f6brPu',0),('f6dxFw',0),('f6dzQc',0),('f6e1Tp',0),('f6ge9w',0),('f7js4w',0),('f7kxQj',0),('f8l26j',0),('f8lzXh',0),('f8ncDl',0),('f8oeMn',0),('f8ofQ8',0),('f8qnPf',0),('f9qp1p',0),('f9rq6d',0),('f9rtIt',0),('fat1Fo',0),('fat4Q6',0),('fatzB8',0),('faveXb',0),('fbwf3y',0),('fbxlT3',0),('fbyqHx',0),('fbyrNo',0),('fbzsQz',0),('fc38Kx',0),('fc4d6h',0),('fc5hPu',0),('fc6kZ4',0),('fc6l5n',0),('fc7qTl',0),('fd7qTl',0),('fd7rVx',0),('fd8t64',0),('fdb5Jz',0),('fdcb6r',0),('fedcB8',0),('fedgTk',0),('feei2k',0),('fegsD5',0),('fehwUc',0),('ffj61b',0),('ffj761',0),('ffk9Ds',0),('ffkbJh',0),('ffmjL3',0),('fgotUk',0),('fgouZ6',0),('fgpxBf',0),('fgpyI8',0),('fgq2Sj',0),('fgq42o',0),('fgr8N9',0),('fhr8Lw',0),('fhseAv',0),('fhujWn',0),('fhvoJa',0),('fhws2l',0),('fhxzYh',0),('fi1cCd',0),('fi2j5x',0),('fizb8y',0),('fj4pYg',0),('fj4sAp',0),('fj5x1z',0),('fj62Gt',0),('fj74Px',0),('fj76Xy',0),('fk73Lf',0),('fk761c',0),('fk76Z8',0),('fk885t',0),('fk9dP8',0),('fk9dSk',0),('fkbkM7',0),('fkclQn',0),('fkcnZr',0),('fleuVk',0),('fleuVm',0),('flexBb',0),('flf2Qc',0),('flf3W1',0),('flg7F7',0),('flh8Hi',0),('fmjiPq',0),('fmjkVi',0),('fmkpMq',0),('fnpb28',0),('fnpfNq',0),('fotvOg',0),('fov5R7',0),('fow887',0),('foxdP5',0),('foxfW4',0),('fp1tQy',0),('fp441i',0),('fp4567',0),('fq33Sj',0),('fq6hHq',0),('fq7jQv',0),('frbxMy',0),('frd7Qt',0),('freb5j',0),('fsgj4p',0),('fshoP8',0),('fsir3x',0),('fsjy1y',0),('ftk5R4',0),('ftmdNv',0),('ftnh68',0),('ftnh7c',0),('ftolOb',0),('furzEp',0),('fus4X1',0),('fvt8F4',0),('fvvhHp',0),('fvvjS1',0),('fvvkUc',0),('fvxt1d',0),('fw14Aq',0),('fw4iYz',0),('fw5mH8',0),('fwz22r',0),('fx4j2g',0),('fx7yYm',0),('fx817o',0),('fx84K8',0),('fx8z2z',0),('fya7Yy',0),('fybcH4',0),('fybdKg',0),('fycfUs',0),('fyci7c',0),('fyeo2w',0),('fyeqBx',0),('fyftNh',0),('fyftOl',0),('fzgzFt',0),('fzh3Q8',0),('fzh3Rd',0),('fzh78e',0),('fzi8F2',0),('fzkhGh',0),('fzkkRx',0),('g1hy81',0),('g1jaJj',0),('g1jaJl',0),('g1kf7i',0),('g1mrPy',0),('g2mqJ5',0),('g2ntXy',0),('g2p47h',0),('g2q59l',0),('g2q8M8',0),('g2q9Sw',0),('g2shQx',0),('g3tnGz',0),('g3vs3q',0),('g3wz1w',0),('g3x4K5',0),('g41kDu',0),('g42oXg',0),('g4x3C4',0),('g4x4Hs',0),('g4y93h',0),('g4yb8z',0),('g52oV6',0),('g553Pz',0),('g57dV2',0),('g6bn11',0),('g6bpDe',0),('g6brMk',0),('g6ctXx',0),('g6cv3j',0),('g7gbVc',0),('g7geB3',0),('g7hhPu',0),('g7ijXs',0),('g8jqTn',0),('g8kvF4',0),('g8kvG9',0),('g8l131',0),('g8m4Fi',0),('g9odH3',0),('g9pjAi',0),('g9pjBj',0),('g9rp2u',0),('gasvQt',0),('gbsvQs',0),('gbu4R7',0),('gbu4R8',0),('gbxg6d',0),('gbypB5',0),('gd4c1w',0),('gd5gHr',0),('gd7oKh',0),('gd7pKj',0),('gd8qSh',0),('ge9xM1',0),('gedb6q',0),('geddEl',0),('geefPz',0),('gefnPa',0),('gffj8a',0),('gfj3Nq',0),('ggldRi',0),('ggorIw',0),('ghpxCh',0),('ghs7E2',0),('giugIt',0),('giuiQx',0),('givoGv',0),('giy11q',0),('gj19Xq',0),('gj1b4f',0),('gj2eI5',0),('gj3kBh',0),('gj4oUv',0),('gjy257',0),('gjz9Zw',0),('gk6wSx',0),('gk73Le',0),('gk74Nn',0),('gk86Y2',0),('gk9bEu',0),('glcmU3',0),('glcnZs',0),('gldp6i',0),('glev17',0),('glfx97',0),('gmg54x',0),('gmjiNh',0),('gmjkUg',0),('gmjkVj',0),('gmkpMo',0),('gnlt1e',0),('gnltZc',0),('gosqXc',0),('gov2Fm',0),('gp1o1t',0),('gpv2Eg',0),('gpv3J4',0),('gpxcJf',0),('gpzlPg',0),('gq1qC5',0),('gq2tPs',0),('gq3x6t',0),('gq5aN4',0),('gr553o',0),('gr9pKd',0),('grarSc',0),('grasTk',0),('gscyMy',0),('gsebZt',0),('gsfgPw',0),('gtir1n',0),('gtmaAb',0),('gul6Vm',0),('gumbFt',0),('gunh3t',0),('guolN6',0),('gupo2x',0),('guqrEd',0),('guqvUf',0),('gvuaJm',0),('gvucSs',0),('gw133u',0),('gw3c5i',0),('gwvf7j',0),('gwxsSc',0),('gwytY3',0),('gwytY5',0),('gwzxG6',0),('gx27L1',0),('gx3c24',0),('gx4hPu',0),('gy7wM5',0),('gy7xSv',0),('gy8zYo',0),('gy94K7',0),('gya7Vm',0),('gzceNu',0),('gzeoXg',0),('gzgyB7',0),('h1elKp',0),('h1gtL8',0),('h1h1Gv',0),('h1hy6r',0),('h1i3Q3',0),('h1liKz',0),('h2mpB7',0),('h2nqGs',0),('h2nsPv',0),('h2oyId',0),('h3oxG2',0),('h3p1P8',0),('h3q6E2',0),('h3q6F7',0),('h3sd48',0),('h4unI8',0),('h4vt9j',0),('h4zb8z',0),('h51i5w',0),('h51i63',0),('h52lHb',0),('h52mN3',0),('h55z8w',0),('h65y3e',0),('h67bId',0),('h7aiFc',0),('h7co8u',0),('h7cpEh',0),('h7crMj',0),('h7ctS7',0),('h7dtR5',0),('h8he9v',0),('h8hfDa',0),('h8hhMd',0),('h9lu9i',0),('h9m3At',0),('h9o929',0),('han4Eb',0),('hbpdHx',0),('hbphX3',0),('hbqmKr',0),('hbsuMb',0),('hbtwWi',0),('hbu2Kb',0),('hbu5Xy',0),('hcw9Cm',0),('hcxf1n',0),('hcxiE7',0),('hczqGr',0),('hczrK6',0),('hd21Nv',0),('hd2xCk',0),('hd49N7',0),('hd4bTy',0),('hdzrJ4',0),('he7kZ2',0),('he7oKe',0),('he9uBm',0),('hfbzWb',0),('hfeeLi',0),('hffkBk',0),('hggnN2',0),('hghtGg',0),('hghuK1',0),('hgk4Mk',0),('hgk4Nn',0),('hgk8Ac',0),('hgk9Bf',0),('hhoo6i',0),('hhopBz',0),('hhprIv',0),('hhpw3i',0),('his8Hf',0),('his9Mz',0),('hite6e',0),('hj1b3d',0),('hjwsVr',0),('hjxv9g',0),('hjxwJk',0),('hjy232',0),('hjyxLs',0),('hjyyQi',0),('hjz38m',0),('hk18Ua',0),('hk4mJh',0),('hk4oQd',0),('hl5r2s',0),('hlabH6',0),('hlbg3t',0),('hlbgZe',0),('hlciCt',0),('hlclN8',0),('hlclPg',0),('hlclPh',0),('hmfw15',0),('hmh9Lu',0),('hnklZ1',0),('hnloCe',0),('hnlpHx',0),('homsWw',0),('honwDt',0),('hop9Vd',0),('hopaYt',0),('hoqc8v',0),('hoqeIz',0),('horiWq',0),('hork6y',0),('hpqfHx',0),('hptpTq',0),('hpuvL1',0),('hpw3Gn',0),('hpx84m',0),('hpxcIb',0),('hq1mQm',0),('hq1p5f',0),('hq2qC4',0),('hq2qD7',0),('hqx97y',0),('hqyfW1',0),('hqyfX4',0),('hqyg2q',0),('hqygZf',0),('hqzlOb',0),('hr565x',0),('hr5662',0),('hr579g',0),('hs7f7g',0),('hs8kS2',0),('hse6Kx',0),('hse8Sz',0),('htd355',0),('htebZs',0),('htggMj',0),('hujtAo',0),('hukxRs',0),('huoi8g',0),('hvpp2y',0),('hvqp5a',0),('hvqqAv',0),('hvry6t',0),('hwt4Un',0),('hwt52m',0),('hwvdV4',0),('hwwjNf',0),('hx26Io',0),('hx3c39',0),('hxyrOu',0),('hxzxH8',0),('hz915e',0),('hzb5Nk',0),('hzdfRb',0),('hzdh2m',0),('hzdi5w',0),('hzdkEx',0),('i1deOw',0),('i2i3Ot',0),('i3nn39',0),('i3pyH4',0),('i3q2W3',0),('i3q31n',0),('i4se9v',0),('i4seB3',0),('i4tgHu',0),('i4tjXt',0),('i4um81',0),('i4unDn',0),('i4upMo',0),('i4voKg',0),('i4wvGd',0),('i5wwLw',0),('i61eJb',0),('i65wT5',0),('i78eUw',0),('i7bjHm',0),('i7bkPk',0),('i7blT4',0),('i7crLf',0),('i8dsPu',0),('i8eyG1',0),('i8eyH6',0),('i8ezKi',0),('i9jkXt',0),('i9jnEp',0),('ialvCs',0),('ibo6Ol',0),('ibob4i',0),('icv3K7',0),('icv5R6',0),('icv5Tf',0),('id1rJ1',0),('idwcKm',0),('idxfYf',0),('idzp9w',0),('idzqEf',0),('ie31O1',0),('ie48Jn',0),('ie5e46',0),('ie6hMc',0),('ie6iOn',0),('ie8pJa',0),('ie8sWw',0),('if7kVi',0),('if7lYx',0),('if8pMn',0),('if9sWz',0),('if9sX3',0),('ifavAh',0),('ifavF1',0),('ifc6K2',0),('igecA4',0),('igeeJ7',0),('ihk4Oq',0),('ihop6k',0),('iinh65',0),('iiomU3',0),('iioo4a',0),('iipsNh',0),('iiptOn',0),('iiqyBd',0),('iis4Zc',0),('ijt8F5',0),('ijuf6f',0),('ijwpH2',0),('ik2d91',0),('ik3fLh',0),('ik3iY1',0),('ikywG8',0),('ikyxJi',0),('ikzzSn',0),('il4k6w',0),('il4lEt',0),('ing3Tl',0),('ingyDi',0),('inh52m',0),('injf5c',0),('iokhIq',0),('iolqMl',0),('ionyMy',0),('ipp6Iq',0),('ipreEj',0),('iprhUi',0),('ipsiTg',0),('ipts53',0),('iquuE3',0),('iquuFa',0),('iqw5Ps',0),('iqybDk',0),('iqzi7c',0),('ir1mQk',0),('ir1nU2',0),('ir3uPo',0),('ir3uR1',0),('ir4y7w',0),('ir53P1',0),('is53P1',0),('is68Co',0),('is7e1s',0),('is8hGj',0),('is9n7u',0),('it9m1y',0),('itao91',0),('itbrMj',0),('ite31n',0),('ite354',0),('ite5Dy',0),('ite6Ju',0),('iuhj1a',0),('iuioMt',0),('iul17n',0),('ivkyXh',0),('ivm6Rz',0),('ivm817',0),('ivofQ9',0),('ivogVv',0),('iwpmOc',0),('iwruPm',0),('iwsy5o',0),('ixxoB6',0),('ixzv74',0),('iy231k',0),('iy38Nc',0),('iz8vGa',0),('iz8xPg',0),('j19yTx',0),('j2ei5x',0),('j2ekCn',0),('j2hvQp',0),('j2j88a',0),('j3ldTr',0),('j3lg54',0),('j3mjKv',0),('j3mkPl',0),('j4osPv',0),('j4osQz',0),('j4otR3',0),('j4q1Oz',0),('j5sd2y',0),('j5tfC4',0),('j5thLc',0),('j5uiS4',0),('j5ukYx',0),('j5um6u',0),('j5vpLk',0),('j5vpOz',0),('j5wsY6',0),('j5xxN3',0),('j6z7Qr',0),('j74pYh',0),('j78aDq',0),('j8cqC9',0),('j8dpB1',0),('j8drIw',0),('j8ew4l',0),('j9fzKh',0),('jakrTk',0),('jbjkZx',0),('jbjlZy',0),('jbkm7u',0),('jbkpKg',0),('jbkqOx',0),('jbmyQi',0),('jbnzTs',0),('jco7Oj',0),('jcpeI2',0),('jcsq1m',0),('jdyh66',0),('jdzo34',0),('je2tQu',0),('je2w2d',0),('je5cTy',0),('jf43Wy',0),('jf47Bp',0),('jf6gC2',0),('jf6gEd',0),('jf8pI5',0),('jfau77',0),('jgbu5v',0),('jgbvDr',0),('jgbxLt',0),('jgc242',0),('jgfiZ6',0),('jhivNb',0),('jhk4Or',0),('jimeQb',0),('jimeTp',0),('jinh65',0),('jiolPg',0),('jjprGn',0),('jjt7Ah',0),('jjucU2',0),('jkviK3',0),('jkwm4f',0),('jkwm6o',0),('jkzzP8',0),('jl29Vc',0),('jl2b24',0),('jl4iVo',0),('jl4lBh',0),('jl5mEs',0),('jm5pSj',0),('jm7yXj',0),('jm815e',0),('jm96S5',0),('jm97Wq',0),('jmci7c',0),('jneo1t',0),('jnfvVh',0),('jngy8y',0),('jngyCg',0),('joh1Kf',0),('joi9Hd',0),('jojf45',0),('jollWi',0),('joln6q',0),('joloB7',0),('jpllXm',0),('jpmrNr',0),('jpnsUk',0),('jpnxHa',0),('jpo1Tq',0),('jpoxFz',0),('jpoyKm',0),('jpp5Ap',0),('jpqb1y',0),('jqsk2g',0),('jqsk4o',0),('jqtlBg',0),('jquqW3',0),('jqur2q',0),('jr1i4u',0),('jrx4K4',0),('js2nU1',0),('js3rAu',0),('js4zDh',0),('js52J8',0),('js52Mn',0),('js54Wv',0),('jtbo8v',0),('jtbpEk',0),('jtbpGr',0),('jtbrMk',0),('judyKl',0),('juf6F8',0),('juf7In',0),('juf8Nb',0),('jugd7r',0),('juil83',0),('jvhjWr',0),('jvioJe',0),('jvioKj',0),('jvjrYc',0),('jvl16h',0),('jvm4Go',0),('jwph1h',0),('jwqlJn',0),('jxruL7',0),('jxt1Ej',0),('jxwf43',0),('jxwgAp',0),('jy246b',0),('jy25An',0),('jz5gIy',0),('k17m7v',0),('k18s1g',0),('k18sY8',0),('k18t4u',0),('k1b4D9',0),('k2dc92',0),('k2deJ7',0),('k2fmKn',0),('k2fnO7',0),('k3fmJm',0),('k3hsCw',0),('k3huL6',0),('k3ixZt',0),('k3iz9y',0),('k3k73m',0),('k4j4Q2',0),('k4kbH6',0),('k4nmU7',0),('k4no7m',0),('k4orIz',0),('k4ptTa',0),('k4pw5q',0),('k4pxDm',0),('k5r3Ur',0),('k5r55z',0),('k5scXg',0),('k6wrWx',0),('k6xu78',0),('k6xvBm',0),('k73i1e',0),('k73j3l',0),('k73k74',0),('k74r58',0),('k86z7p',0),('k886Y1',0),('k9cmSt',0),('k9dp6j',0),('k9fyFw',0),('kbg2Q6',0),('kbg3Uq',0),('kbg52m',0),('kbjgC4',0),('kbknA5',0),('kblsY4',0),('kco5Gh',0),('kdqgR6',0),('kdsoO3',0),('kdsqYd',0),('kduy1w',0),('kdv17q',0),('kev2Db',0),('kex983',0),('keyfW2',0),('kezmTz',0),('kf451j',0),('kf452m',0),('kf58Hf',0),('kf58Ii',0),('kf6cSt',0),('kg7f5b',0),('kg8lYu',0),('khd22t',0),('khd33w',0),('khd344',0),('khe7Oj',0),('khfeEl',0),('khhmIc',0),('kiir4w',0),('kiitAm',0),('kijvM3',0),('kikyVc',0),('kil7Yw',0),('kimbDn',0),('kjni7d',0),('kjpmSr',0),('kjrvVj',0),('kjrx4i',0),('kjt664',0),('kkrvUc',0),('kks3Q6',0),('kks4Ww',0),('kkudXc',0),('kkudXf',0),('kkwm4f',0),('kl1342',0),('klxn5m',0),('klxoB5',0),('km4fIx',0),('km4hOr',0),('km4hQ1',0),('km4k4o',0),('km5lAd',0),('km5mFy',0),('km5oNv',0),('kn7s4z',0),('kna6Tc',0),('knceNw',0),('knceP4',0),('kncgWz',0),('kodi78',0),('koguRy',0),('kogwXq',0),('kogx27',0),('kogx5n',0),('koh3Q6',0),('kpkgCz',0),('kpkiHl',0),('kpnrPw',0),('kqozLs',0),('kqp454',0),('kqseEf',0),('krtl86',0),('krtnJf',0),('krurW3',0),('krut68',0),('krvvJn',0),('krwzYm',0),('krya6u',0),('ks1i4v',0),('ks2mN5',0),('kszcFr',0),('kszgUo',0),('kt3rCy',0),('kt4uMb',0),('kt53Nq',0),('kt64Tk',0),('kt7cN2',0),('kualVf',0),('kublVc',0),('kvhgJ2',0),('kviiTc',0),('kvijYx',0),('kvik17',0),('kwm147',0),('kwm1Zn',0),('kwocA6',0),('kwofOw',0),('kxqnSr',0),('kxu2J7',0),('kxu4Q4',0),('kxu4R7',0),('kytx1z',0),('kyvcMw',0),('kywcMw',0),('kywdRk',0),('kyweW3',0),('kywg3y',0),('kz1w84',0),('kz1xBc',0),('kz21Oz',0),('kz32Ut',0),('kz36Dz',0),('kz37Hh',0),('kz37Ik',0),('kz37Jq',0),('kz38M4',0),('kz4aQn',0),('kz5gGp',0),('kzzrMg',0),('l12yDk',0),('l147Ga',0),('l16hK3',0),('l16hK4',0),('l26hLb',0),('l27l3f',0),('l2axN4',0),('l2byPd',0),('l2bzUz',0),('l2c5Ir',0),('l2c7S3',0),('l3fhWt',0),('l3gmJk',0),('l3gpUy',0),('l4goSo',0),('l4k6Z6',0),('l4meVy',0),('l5nkKv',0),('l5qw5q',0),('l5s9M3',0),('l6tf8r',0),('l6vkYw',0),('l6wnDg',0),('l7yzUz',0),('l7z5Ff',0),('l82dCb',0),('l82fLg',0),('l84oO6',0),('l84oP7',0),('l85q1o',0),('l85qZk',0),('l87yYr',0),('l884Nm',0),('l99aAb',0),('l9abEs',0),('l9bfYa',0),('l9bh7d',0),('labdMu',0),('lbh7Cp',0),('lbh7E2',0),('lbjjPn',0),('lcjfBu',0),('lckl16',0),('lcnwEv',0),('lcp7Oi',0),('ldqb4d',0),('ldqc6m',0),('ldrfK8',0),('ldtr1n',0),('lew5R4',0),('lew6Uh',0),('lf1p48',0),('lf2q8o',0),('lf2rFg',0),('lf3uRy',0),('lf3vWn',0),('lfzkJr',0),('lfzlOa',0),('lg41Li',0),('lg6bQj',0),('lg7eZn',0),('lg8l11',0),('lh8lYt',0),('lhaqKf',0),('lhbu2i',0),('lhcxIc',0),('lhd46d',0),('lhffK7',0),('lie7Nd',0),('ligiTf',0),('liir3v',0),('ljjr1n',0),('ljl2C7',0),('ljoh2m',0),('lkpkGb',0),('lkpmN7',0),('llwiKx',0),('llwmZv',0),('llyqLh',0),('llzyJh',0),('lm38Pk',0),('lm4fHs',0),('lmzu2h',0),('lob94i',0),('lodh2l',0),('lodhZc',0),('lodi5z',0),('loenU1',0),('loeoV6',0),('lofsHm',0),('lohy6p',0),('lph1Fq',0),('lph2J8',0),('lphzA4',0),('lphzDi',0),('lqkcPd',0),('lqkeV3',0),('lqpzNz',0),('lrr9Su',0),('lrthNk',0),('lrtkY1',0),('ls1i3q',0),('lsvs2o',0),('lsx4Fj',0),('lsy6Qv',0),('lsy8Z2',0),('lt2kDv',0),('lt2lKo',0),('lt2lKq',0),('lt4rBv',0),('lt63Ou',0),('lu8bKl',0),('lublRu',0),('lvbmWi',0),('lvcsOp',0),('lveyEt',0),('lveyG3',0),('lveyGz',0),('lvf3Yc',0),('lvgbU5',0),('lvhhL8',0),('lwf6Bp',0),('lwgbSw',0),('lwil3h',0),('lwkpNv',0),('lwkqTl',0),('lwluDv',0),('lxn7Tb',0),('lxo8Xq',0),('lxpeMl',0),('lxqj9e',0),('lxqmLs',0),('lxqnN4',0),('lyrmKo',0),('lysuKz',0),('lyv6Y2',0),('lyvaFx',0),('lzv5Ul',0),('lzw9Cj',0),('lzxg3u',0),('lzxiGg',0),('lzyo5f',0),('m11rIy',0),('m11rK7',0),('m1xfX7',0),('m1xg4y',0),('m1yh8i',0),('m24678',0),('m247E2',0),('m26fC2',0),('m28qQ5',0),('m3at2j',0),('m3c243',0),('m3db5i',0),('m4fiXw',0),('m4glDp',0),('m4gnMw',0),('m4iuJu',0),('m4ivOe',0),('m4jxXm',0),('m5k5S7',0),('m5l997',0),('m5l9Bg',0),('m5prFk',0),('m6onYk',0),('m7uhHp',0),('m7vhGj',0),('m7wpI2',0),('m7xrTh',0),('m7xu3m',0),('m816Ky',0),('m81aXp',0),('m83fKc',0),('m83hR5',0),('m84nKk',0),('m86uGh',0),('m8z4Bu',0),('m97z4b',0),('ma817o',0),('ma984m',0),('mbaaBd',0),('mbdlOd',0),('mcg1Ke',0),('mci8G8',0),('mcibPc',0),('mcicRo',0),('mdmqLf',0),('mdnyMw',0),('mep5Cw',0),('mesl9a',0),('metr2p',0),('meut8j',0),('mfus4x',0),('mfvvKw',0),('mfx5Ni',0),('mfydLn',0),('mg1nSt',0),('mg2nV5',0),('mg54Tj',0),('mgzi5z',0),('mh4zDh',0),('mh8iK1',0),('mh8iKy',0),('mh8kRw',0),('mhbsSe',0),('mhcu2i',0),('mibpFn',0),('mibqIz',0),('mictWt',0),('mifcZu',0),('mjioNu',0),('mjjrZg',0),('mjkwLy',0),('mjkxQl',0),('mjm6Qu',0),('mkofRe',0),('mkqnV3',0),('mkqoYl',0),('mkrsGj',0),('mkrvS2',0),('mlswXp',0),('mlt4Th',0),('mm1wCj',0),('mmwhFb',0),('mmxkQq',0),('mmyqI2',0),('mmzu1c',0),('mmzxDq',0),('mn3bV7',0),('mn6qSj',0),('mn7qUq',0),('mo915b',0),('moa28p',0),('moc816',0),('mpddJc',0),('mpfpYi',0),('mpguM8',0),('mpgvSz',0),('mphwUa',0),('mpi2I5',0),('mqhwUc',0),('mqj8Dp',0),('mqlf3x',0),('mqlg42',0),('mqmkOh',0),('mqmkPk',0),('mrp1P7',0),('mrpw86',0),('mrpw87',0),('mstkZ2',0),('msunGw',0),('mt1cDh',0),('mt1fQ5',0),('mt2j62',0),('mtvsY7',0),('mtwt3s',0),('mtwwHe',0),('mty5L7',0),('mtz914',0),('mu5x1z',0),('mu8aG2',0),('mv9eV1',0),('mvah8h',0),('mvbjIm',0),('mwev2f',0),('mwevZ4',0),('mwew6u',0),('mwf1Nu',0),('mwf3Vw',0),('mwiiNk',0),('mwjkZ2',0),('mxjl3g',0),('mxkoJd',0),('mxmyPf',0),('mxn233',0),('myo7Po',0),('myoa12',0),('myqhVq',0),('myqiZb',0),('myqj74',0),('mzu2Gr',0),('mzv4Ou',0),('mzwcKm',0),('n1xcJg',0),('n1yfW3',0),('n1zlRo',0),('n23zJc',0),('n2442k',0),('n244Y7',0),('n247E1',0),('n258Hf',0),('n38n93',0),('n4d49q',0),('n4edB8',0),('n4gmG5',0),('n5hoQc',0),('n5l6Ug',0),('n6k3Gq',0),('n6nfUt',0),('n6ng2q',0),('n7qtPq',0),('n7qvUe',0),('n7s2P1',0),('n7s4Xz',0),('n7t7Bm',0),('n7t8E1',0),('n7taLv',0),('n7taMy',0),('n7viL6',0),('n7woCb',0),('n8vgBy',0),('n916Jv',0),('n93gNl',0),('nb7wPi',0),('nb7yZr',0),('nb83Gq',0),('nba7Z2',0),('nbdlOa',0),('ncenTx',0),('ncerC3',0),('ncfsJx',0),('ncftK4',0),('ncftL6',0),('nch63r',0),('ndjdW7',0),('ndlmYs',0),('ndoxJg',0),('nempEi',0),('nenuZ5',0),('nenw9d',0),('nenwCk',0),('neo1Ts',0),('neq6F8',0),('neshPv',0),('nfrfFk',0),('nftpQd',0),('nfupO3',0),('nfvvHi',0),('nfvxRr',0),('nfwxRr',0),('nfy83h',0),('ngy7Xt',0),('ngzh1i',0),('nh2mPd',0),('nh3sHo',0),('nh651f',0),('nh6762',0),('ni79G6',0),('niakRw',0),('niamZx',0),('niboA2',0),('nidxEt',0),('nidyJh',0),('nie2Xb',0),('nje2Vy',0),('njhhNm',0),('njhhPu',0),('njil7z',0),('nkkt68',0),('nklzXi',0),('nkm3Ef',0),('nlodGx',0),('nlph1f',0),('nlqnTv',0),('nlqoUz',0),('nlqpZm',0),('nlrsD6',0),('nlrtIq',0),('nlruNh',0),('nltzDi',0),('nmu773',0),('nmwg6d',0),('nmxjNa',0),('nmxlU8',0),('nn1yIb',0),('nn259l',0),('nnwg7e',0),('nnxmWi',0),('no4bU2',0),('no4bU6',0),('no4d5f',0),('no4e9u',0),('no6k15',0),('no9xQk',0),('np9yQl',0),('npc7R1',0),('npgp1p',0),('nqhuKz',0),('nqhuM9',0),('nqhwVc',0),('nqiy6m',0),('nqiz7t',0),('nqj5Ws',0),('nrleX7',0),('nrlg3v',0),('nrosNk',0),('nsr6E5',0),('nss9Pf',0),('nsukYx',0),('ntujS4',0),('ntvqP2',0),('ntxxLu',0),('nty37k',0),('nu2j5w',0),('nuz7Rv',0),('nv5uIp',0),('nv5wRv',0),('nvblPk',0),('nwaeTr',0),('nwbjGd',0),('nwbkM6',0),('nwcnZr',0),('nwfzIb',0),('nxg54x',0),('nxjkXr',0),('nxluAi',0),('nylt3o',0),('nymzW7',0),('nyo7Ry',0),('nypdCb',0),('nzqhUk',0),('nzsoPc',0),('nztuJs',0),('nzuxXl',0),('o1rhSa',0),('o1rlBf',0),('o1spV1',0),('o1tr3x',0),('o1uuJs',0),('o1xdO2',0),('o21oZr',0),('o21qC5',0),('o2w3J2',0),('o2zkLw',0),('o342Q5',0),('o37f6h',0),('o38jS1',0),('o49oEl',0),('o4bsVq',0),('o4cxJj',0),('o4cyN2',0),('o4d33w',0),('o4e7Pl',0),('o4e8T4',0),('o4fc6n',0),('o5ebYr',0),('o5ghR4',0),('o5giWt',0),('o5hmEt',0),('o5juIm',0),('o5jwOg',0),('o6k17o',0),('o6m96u',0),('o6nfUp',0),('o6nfW1',0),('o7rvWn',0),('o7rw16',0),('o8t63p',0),('o8vgAt',0),('o8wlWi',0),('o8xrQ3',0),('o9yv9c',0),('o9zv5u',0),('o9zxIf',0),('oazxId',0),('ob7tBr',0),('occdKg',0),('ocdjDt',0),('ocfrC1',0),('odfsHq',0),('odftKz',0),('odgwYt',0),('odgx5k',0),('odjcSq',0),('oekgBt',0),('oelkS2',0),('oemqHw',0),('oenqKa',0),('oentVo',0),('oeoxFz',0),('ogunFx',0),('ogunIb',0),('ogupQ8',0),('oguqSi',0),('ogx4K2',0),('ogx4K4',0),('ogx5Nj',0),('ogy82b',0),('ogzgWz',0),('oh1fSh',0),('oh1hY9',0),('oh2kF3',0),('oh4tL6',0),('oh4tMa',0),('oh4wWj',0),('ohy8Yw',0),('oi5y4i',0),('oi775w',0),('oi7bMw',0),('oi9hBu',0),('oiakNd',0),('oj9iFb',0),('ojakRu',0),('ojcsR6',0),('ojdv4n',0),('ojdv5r',0),('ojdw71',0),('ojdyG4',0),('oje2W5',0),('oje2X6',0),('okf8L2',0),('okhfFm',0),('okiiTa',0),('okjrUt',0),('oklzV8',0),('olm11r',0),('oln8Wm',0),('oln93e',0),('olob7w',0),('ompi2j',0),('omrnRj',0),('omt1Cd',0),('omt1Ek',0),('omtxYu',0),('omtzB7',0),('omu4Sd',0),('omv761',0),('omv8Bi',0),('onv74p',0),('onxiGg',0),('onyn22',0),('onyo8w',0),('oo1tTf',0),('oo343r',0),('oo344x',0),('oo37Ij',0),('op7l5p',0),('op8sX5',0),('oqc4C3',0),('oqc6Nf',0),('oqda29',0),('oqehVt',0),('oqgnPc',0),('oqgpW7',0),('oqhtIq',0),('ork9Bf',0),('orldO5',0),('osmiBs',0),('osnlSw',0),('ospsOq',0),('ospv2e',0),('osq1O2',0),('osqyDm',0),('otr1Oy',0),('ottgEe',0),('otxu8b',0),('ou2gR6',0),('ouvnDj',0),('ouwsWy',0),('ouxvBl',0),('ouxvBm',0),('ouyzTv',0),('ouz5Jv',0),('ouz5Jw',0),('ouz6K2',0),('ow73Iy',0),('ow73Lf',0),('ow86Yy',0),('ow89Ad',0),('ow9bEs',0),('owckM6',0),('oxdo1t',0),('oxevXt',0),('oykoFs',0),('oylsY4',0),('oyn1Yg',0),('ozo4Cy',0),('ozpdCd',0),('ozrk74',0),('p1o36d',0),('p1p8T2',0),('p1p9T5',0),('p1qdCc',0),('p1rfLd',0),('p1slDn',0),('p1soP6',0),('p1soP9',0),('p1tnKm',0),('p1toO4',0),('p2uvKv',0),('p2vyXi',0),('p2w6Vl',0),('p2x84o',0),('p2ycI7',0),('p31nXg',0),('p32qAu',0),('p32tK5',0),('p342Nt',0),('p458Ew',0),('p469Jk',0),('p47dXf',0),('p48m1z',0),('p5d342',0),('p5fc5h',0),('p5gfJ2',0),('p6fd6k',0),('p6fdA1',0),('p6ghS7',0),('p6hmG2',0),('p6hnH5',0),('p7m5Op',0),('p7ogZf',0),('p7ohZf',0),('p7pmN7',0),('p7qsFi',0),('p8qsFf',0),('p8s1H2',0),('p8t4Tk',0),('p8u8Cq',0),('p8vg9p',0),('p9vcQg',0),('pazv88',0),('pazyJj',0),('pb233u',0),('pb25Br',0),('pb28N8',0),('pb5nFw',0),('pb6nH3',0),('pbytUm',0),('pc6pRg',0),('pc8wNa',0),('pc8yTy',0),('pc8yU5',0),('pc928r',0),('pddgX2',0),('pddhY7',0),('pdej9h',0),('pdemLu',0),('pdemPd',0),('pdfsGi',0),('pei4Um',0),('pekf56',0),('pemlVf',0),('pfnrNp',0),('pfq6Hg',0),('pgthOp',0),('pgtiS6',0),('pgtl3h',0),('ph1fQ7',0),('ph1gWw',0),('ph2lJn',0),('phwzWd',0),('phx4Iw',0),('phy8Xp',0),('pi2j8d',0),('pi3p1q',0),('pi64R6',0),('pj8cP9',0),('pj8eYe',0),('pjajL1',0),('pjbjIp',0),('pjcpA1',0),('pjduXw',0),('pkcsNo',0),('pkf2Tm',0),('pkgaRq',0),('plhe7o',0),('plkpMn',0),('pmmxN3',0),('pmmySp',0),('pmo8Vi',0),('pmo9Zw',0),('pmqlHc',0),('pnroUw',0),('pnty1y',0),('pnu2J4',0),('pnwbH9',0),('pnxf1o',0),('powdO2',0),('poylSv',0),('pp457c',0),('pp4bSv',0),('pq8sZa',0),('pqavDu',0),('prglG6',0),('prgnO5',0),('prgoQf',0),('prj2I1',0),('psj2Hx',0),('psnjJr',0),('psnlRq',0),('psnmU3',0),('ptnjHg',0),('ptnkLz',0),('ptpqBz',0),('ptpsMg',0),('ptpvXs',0),('ptqx83',0),('ptqx84',0),('ptr1Nt',0),('putcV8',0),('puugD5',0),('puvkUf',0),('puvm4i',0),('puwnB8',0),('puwsY5',0),('puxu77',0),('puxvBj',0),('pv1c6n',0),('pv2eFm',0),('pv2eFp',0),('pv2eHy',0),('pv2fOr',0),('pv4mIe',0),('pvywG6',0),('pvz357',0),('pvz5Gh',0),('pvz5Hk',0),('pw5pVy',0),('pw6vOf',0),('px82Fm',0),('px97Z6',0),('pxbeSl',0),('pxeuUg',0),('pygzEp',0),('pyje32',0),('pykjQv',0),('pzmu61',0),('pznxG7',0),('q1mtY3',0),('q1nwCo',0),('q1nxHc',0),('q1nyMw',0),('q1o1Uy',0),('q1o2W7',0),('q1p7M8',0),('q1reGs',0),('q2siWp',0),('q2siXv',0),('q2tnIc',0),('q2uuFb',0),('q31kIi',0),('q3x6R1',0),('q3x7Xr',0),('q3x817',0),('q3ycH4',0),('q3zgY7',0),('q43vUb',0),('q5665x',0),('q58jM8',0),('q5aoCd',0),('q5cu4o',0),('q6cv5v',0),('q6dzN1',0),('q6e48k',0),('q7ilAa',0),('q7kvGe',0),('q7kxQn',0),('q7m5Mg',0),('q8m6Pr',0),('q8oi65',0),('q9rsGh',0),('q9ruMa',0),('q9sx11',0),('q9t3Os',0),('q9t3Ot',0),('q9u776',0),('q9vbMy',0),('qau8Bi',0),('qawhBu',0),('qb1xFz',0),('qb1yKn',0),('qb38Pj',0),('qbzsOs',0),('qbzsPw',0),('qbzw87',0),('qc2468',0),('qc6l5q',0),('qc6mDm',0),('qc6mDo',0),('qd7s1k',0),('qd8xQl',0),('qda29s',0),('qdb4Fg',0),('qdccDl',0),('qedgSg',0),('qefoUy',0),('qegsEa',0),('qehvSz',0),('qej5Vq',0),('qej62i',0),('qfkcNz',0),('qfkcO4',0),('qfmjKx',0),('qgnqIx',0),('qgosNm',0),('qgouYz',0),('qgr6Br',0),('qgr6F7',0),('qhujTc',0),('qhum7y',0),('qhwt7b',0),('qhwu9g',0),('qhxzU1',0),('qi1fOv',0),('qi1gRa',0),('qi3lF2',0),('qi3oUw',0),('qi4r9o',0),('qi4sFd',0),('qiy6Mc',0),('qizb7v',0),('qj6zA2',0),('qk8bKj',0),('qk9fX9',0),('qkbjIm',0),('qkco7q',0),('qkf565',0),('qlg9Oa',0),('qlhe5d',0),('qllu8e',0),('qmkoH3',0),('qmlu8b',0),('qmo6Oj',0),('qmo7Rv',0),('qno7Pp',0),('qno8Ua',0),('qnpdCc',0),('qnrlCo',0),('qnssCv',0),('qntvQq',0),('qouz7r',0),('qov4Op',0),('qov4Q2',0),('qoxdNz',0),('qp1uUf',0),('qp2uVk',0),('qp3yGw',0),('qq47E2',0),('qq6d2w',0),('qq6e47',0),('qq8pKh',0),('qrbu63',0),('qrc37h',0),('qrd9Wk',0),('qrfhWv',0),('qsgnO3',0),('qshpVy',0),('qsjyZu',0),('qsjz4a',0),('qtl6Uj',0),('qtniCu',0),('qtnjDw',0),('qtokJr',0),('qtomSu',0),('qtprFl',0),('qtqw17',0),('quooZo',0),('quqtPr',0),('quqvZz',0),('qurzH5',0),('qus6Ai',0),('qv15E8',0),('qvviMd',0),('qvwpJ8',0),('qvz4Bv',0),('qw16Hn',0),('qw2b1z',0),('qw2c5k',0),('qw2eHx',0),('qw3fMh',0),('qw3hQ2',0),('qw4mIb',0),('qw5mH8',0),('qx6r2q',0),('qx6r3w',0),('qx6tCx',0),('qx717q',0),('qxbbCj',0),('qxbbFv',0),('qyci8h',0),('qydmQk',0),('qyerDb',0),('qyfvUd',0),('qygx5n',0),('qzh65v',0),('qzh663',0),('qzjdYg',0),('r1i51e',0),('r1kf42',0),('r1kjQs',0),('r1mrMj',0),('r1nu3l',0),('r2rc4c',0),('r2rfIy',0),('r2rfJ2',0),('r3vtBn',0),('r3wzZs',0),('r41jCr',0),('r42mMy',0),('r53sEa',0),('r53sHo',0),('r54y93',0),('r551Gs',0),('r58gBs',0),('r69kRv',0),('r6alU7',0),('r6ctXv',0),('r6cuY1',0),('r7e442',0),('r7e58g',0),('r7gbWe',0),('r7geDc',0),('r7ik4l',0),('r8ks2o',0),('r8m27k',0),('r8m6Ni',0),('r9pi3n',0),('r9pj76',0),('r9qpZk',0),('rat4Q5',0),('raty6q',0),('rau63m',0),('rbvcQg',0),('rc1w7z',0),('rc21Qb',0),('rc38Kt',0),('rc4bWg',0),('rcylU5',0),('rczsNn',0),('rczu18',0),('rd5fEf',0),('rd5gJ2',0),('rd6iS4',0),('rd7mBe',0),('reb11q',0),('rec8Yu',0),('redb4i',0),('reddGu',0),('reddGx',0),('reekEw',0),('refkCn',0),('rfgsFb',0),('rfhsCy',0),('rfhtFd',0),('rfj5Vp',0),('rfk8Bh',0),('rglg4y',0),('rgnpB2',0),('rgorK8',0),('rhvqQ6',0),('ri1eJ7',0),('riwt62',0),('rixxLu',0),('riy11r',0),('rj1fMn',0),('rj2hWw',0),('rj3lFz',0),('rj4pXc',0),('rj4q42',0),('rj4r55',0),('rj5sD4',0),('rj5tFb',0),('rk6xXl',0),('rk6xXn',0),('rk872e',0),('rk9dQe',0),('rkbjIp',0),('rlbh8i',0),('rldrK5',0),('rldtR2',0),('rleuUf',0),('rleuUi',0),('rlfzH2',0),('rlid2z',0),('rmh7F6',0),('rmjiOn',0),('rmklZx',0),('rmknCh',0),('rmkoFt',0),('rmlu64',0),('rno6K1',0),('rnpeJ9',0),('rnrlDs',0),('rots8l',0),('rotsAq',0),('rottFb',0),('rotuJs',0),('rouwSw',0),('rpxaCh',0),('rpxdNy',0),('rpyh53',0),('rpzo1v',0),('rq2vXt',0),('rq454v',0),('rq7kUe',0),('rr8m6s',0),('rr8oEk',0),('rrbu4t',0),('rseb13',0),('rsgk74',0),('rsitCw',0),('rsiuJu',0),('rtirZj',0),('rtitCw',0),('rumcFw',0),('runh7a',0),('rupqC4',0),('ruqtPp',0),('rvvf7g',0),('rw136d',0),('rw28Ru',0),('rwz22r',0),('rwzzQd',0),('rx3eDe',0),('rx5lCk',0),('rx5nIb',0),('rx5pP7',0),('rx5qX6',0),('ry8xTz',0),('ryb97x',0),('rzdjCr',0),('rzfvTa',0),('rzfvUe',0),('rzgwZx',0),('s2lhC1',0),('s2ntVo',0),('s2p32q',0),('s2q47g',0),('s3rbWe',0),('s3sgLe',0),('s3urYb',0),('s4tl7y',0),('s4vs4u',0),('s4vsZg',0),('s4wwN8',0),('s4y7Vh',0),('s4zeLj',0),('s4zeNu',0),('s52nQj',0),('s65zB5',0),('s663No',0),('s679Ew',0),('s67aHb',0),('s67bLr',0),('s68dRl',0),('s69g7d',0),('s6blT1',0),('s6blU6',0),('s7ctUk',0),('s7ctWq',0),('s7dyIb',0),('s7e3Yb',0),('s7gcYp',0),('s8ihPr',0),('s8il6s',0),('s8krWz',0),('s8krX5',0),('s8kt4v',0),('s8ku9i',0),('s8lvIi',0),('s8lyU1',0),('s8m4Is',0),('sapi4s',0),('saqj77',0),('sarnRj',0),('sbqmKo',0),('sbrq1q',0),('sbsrAr',0),('sbsuNg',0),('sbtvQs',0),('sbu2Hy',0),('sc342o',0),('scxiF8',0),('scxjIn',0),('scxjL1',0),('scymVd',0),('sd2zJe',0),('sd33Yc',0),('sd3565',0),('sd6jUg',0),('sd6jVi',0),('se8t3r',0),('seb258',0),('sec6Nh',0),('sedcA5',0),('sfda3c',0),('sfgoTt',0),('sfhr7i',0),('sghtFd',0),('sgixYs',0),('sgiz5j',0),('sgk74q',0),('sgk89b',0),('sgmiE3',0),('sgoo5g',0),('shmh66',0),('shpsL9',0),('sis7Dv',0),('sis8Jo',0),('sisbU2',0),('sj1a12',0),('sj1aZy',0),('sj2hUl',0),('sjwtZd',0),('sjxu4u',0),('sjxvEy',0),('sjz5Gh',0),('sk3hTh',0),('sk5r6d',0),('sk5uJt',0),('sk86Wt',0),('slcmSx',0),('sldp8r',0),('smetQv',0),('smfyEr',0),('smfzGz',0),('smg1Nt',0),('smg3Vu',0),('smh9Kq',0),('snkkWj',0),('snmvCo',0),('snmwDu',0),('snn2Zn',0),('snnxJm',0),('soo5E7',0),('soqd9y',0),('sorj2g',0),('sorj2i',0),('spriZ5',0),('spslCj',0),('spuvM5',0),('spvxU5',0),('spw3K5',0),('spxaAb',0),('sq1p48',0),('sqyfTn',0),('sqyg1j',0),('sr3wZy',0),('sr41Jc',0),('sr59Jo',0),('sr6cTu',0),('sr8kT8',0),('sr8n6r',0),('sr9qKc',0),('ssbtWv',0),('ssc1Ts',0),('sscxJl',0),('stgiWt',0),('suis3v',0),('suk17l',0),('sul6Ta',0),('sunfTp',0),('supp6g',0),('svqp6e',0),('svqtNi',0),('svs1H3',0),('svubMw',0),('swve1q',0),('swve3x',0),('swxn3c',0),('swxoA4',0),('sx12X9',0),('sx4iVm',0),('sx5nJe',0),('sxyrQ1',0),('sxzwDr',0),('sy93Fi',0),('sza5Mf',0),('szb6S3',0),('szcdLl',0),('szceP3',0),('szdj8d',0),('szdjCs',0),('szgvS5',0),('t1dgUo',0),('t1fr9r',0),('t2lhE5',0),('t2mmWh',0),('t3ov5u',0),('t3p1Rg',0),('t3p3Yf',0),('t3pyG1',0),('t4se8s',0),('t4tl7w',0),('t4vt52',0),('t5wxO9',0),('t5z927',0),('t62kCp',0),('t63oV1',0),('t662Lf',0),('t7dtTe',0),('t7dv19',0),('t7dv4o',0),('t8dtTf',0),('t8e1O1',0),('t8gaPi',0),('t8hcZr',0),('t8hgIu',0),('t8ihNm',0),('t9jl18',0),('t9joGz',0),('t9ksY6',0),('taocDg',0),('tbn3Bw',0),('tbn6Mc',0),('tbpeLg',0),('tbpfMl',0),('tbqkAf',0),('tbrnQi',0),('tbsuKy',0),('tbtvOh',0),('tcuz7q',0),('tcv4R5',0),('tcylPl',0),('td343t',0),('tdylSv',0),('tdymV8',0),('te467d',0),('te48Jn',0),('te5d1u',0),('te6e8o',0),('tf8rUn',0),('tfb1Wb',0),('tfb1Xd',0),('tfbxKr',0),('tgfk61',0),('tggoSn',0),('tghr43',0),('tghr56',0),('tghtD3',0),('tgiwT5',0),('tgjz4e',0),('thk3Ld',0),('thl999',0),('thl9Bd',0),('thlcLo',0),('thnkN8',0),('thonZs',0),('thoo1w',0),('thpsK6',0),('tinlNb',0),('tiquTa',0),('tiqw2b',0),('tis53s',0),('tjuhJv',0),('tjviNg',0),('tjwpHz',0),('tjwpJa',0),('tjxvBm',0),('tjyxIf',0),('tjz5Gh',0),('tk2c91',0),('tk2dEj',0),('tk3fLg',0),('tk3fMl',0),('tkz2Yj',0),('tkz4Aq',0),('tl3iXx',0),('tl5r2t',0),('tl719x',0),('tl83K7',0),('tl983h',0),('tlabEt',0),('tlbfYb',0),('tmaa97',0),('tmdmSt',0),('tmep7n',0),('tmerGl',0),('tmerHt',0),('tmesLb',0),('tmetOm',0),('tmfuR1',0),('tmfw2c',0),('tngyDk',0),('tni8Ez',0),('tniaMz',0),('tnidYi',0),('tnjf6g',0),('tojgC1',0),('tomtY5',0),('too48j',0),('toozO6',0),('toozSn',0),('tprgOs',0),('tpuxSu',0),('tq1nU3',0),('tqw3Hs',0),('tqxa82',0),('tqzgYc',0),('tr1lN6',0),('tr3uS4',0),('ts6bPe',0),('ts8hHl',0),('tsaoEj',0),('tsapI4',0),('tscwBi',0),('tscxIe',0),('ttcxHa',0),('ttdzO4',0),('ttggNo',0),('ttinKl',0),('tuhjXv',0),('tuir1m',0),('tuirZf',0),('tujt9l',0),('tujuE5',0),('tvm83e',0),('tvncDm',0),('tvneMq',0),('tvpjCq',0),('twt64t',0),('twuaJk',0),('txwiHm',0),('txyqHy',0),('txysQ1',0),('ty38Nb',0),('ty4fHt',0),('ty5l71',0),('tz928p',0),('tzb8Xu',0),('u19xQk',0),('u1a149',0),('u1a28n',0),('u1a3Av',0),('u1c7Vi',0),('u1cb7v',0),('u1deKe',0),('u2fnQg',0),('u2gr8m',0),('u2grBx',0),('u2huMb',0),('u2huOi',0),('u2i2I4',0),('u2izA3',0),('u2j4Th',0),('u3j5Wv',0),('u3lg56',0),('u3mmYo',0),('u3nn1z',0),('u3no6j',0),('u4pyH4',0),('u4q2To',0),('u4teAx',0),('u4umA8',0),('u5unFt',0),('u5vpOx',0),('u5wvDv',0),('u5xwKs',0),('u5xxMy',0),('u5xyRm',0),('u5y26h',0),('u5y4Hq',0),('u61fP2',0),('u62hY4',0),('u63oUz',0),('u6z8Xq',0),('u6za28',0),('u75wVc',0),('u762Hx',0),('u76z6o',0),('u774Qy',0),('u7776x',0),('u77887',0),('u7bjHl',0),('u8bmU5',0),('u8dsPt',0),('u8dtQy',0),('uakm94',0),('ualuAh',0),('ublt4s',0),('ubluAi',0),('ubmzV4',0),('ubn3As',0),('ubpeJ7',0),('uco8T4',0),('ucrk9c',0),('ucrnLs',0),('ucrnO6',0),('ucssCv',0),('uctsCx',0),('uctwQs',0),('ucu1C8',0),('ud1sMe',0),('uduy36',0),('uduyZv',0),('udv5Sc',0),('udxg1m',0),('udykM6',0),('ue1pAw',0),('ue1qC6',0),('ue2uWo',0),('ue2x81',0),('ue47F5',0),('ue5cV5',0),('uf6e5c',0),('uf7iL5',0),('ugc22s',0),('ugc22t',0),('ugc243',0),('ugd7Rw',0),('ugfeGs',0),('uhhnKo',0),('uhhpTs',0),('uhis9m',0),('uhjwQn',0),('uiokHh',0),('uioo47',0),('uipqC3',0),('uiquRz',0),('ujqvVi',0),('ujvhJw',0),('ukviM8',0),('ukwlYs',0),('ukyvBi',0),('ukywDr',0),('ukyxHa',0),('ukz21p',0),('ukz2Yf',0),('ukzzSo',0),('ul2aWj',0),('ul2b25',0),('ul3hR6',0),('ul3hUk',0),('ul6tBt',0),('um5pTp',0),('um6tBr',0),('um6uE6',0),('um95Qw',0),('ungx7w',0),('unh68b',0),('uoi65y',0),('uojbN3',0),('uojdV3',0),('uokiIq',0),('uonv9d',0),('upnwBh',0),('upo21o',0),('upp21m',0),('upqbWh',0),('uqsiWq',0),('uquqUt',0),('uqvz37',0),('uqw17l',0),('uqx7Wp',0),('ur2q7k',0),('ur3sJ1',0),('ur3vUb',0),('urycGx',0),('us7cQj',0),('ut7eZl',0),('ut9jL4',0),('ut9kSy',0),('utctVq',0),('utd1Ts',0),('utd2X7',0),('uudxEu',0),('uugc49',0),('uvlyTy',0),('uvn93d',0),('uwofSh',0),('uwpj8b',0),('uwpkHe',0),('uwpmM1',0),('uwqoYk',0),('uwqoYl',0),('uxsx27',0),('uxtzCf',0),('uxwg6e',0),('uy4c1v',0),('uy4d5e',0),('uy4gK5',0),('uyzrKb',0),('uyzv4q',0),('uz5hLb',0),('uz6jXt',0),('uz7oKi',0),('uz7qVv',0),('v16l2d',0),('v16m82',0),('v16m96',0),('v18s2l',0),('v18uAk',0),('v1a1Zm',0),('v1aySu',0),('v1b246',0),('v1b4Is',0),('v2ddEm',0),('v2egTi',0),('v2ei3n',0),('v2fmJl',0),('v2gpW7',0),('v3i2Gu',0),('v3lh7g',0),('v3mh7g',0),('v4miF8',0),('v4otUj',0),('v4pw7y',0),('v5q2Sk',0),('v5qzJd',0),('v5r42o',0),('v5vm95',0),('v62hVp',0),('v6voI7',0),('v6z7T8',0),('v73kBj',0),('v73mLs',0),('v74nMv',0),('v74oTq',0),('v74qZj',0),('v75vPk',0),('v76wU6',0),('v772Gr',0),('v86vOh',0),('v871Dd',0),('v872Ej',0),('v885Th',0),('v8886y',0),('v8bh8i',0),('v8bhAm',0),('v8clPj',0),('v8clQp',0),('v8drGq',0),('v9clPj',0),('v9cmTz',0),('v9g4Y8',0),('vahbTy',0),('vaifBz',0),('vbklZy',0),('vbkpI5',0),('vblpKe',0),('vco5Ff',0),('vco5Hn',0),('vcpc8v',0),('vcpdDh',0),('vcpdEm',0),('vdtuGh',0),('vdv2Gq',0),('ve3zH5',0),('vf6d1t',0),('vg6dYh',0),('vgarSf',0),('vgbu5v',0),('vgc21n',0),('vgd357',0),('vhfgPv',0),('vhgl9b',0),('vhhoP7',0),('vhiqZk',0),('viis7e',0),('vijvJp',0),('vijxV8',0),('vik2Eh',0),('vik4Mi',0),('vimcH2',0),('vinh3r',0),('vionU5',0),('vipnXi',0),('vjokGc',0),('vjpoZp',0),('vjrvWo',0),('vjrzH2',0),('vkt78e',0),('vku9Jk',0),('vkubO6',0),('vkwkRy',0),('vkwm28',0),('vkwm3c',0),('vkysWu',0),('vkytXx',0),('vl28Oi',0),('vl28Sz',0),('vl29T2',0),('vlyu1f',0),('vlzwBg',0),('vm6qUt',0),('vm82C6',0),('vm84K4',0),('vm8zYp',0),('vmb97x',0),('vn94J2',0),('vncgW2',0),('vndkHe',0),('vneo1r',0),('vnfuQv',0),('voep46',0),('vofrBw',0),('vofuPo',0),('vogw27',0),('vogwYt',0),('voh1Hz',0),('voi5X2',0),('voi8Ev',0),('vplkS1',0),('vpmpCd',0),('vpnwDo',0),('vqrc24',0),('vqsjWp',0),('vqupQa',0),('vrwyU2',0),('vrx5Lb',0),('vrx6R1',0),('vrybA8',0),('vs3uOl',0),('vs4x27',0),('vs5y81',0),('vszgWw',0),('vt64Sc',0),('vt78Dq',0),('vt8g6e',0),('vt9lT4',0),('vuctTg',0),('vudyIe',0),('vue467',0),('vuezO4',0),('vugc35',0),('vugeC8',0),('vvgc23',0),('vvil4n',0),('vvkt8g',0),('vwncCf',0),('vwodI6',0),('vxrr8p',0),('vxrsFc',0),('vxrtIp',0),('vxt2I4',0),('vxu3Nr',0),('vywf3u',0),('vywg8l',0),('vyxh8j',0),('vyxhD3',0),('vyxjM7',0),('vz1xBg',0),('vz1xEq',0),('vz21Qc',0),('vz4bV7',0),('vz4bV8',0),('vz5hMf',0),('vzzrLd',0),('w147Hf',0),('w18qSg',0),('w18sX4',0),('w27kXt',0),('w27kZ1',0),('w2awF5',0),('w2axKr',0),('w2b27j',0),('w2ddFs',0),('w3gpW6',0),('w3htFe',0),('w3j2I3',0),('w4iy4b',0),('w4mh9k',0),('w4miGd',0),('w4njHh',0),('w4nmTy',0),('w5puUh',0),('w5pvYy',0),('w5s7F6',0),('w5tdZn',0),('w6s8Ik',0),('w6tcWd',0),('w6vn94',0),('w6wrUn',0),('w6xu8b',0),('w6z4D6',0),('w72eI2',0),('w7z4As',0),('w7z5Gg',0),('w83iY4',0),('w86vM7',0),('w9ciDx',0),('wbfvWn',0),('wbfx6v',0),('wbg3Sh',0),('wbh665',0),('wbh7Bn',0),('wbh8Hd',0),('wbid2x',0),('wbkkWm',0),('wclsUm',0),('wco21q',0),('wdo343',0),('wdqgNn',0),('wdrhTf',0),('wdspUt',0),('wdtqW2',0),('weutDx',0),('weuuGg',0),('weuxU4',0),('wevz5g',0),('wew4Mg',0),('wex7Xv',0),('wex82c',0),('wexcI8',0),('wf1mSs',0),('wf2sK4',0),('wf2tMf',0),('wf2vUf',0),('wf3yCd',0),('wf451g',0),('wg69Jo',0),('wg8iMc',0),('wg9oEk',0),('whczPb',0),('whd33x',0),('whfeEi',0),('wie8Qn',0),('wihl98',0),('wihlDn',0),('wihmDq',0),('wihnH6',0),('wihnJh',0),('wiioMu',0),('wiirZf',0),('wiis54',0),('wjl5Mh',0),('wjplKs',0),('wjpnU2',0),('wkplJn',0),('wkpp1v',0),('wkrx4h',0),('wks2Kg',0),('wkszFt',0),('wkt52j',0),('wkt62l',0),('wkt65x',0),('wkt79e',0),('wku8Du',0),('wl1469',0),('wlxoDf',0),('wlxpGt',0),('wlytXy',0),('wlzyKo',0),('wm27Lz',0),('wm28Rs',0),('wm5mDo',0),('wm5nKi',0),('wmzwBh',0),('wn6pSj',0),('wn8yV8',0),('wn8z1t',0),('wn916i',0),('wn92Aw',0),('wnb6Qu',0),('wocfSh',0),('wodj8e',0),('woelJk',0),('woeoXf',0),('wofq5a',0),('wphx4g',0),('wphzCb',0),('wpkdUx',0),('wpmmXn',0),('wpmn4f',0),('wpnsR8',0),('wqlkRv',0),('wqmn37',0),('wqow86',0),('wqoxFy',0),('wqpyKk',0),('wqrc1y',0),('wrrd6i',0),('wrsgJ1',0),('wrsgK7',0),('wrsiR3',0),('wruoJe',0),('wrvuBq',0),('wrx15f',0),('ws1h2m',0),('ws2kF5',0),('wsvuCr',0),('wswzYl',0),('wsy7Vi',0),('wt65Vs',0),('wu62I3',0),('wu9hBr',0),('wu9iGh',0),('wuajJt',0),('wubo5i',0),('wubo7o',0),('wvf6E5',0),('wwhgJz',0),('wwjnH2',0),('wwjpMo',0),('wwkqRd',0),('wwlwIi',0),('wwm27j',0),('wwn4Ir',0),('wwn6On',0),('wxmyRo',0),('wxpi5w',0),('wxqkBk',0),('wxqlF1',0),('wysr9o',0),('wystHm',0),('wywbKl',0),('wyxg55',0),('wz1v17',0),('wz2w6w',0),('wzwdPb',0),('wzxhAn',0),('wzylQo',0),('x133X4',0),('x15bU1',0),('x1xh55',0),('x1yh8j',0),('x26jUd',0),('x27kVj',0),('x28rVu',0),('x3c4Bv',0),('x3gmJi',0),('x4gpVy',0),('x4hr7d',0),('x4hsCy',0),('x4iwQr',0),('x4j2Fk',0),('x5k5Pw',0),('x5mdQ9',0),('x5ni8i',0),('x5nkJq',0),('x5qyBd',0),('x6puR3',0),('x6ue6h',0),('x717Qp',0),('x7wqPx',0),('x818S1',0),('x81aXo',0),('x84mIc',0),('x96tDz',0),('x96wRt',0),('x9719w',0),('xa97Z6',0),('xaacI8',0),('xabbFv',0),('xbdkHh',0),('xbfvUe',0),('xbgzEn',0),('xcgzEo',0),('xcmrQ5',0),('xdp6Gh',0),('xdp7Nb',0),('xdp8Rs',0),('xdrgPu',0),('xesiXv',0),('xesl99',0),('xeus41',0),('xevwQm',0),('xf1oYk',0),('xf2q8r',0),('xfx818',0),('xfycI6',0),('xfydLk',0),('xg1mPg',0),('xg3x7v',0),('xg43Q8',0),('xg4yA6',0),('xh68Ey',0),('xh8hFd',0),('xh9n5j',0),('xhapHx',0),('xhcyMw',0),('xie8Ru',0),('xifaWh',0),('xihjZ3',0),('xjioKi',0),('xjioNw',0),('xjjr1i',0),('xjjrX7',0),('xjkz1v',0),('xjm5Pr',0),('xkoh3r',0),('xkoi7a',0),('xkojDu',0),('xkpkHf',0),('xkrtL8',0),('xkruRw',0),('xkszEl',0),('xlswXq',0),('xlvf2t',0),('xlwjM8',0),('xlwkQq',0),('xlxn3c',0),('xm11So',0),('xm131m',0),('xm1zMw',0),('xm37L2',0),('xmxm24',0),('xmzsSb',0),('xn3bWg',0),('xn4d6k',0),('xn4d8u',0),('xn6l82',0),('xn6mEr',0),('xn6nI7',0),('xn6oLp',0),('xo7pQc',0),('xo7s4v',0),('xo8xN8',0),('xo929u',0),('xpdgUn',0),('xpfrD4',0),('xphx25',0),('xqliHk',0),('xqljJs',0),('xqmn3a',0),('xrnqIz',0),('xrpyH4',0),('xrpzNy',0),('xrq31n',0),('xrq6Dy',0),('xrr9Pg',0),('xssfC5',0),('xstgJ3',0),('xsuoI5',0),('xsvpLm',0),('xsvsZe',0),('xsvt67',0),('xsx4Fg',0),('xt1gVs',0),('xt4uL5',0),('xtwwHf',0),('xtxxQi',0),('xtz7Uc',0),('xu4vQp',0),('xu5zB6',0),('xu76Xx',0),('xu789b',0),('xv8cP7',0),('xvbkM6',0),('xvco6j',0),('xvdtTc',0),('xvf3Yc',0),('xwexBf',0),('xwihNh',0),('xxjm5p',0),('xxkrTk',0),('xxmyQj',0),('xyn5Ky',0),('xypfPy',0),('xyqgSe',0),('xyqlF2',0),('xyrmIe',0),('xytuL3',0),('xytuL4',0),('xyty26',0),('xyu2Fo',0),('xyu2Gr',0),('xzuz5i',0),('xzwdO3',0),('xzxg67',0),('xzyjFc',0),('y12uUe',0),('y1v2Ej',0),('y1w885',0),('y1yi8i',0),('y1yi9l',0),('y1zlRp',0),('y22uUf',0),('y23zGw',0),('y23zH3',0),('y2468d',0),('y25bRo',0),('y26dXg',0),('y26e5a',0),('y2zoZs',0),('y3asWv',0),('y3d8Ua',0),('y3d8Uc',0),('y4eb3a',0),('y4fgNn',0),('y4fiZ5',0),('y4giWs',0),('y4iuJs',0),('y5hqYg',0),('y5itBr',0),('y5jxU8',0),('y5jyXk',0),('y5ng3s',0),('y6nfTn',0),('y6njF5',0),('y6omU3',0),('y6pp5c',0),('y6qvZ2',0),('y7qvVi',0),('y7r1J9',0),('y7r1Ja',0),('y7t7Bk',0),('y7t8Gb',0),('y81343',0),('y8147i',0),('y82b22',0),('y82c38',0),('y83hR8',0),('y8xrSc',0),('y92c5j',0),('ya6r1m',0),('ya7wOg',0),('yb7z21',0),('yb819w',0),('yb83Hs',0),('yb95Qy',0),('ybbbFs',0),('ybbbFv',0),('ybcfTl',0),('ybcfTo',0),('ybdnTy',0),('yceq7k',0),('ycerFj',0),('ycfsGl',0),('ycgyA5',0),('ycgyA7',0),('ycgzGv',0),('ych2Mm',0),('ych4Un',0),('yckgC1',0),('ydjbN5',0),('ydjf8l',0),('ydkiJy',0),('ydmpEl',0),('ydoyKl',0),('yep5Bt',0),('yeq9U7',0),('yeshQz',0),('yesk6v',0),('yesl7z',0),('yesl86',0),('yftoMt',0),('yfus3u',0),('yfvxRp',0),('yfw17l',0),('yg1mQl',0),('ygw3D8',0),('ygybA8',0),('ygycFv',0),('ygzi5z',0),('yh4vVg',0),('yh4wWk',0),('yh4y6p',0),('yh5zDj',0),('yh69If',0),('yh9kQs',0),('yh9lVe',0),('yibn6n',0),('yibqI3',0),('yid1Qf',0),('yidxDr',0),('yie47g',0),('yjfbYm',0),('yjik4n',0),('yjimCj',0),('yjipP7',0),('yjjs2q',0),('yjkuCv',0),('ykl2Bx',0),('yklxOb',0),('ykm7Vj',0),('ylqnQg',0),('ylsvRw',0),('ylsx27',0),('ylsy4h',0),('ymvcP8',0),('ymxjL3',0),('ymxlU8',0),('ymxmXm',0),('ymztUl',0),('yn4eB1',0),('yo7rVw',0),('yo7rWy',0),('yo8wIl',0),('ypb6Ni',0),('ypdgTk',0),('yqfmJk',0),('yqi3Ot',0),('yqj4Q4',0),('yqkdQd',0),('yqkdSm',0),('yrmjJt',0),('yrnn38',0),('yrq1O2',0),('yrq3Yc',0),('ysr6E4',0),('yssbSw',0),('ystfDb',0),('ystgIu',0),('yt1dI3',0),('ytum7y',0),('yty3Bv',0),('ytzb5l',0),('yu1fPz',0),('yu4pXb',0),('yu4r58',0),('yu5wVd',0),('yuz7Pq',0),('yv61B6',0),('yv772h',0),('yv8874',0),('yv89Bg',0),('yvbjHj',0),('yvbkM6',0),('ywco6j',0),('ywcp8r',0),('ywdqB4',0),('ywdsNk',0),('ywdtPt',0),('ywf2Si',0),('ywf3W1',0),('ywhd2x',0),('yxg6Cr',0),('yxg7Hf',0),('yxie5d',0),('yxkm5l',0),('yxkrSh',0),('yylu64',0),('yymwIg',0),('yymzTt',0),('yyn22w',0),('yyo8S2',0),('yypb6m',0),('yyqfMn',0),('yyrlH8',0),('yzrkBh',0),('yzttE8',0),('yzuy23',0),('z1uxU7',0),('z1yiAm',0),('z22uQx',0),('z231Lk',0),('z242Nu',0),('z2yg2p',0),('z2ygZg',0),('z33x5n',0),('z33y83',0),('z344X3',0),('z35aN5',0),('z37hIu',0),('z37jS3',0),('z38m3d',0),('z4bu2k',0),('z4czRi',0),('z4czRj',0),('z4d343',0),('z4d48n',0),('z5feFm',0),('z5fgOq',0),('z5ghTe',0),('z5giYz',0),('z5is8k',0),('z6jvJr',0),('z6jxSx',0),('z6l86u',0),('z6ngZe',0),('z7s2P4',0),('z7t7Du',0),('z8t64r',0),('z8wjOk',0),('z928Sw',0),('z9zzRl',0),('za3d8t',0),('za4j2g',0),('zb6pQd',0),('zb6qUv',0),('zb7uF7',0),('zb7vJr',0),('zb83Eh',0),('zb8yVb',0),('zcb816',0),('zccdKi',0),('zcdkGa',0),('zcdlJm',0),('zcemN7',0),('zcenTv',0),('zcenTw',0),('zceoZp',0),('zdh2Mp',0),('zdjaIi',0),('zdjaJi',0),('zdkf7g',0),('zemo8v',0),('zempHw',0),('zenrLh',0),('zep6E7',0),('zfq48g',0),('zfsjWp',0),('zgvs2q',0),('zgwz1u',0),('zgybA8',0),('zgzgUr',0),('zh2nU1',0),('zh3q7k',0),('zh4wXo',0),('zh7aHb',0),('zi52Kd',0),('zi5z81',0),('zi5zDg',0),('zjcuZ4',0),('zjduZ6',0),('zje3Zj',0),('zjf58i',0),('zjf8M3',0),('zkhhOp',0),('zkkuBm',0),('zkm4Gn',0),('zll1Zp',0),('zlodJ8',0),('zlpi2m',0),('zmswUa',0),('zmt1Ek',0),('zmt2Ja',0),('zmu4Q2',0),('zmu4R8',0),('zmvbLr',0),('zmvcNy',0),('zn1v2g',0),('znv9Et',0),('znxkQo',0),('znzsNm',0),('zo21Q8',0),('zo48Jr',0),('zo4bVb',0),('zo5fDb',0),('zo5gJ1',0),('zo6l6r',0),('zp6hMf',0),('zp6iRz',0),('zp6l5n',0),('zp8sYa',0),('zp9vE1',0),('zp9wJn',0),('zpaxPe',0),('zpb11r',0),('zpc9Zz',0),('zqc6Oj',0),('zqda15',0),('zqefPz',0),('zqegRa',0),('zqflG4',0),('zrlbIf',0),('zrlbJh',0),('zrmjHj',0),('zspuWs',0),('zspyGy',0),('zsr3W2',0),('zsr42p',0),('ztr57a',0),('zts8Lz',0),('ztthK2',0),('ztukZ1',0),('ztul15',0),('ztyzWc',0),('zu1a12',0),('zu1a27',0),('zu1c8x',0),('zuy246',0),('zuy36g',0),('zuyzUz',0),('zuz4Bw',0),('zuz4D4',0),('zv2eGu',0),('zv4oPb',0),('zv4pYh',0),('zv5uHm',0),('zv61C9',0),('zv72Hx',0),('zw85Tf',0),('zw86Vm',0),('zw872f',0),('zw8aCm',0),('zwcmV8',0),('zxfw5o',0),('zxfzG1',0),('zxhcV8',0),('zxjiPo',0),('zyicTy',0),('zyjjQu',0),('zylpKg',0),('zylrQ3',0),('zylrSe',0),('11qfIy',1),('11rhTe',1),('11rj1c',1),('11sk4q',1),('11sk6w',1),('11snNw',1),('11tr1l',1),('121p5e',1),('122sIu',1),('12uvJr',1),('12w4K6',1),('12w4Nl',1),('12ycG2',1),('12ydLn',1),('12zh4v',1),('131p34',1),('132sHr',1),('13552m',1),('135676',1),('14bsUn',1),('15cv9d',1),('15dzO5',1),('15e7L4',1),('15e8Rs',1),('15e9T1',1),('15fc4b',1),('15feGq',1),('16giTe',1),('16is3v',1),('16kzZt',1),('17m6S5',1),('17plLy',1),('18ruQu',1),('18rwWo',1),('18sy8z',1),('18u8Ev',1),('18u8G5',1),('18u9Hc',1),('18u9Hd',1),('18udU1',1),('18vg9q',1),('18wkRv',1),('19vcSn',1),('19wiJw',1),('19xoB6',1),('19yqLf',1),('1a11Ux',1),('1axn4f',1),('1azu1e',1),('1b13Zk',1),('1b3bWf',1),('1b3d8u',1),('1b3eEh',1),('1b6mEr',1),('1b6oO1',1),('1b7t7c',1),('1ccfUp',1),('1dcdJc',1),('1ddi76',1),('1dgx12',1),('1dhzEk',1),('1ei64s',1),('1ej75w',1),('1ellVc',1),('1emmXm',1),('1fmn5h',1),('1fnqHu',1),('1fov4q',1),('1fow72',1),('1fp3Xb',1),('1fpzLo',1),('1gtjXt',1),('1gtmDn',1),('1gunDn',1),('1gvrYb',1),('1gvt66',1),('1h2lIg',1),('1hwvF7',1),('1hzcDi',1),('1hzcEn',1),('1i4sC2',1),('1i4uL7',1),('1i4wUc',1),('1i5zB7',1),('1i63Nn',1),('1jduY2',1),('1jdw6v',1),('1kdw6x',1),('1kf58i',1),('1kf7Hh',1),('1kg9Od',1),('1kgaRq',1),('1kihOm',1),('1lkrX6',1),('1llt77',1),('1lmzXh',1),('1ln4Gj',1),('1locEn',1),('1mpgRb',1),('1mpi1g',1),('1msuL4',1),('1msvOh',1),('1ntxZx',1),('1nu5Um',1),('1nv74o',1),('1nv887',1),('1nv88a',1),('1nwdQf',1),('1nxh7e',1),('1nykN9',1),('1o1sLe',1),('1o1uYy',1),('1o32Rh',1),('1o32Sk',1),('1oxeUt',1),('1oynYo',1),('1p5bSt',1),('1p6jT7',1),('1p8sY6',1),('1pawHc',1),('1rgq2v',1),('1rhtE5',1),('1riuJs',1),('1rj4Q1',1),('1smiE5',1),('1snkOe',1),('1snmWd',1),('1tonXk',1),('1tpvZ4',1),('1tr2Rd',1),('1v18Vd',1),('1v2c8w',1),('1v4pTq',1),('1v5r57',1),('1v5s8k',1),('1vyxIi',1),('1vz4Bt',1),('1w9aCk',1),('1wbeTo',1),('1xbeTn',1),('1xbfW2',1),('1xbh67',1),('1xckKs',1),('1xdp7l',1),('1xdqAx',1),('1yg1Mn',1),('1ygzH4',1),('1yh7Cq',1),('1yicU3',1),('1yjgBx',1),('1yklZw',1),('1zklYt',1),('1zmu6y',1),('1zmvBj',1),('1znyMu',1),('1zo5Hl',1),('21nv9e',1),('21nxF1',1),('21nxG3',1),('21p4Bv',1),('21p5D2',1),('21qaVe',1),('21rgMh',1),('21rgNn',1),('22smEt',1),('22tqVz',1),('22tqW2',1),('231lM1',1),('231oXf',1),('233tMe',1),('233x4k',1),('243sIv',1),('2451Jc',1),('2454Wx',1),('2467Bk',1),('2469G8',1),('248hD6',1),('25bqLe',1),('25brNp',1),('25brOs',1),('25brOt',1),('25d2Xa',1),('25dxHb',1),('25dyKl',1),('26f8Rr',1),('26hjXt',1),('26hjYy',1),('26hl99',1),('26inH7',1),('27js3t',1),('27lyXg',1),('27m83g',1),('27ofUo',1),('28ofP4',1),('28qnTt',1),('28qp32',1),('28qp45',1),('28qrAu',1),('28swYu',1),('29t4Um',1),('29vdUz',1),('2auaHd',1),('2avbJl',1),('2awf55',1),('2b39Qp',1),('2bzv4q',1),('2c5hPs',1),('2c6l5r',1),('2c8wJq',1),('2db5La',1),('2db8Xq',1),('2dekF2',1),('2eekCp',1),('2efnOa',1),('2efpYk',1),('2egtHo',1),('2ehwXq',1),('2ehzA4',1),('2fmn3a',1),('2fnqGp',1),('2fnqI1',1),('2hvrX4',1),('2hwuBo',1),('2hy7Vg',1),('2i2kDs',1),('2i2lJl',1),('2i4r8n',1),('2i5vOk',1),('2j5xZx',1),('2j61B7',1),('2j6y3c',1),('2j76Y2',1),('2j8bKl',1),('2kah7g',1),('2kbiCx',1),('2lf3X7',1),('2lg566',1),('2lg6Am',1),('2lijTd',1),('2ljm6t',1),('2llu76',1),('2mlsZc',1),('2mmyQh',1),('2mn5Jw',1),('2npc8w',1),('2npeJa',1),('2nstEa',1),('2ntwRu',1),('2ntxZt',1),('2nv874',1),('2oxdO4',1),('2oznZr',1),('2ozo36',1),('2ozqC4',1),('2p2w5r',1),('2p2xBg',1),('2p31Ox',1),('2p48Ly',1),('2pzlRr',1),('2q6iMb',1),('2q8qNs',1),('2q9sVq',1),('2q9t2j',1),('2qavBl',1),('2qawHd',1),('2qbwG8',1),('2qc22t',1),('2reeFp',1),('2reeGr',1),('2shqYd',1),('2smeTo',1),('2tlbG3',1),('2tmeQc',1),('2tnkKu',1),('2tonWe',1),('2tpp7p',1);

--
-- Table structure for table `short_url`
--

CREATE TABLE `short_url` (
  `short_url` varchar(20) NOT NULL,
  `long_url` text NOT NULL,
  `allocation_date` datetime NOT NULL,
  `expiry_date` datetime DEFAULT NULL,
  `status` int(11) DEFAULT '0',
  `used_count` int(11) DEFAULT NULL,
  PRIMARY KEY (`short_url`),
  KEY `long_url` (`long_url`(255)),
  KEY `allocation_date` (`allocation_date`),
  KEY `expiry_date` (`expiry_date`),
  KEY `status` (`status`)
) ENGINE=InnoDB DEFAULT CHARSET=latin1;

--
-- Dumping data for table `short_url`
--

INSERT INTO `short_url` VALUES ('11qfIy','https://profiles.innermetrix.com/VO/e47a0f52/en','2019-06-28 16:52:53','2019-06-30 16:52:53',0,1),('11rhTe','https://profiles.innermetrix.com/VO/e47a0f52/en','2019-06-28 16:52:53','2019-06-30 16:52:53',0,NULL),('11rj1c','https://profiles.innermetrix.com/VO/123617f1/en','2019-06-29 14:25:12','2019-07-01 14:25:12',0,1),('11sk4q','https://profiles.innermetrix.com/VO/123617f1/en','2019-06-30 14:40:21','2019-07-02 14:40:21',0,1),('11sk6w','https://profiles.innermetrix.com/VO/123617f1/en','2019-06-30 14:41:40','2019-07-02 14:41:40',0,NULL),('11snNw','https://profiles.innermetrix.com/VO/123617f1/en','2019-06-30 14:41:40','2019-07-02 14:41:40',0,NULL),('11tr1l','https://profiles.innermetrix.com/VO/123617f1/en','2019-06-30 14:41:40','2019-07-02 14:41:40',0,NULL),('121p5e','https://profiles.innermetrix.com/VO/e47a0f52/en','2019-06-30 15:11:01','2019-07-02 15:11:01',0,4),('122sIu','https://profiles.innermetrix.com/VO/e47a0f52/en','2020-04-08 14:46:12','2020-04-10 14:46:12',0,1),('12uvJr','https://profiles.innermetrix.com/VO/e47a0f52/en','2020-04-08 17:28:39','2020-04-10 17:28:39',0,NULL),('12w4K6','https://profiles.innermetrix.com/VO/6be334d5/en','2020-04-08 17:30:10','2020-04-10 17:30:10',0,NULL),('12w4Nl','https://profiles.innermetrix.com/VO/6be334d5/en','2020-04-08 17:32:04','2020-04-10 17:32:04',0,NULL),('12ycG2','https://profiles.innermetrix.com/VO/123617f1/en','2020-04-08 17:48:55','2020-04-10 17:48:55',0,NULL),('12ydLn','https://profiles.innermetrix.com/VO/6be334d5/en','2020-04-09 10:13:36','2020-04-11 10:13:36',0,NULL),('12zh4v','https://profiles.innermetrix.com/VO/123617f1/en','2020-04-09 10:15:07','2020-04-11 10:15:07',0,1),('131p34','https://profiles.innermetrix.com/VO/e47a0f52/en','2020-04-09 11:24:17','2020-04-11 11:24:17',0,NULL),('132sHr','https://profiles.innermetrix.com/VO/e47a0f52/en','2020-04-09 11:30:39','2020-04-11 11:30:39',0,1),('13552m','https://profiles.innermetrix.com/VO/e47a0f52/en','2020-04-09 12:43:30','2020-04-11 12:43:30',0,NULL),('135676','https://profiles.innermetrix.com/VO/123617f1/en','2020-04-10 12:52:37','2020-04-12 12:52:37',0,NULL),('14bsUn','https://profiles.innermetrix.com/VO/123617f1/en','2020-04-10 12:58:39','2020-04-12 12:58:39',0,1),('15cv9d','https://profiles.innermetrix.com/VO/6be334d5/en','2020-04-10 13:04:00','2020-04-12 13:04:00',0,NULL),('15dzO5','https://profiles.innermetrix.com/VO/6be334d5/en','2020-04-10 13:16:44','2020-04-12 13:16:44',0,1),('15e7L4','https://profiles.innermetrix.com/VO/e47a0f52/en','2020-04-10 13:56:24','2020-04-12 13:56:24',0,NULL),('15e8Rs','https://profiles.innermetrix.com/VO/6be334d5/en','2020-04-10 14:30:27','2020-04-12 14:30:27',0,NULL),('15e9T1','https://profiles.innermetrix.com/VO/e47a0f52/en','2020-04-10 14:34:26','2020-04-12 14:34:26',0,NULL),('15fc4b','https://profiles.innermetrix.com/VO/6be334d5/en','2020-04-12 19:48:54','2020-04-14 19:48:54',0,NULL),('15feGq','https://profiles.innermetrix.com/VO/6be334d5/en','2020-04-12 19:56:34','2020-04-14 19:56:34',0,NULL),('16giTe','https://profiles.innermetrix.com/VO/e47a0f52/en','2020-04-12 20:44:09','2020-04-14 20:44:09',0,NULL),('16is3v','https://profiles.innermetrix.com/VO/123617f1/en','2020-04-12 20:51:39','2020-04-14 20:51:39',0,NULL),('16kzZt','https://profiles.innermetrix.com/VO/6be334d5/en','2020-04-12 20:53:52','2020-04-14 20:53:52',0,NULL),('17m6S5','https://profiles.innermetrix.com/VO/123617f1/en','2020-04-13 08:24:59','2020-04-15 08:24:59',0,NULL),('17plLy','https://profiles.innermetrix.com/VO/123617f1/en','2020-04-13 09:18:29','2020-04-15 09:18:29',0,NULL),('18ruQu','https://profiles.innermetrix.com/VO/123617f1/en','2020-04-13 09:30:23','2020-04-15 09:30:23',0,NULL),('18rwWo','https://profiles.innermetrix.com/VO/e47a0f52/en','2020-04-13 09:36:41','2020-04-15 09:36:41',0,NULL),('18sy8z','https://profiles.innermetrix.com/VO/123617f1/en','2020-04-13 09:49:24','2020-04-15 09:49:24',0,NULL),('18u8Ev','https://profiles.innermetrix.com/VO/e47a0f52/en','2020-04-13 10:02:35','2020-04-15 10:02:35',0,NULL),('18vg9q','https://profiles.innermetrix.com/VO/6be334d5/en','2020-04-13 10:48:11','2020-04-15 10:48:11',0,NULL),('18wkRv','https://profiles.innermetrix.com/VO/123617f1/en','2020-04-13 10:57:44','2020-04-15 10:57:44',0,NULL),('19vcSn','https://profiles.innermetrix.com/VO/123617f1/en','2020-04-13 11:00:18','2020-04-15 11:00:18',0,NULL),('19wiJw','https://profiles.innermetrix.com/VO/e47a0f52/en','2020-04-13 11:02:13','2020-04-15 11:02:13',0,NULL),('19xoB6','https://profiles.innermetrix.com/VO/e47a0f52/en','2020-04-13 11:03:31','2020-04-15 11:03:31',0,NULL),('19yqLf','https://profiles.innermetrix.com/VO/123617f1/en','2020-04-13 11:06:05','2020-04-15 11:06:05',0,NULL),('1a11Ux','https://profiles.innermetrix.com/VO/e47a0f52/en','2020-04-13 11:08:25','2020-04-15 11:08:25',0,NULL),('1axn4f','https://profiles.innermetrix.com/VO/6be334d5/en','2020-04-13 11:16:00','2020-04-15 11:16:00',0,NULL),('1azu1e','https://profiles.innermetrix.com/VO/6be334d5/en','2020-04-13 11:17:21','2020-04-15 11:17:21',0,NULL),('1b13Zk','https://profiles.innermetrix.com/VO/6be334d5/en','2020-04-13 11:24:05','2020-04-15 11:24:05',0,NULL),('1b3bWf','https://profiles.innermetrix.com/VO/123617f1/en','2020-04-13 11:27:59','2020-04-15 11:27:59',0,NULL),('1b3d8u','https://profiles.innermetrix.com/VO/6be334d5/en','2020-04-13 11:33:56','2020-04-15 11:33:56',0,NULL),('1b3eEh','https://profiles.innermetrix.com/VO/e47a0f52/en','2020-04-13 11:36:28','2020-04-15 11:36:28',0,NULL),('1b6mEr','https://profiles.innermetrix.com/VO/6be334d5/en','2020-04-13 13:25:43','2020-04-15 13:25:43',0,NULL),('1b6oO1','https://profiles.innermetrix.com/VO/123617f1/en','2020-04-13 13:27:42','2020-04-15 13:27:42',0,NULL),('1b7t7c','https://profiles.innermetrix.com/VO/e47a0f52/en','2020-04-13 13:36:26','2020-04-15 13:36:26',0,NULL),('1ccfUp','https://profiles.innermetrix.com/VO/e47a0f52/en','2020-04-13 13:46:26','2020-04-15 13:46:26',0,NULL),('1dcdJc','https://profiles.innermetrix.com/VO/123617f1/en','2020-04-13 13:49:04','2020-04-15 13:49:04',0,NULL),('1ddi76','https://profiles.innermetrix.com/VO/123617f1/en','2020-04-13 15:59:03','2020-04-15 15:59:03',0,NULL),('1dgx12','https://profiles.innermetrix.com/VO/123617f1/en','2020-04-13 16:07:07','2020-04-15 16:07:07',0,NULL),('1dhzEk','https://profiles.innermetrix.com/VO/e47a0f52/en','2020-04-13 16:11:29','2020-04-15 16:11:29',0,NULL),('1ei64s','https://profiles.innermetrix.com/VO/6be334d5/en','2020-04-13 16:30:14','2020-04-15 16:30:14',0,NULL),('1ej75w','https://profiles.innermetrix.com/VO/e47a0f52/en','2020-04-13 17:13:08','2020-04-15 17:13:08',0,NULL),('1ellVc','https://profiles.innermetrix.com/VO/123617f1/en','2020-04-13 17:36:44','2020-04-15 17:36:44',0,NULL),('1emmXm','https://profiles.innermetrix.com/VO/123617f1/en','2020-04-13 17:39:34','2020-04-15 17:39:34',0,NULL),('1fmn5h','https://profiles.innermetrix.com/VO/6be334d5/en','2020-04-13 17:45:13','2020-04-15 17:45:13',0,NULL),('1fnqHu','https://profiles.innermetrix.com/VO/6be334d5/en','2020-04-13 17:55:29','2020-04-15 17:55:29',0,NULL),('1fov4q','https://profiles.innermetrix.com/VO/123617f1/en','2020-04-13 18:16:24','2020-04-15 18:16:24',0,NULL),('1fow72','https://profiles.innermetrix.com/VO/e47a0f52/en','2020-04-13 18:37:32','2020-04-15 18:37:32',0,NULL),('1fp3Xb','https://profiles.innermetrix.com/VO/123617f1/en','2020-04-13 18:46:44','2020-04-15 18:46:44',0,NULL),('1fpzLo','https://profiles.innermetrix.com/VO/6be334d5/en','2020-04-13 18:53:26','2020-04-15 18:53:26',0,NULL),('1gtjXt','https://profiles.innermetrix.com/VO/e47a0f52/en','2020-04-13 19:28:29','2020-04-15 19:28:29',0,NULL),('1gtmDn','https://profiles.innermetrix.com/VO/e47a0f52/en','2020-04-13 19:34:38','2020-04-15 19:34:38',0,NULL),('1gunDn','https://profiles.innermetrix.com/VO/123617f1/en','2020-04-13 19:42:46','2020-04-15 19:42:46',0,NULL),('1gvrYb','https://profiles.innermetrix.com/VO/123617f1/en','2020-04-13 19:45:20','2020-04-15 19:45:20',0,NULL),('1gvt66','https://profiles.innermetrix.com/VO/e47a0f52/en','2020-04-14 09:43:12','2020-04-16 09:43:12',0,NULL),('1h2lIg','https://profiles.innermetrix.com/VO/123617f1/en','2020-04-14 09:55:09','2020-04-16 09:55:09',0,NULL),('1hwvF7','https://profiles.innermetrix.com/VO/123617f1/en','2020-04-14 09:56:49','2020-04-16 09:56:49',0,NULL),('1hzcDi','https://profiles.innermetrix.com/VO/6be334d5/en','2020-04-14 09:58:21','2020-04-16 09:58:21',0,NULL),('1hzcEn','https://profiles.innermetrix.com/VO/e47a0f52/en','2020-04-14 10:15:19','2020-04-16 10:15:19',0,NULL),('1i4sC2','https://profiles.innermetrix.com/VO/6be334d5/en','2020-04-14 10:20:58','2020-04-16 10:20:58',0,NULL),('1i4uL7','https://profiles.innermetrix.com/VO/123617f1/en','2020-04-14 10:42:15','2020-04-16 10:42:15',0,NULL),('1i4wUc','https://profiles.innermetrix.com/VO/123617f1/en','2020-04-14 10:54:41','2020-04-16 10:54:41',0,NULL),('1i5zB7','https://profiles.innermetrix.com/VO/123617f1/en','2020-04-14 10:59:55','2020-04-16 10:59:55',0,NULL),('1i63Nn','https://profiles.innermetrix.com/VO/6be334d5/en','2020-04-14 11:10:12','2020-04-16 11:10:12',0,NULL),('1jduY2','https://profiles.innermetrix.com/VO/6be334d5/en','2020-04-14 11:17:39','2020-04-16 11:17:39',0,NULL),('1jdw6v','https://profiles.innermetrix.com/VO/123617f1/en','2020-04-14 11:26:51','2020-04-16 11:26:51',0,NULL),('1kdw6x','https://profiles.innermetrix.com/VO/6be334d5/en','2020-04-14 11:37:07','2020-04-16 11:37:07',0,NULL),('1kf58i','https://profiles.innermetrix.com/VO/e47a0f52/en','2020-04-14 11:49:19','2020-04-16 11:49:19',0,NULL),('1kf7Hh','https://profiles.innermetrix.com/VO/6be334d5/en','2020-04-14 11:56:11','2020-04-16 11:56:11',0,NULL),('1kg9Od','https://profiles.innermetrix.com/VO/e47a0f52/en','2020-04-14 12:04:55','2020-04-16 12:04:55',0,NULL),('1kgaRq','https://profiles.innermetrix.com/VO/e47a0f52/en','2020-04-14 12:11:13','2020-04-16 12:11:13',0,NULL),('1kihOm','https://profiles.innermetrix.com/VO/e47a0f52/en','2020-04-14 12:21:18','2020-04-16 12:21:18',0,NULL),('1lkrX6','https://profiles.innermetrix.com/VO/6be334d5/en','2020-04-14 12:24:48','2020-04-16 12:24:48',0,NULL),('1llt77','https://profiles.innermetrix.com/VO/e47a0f52/en','2020-04-14 12:28:04','2020-04-16 12:28:04',0,NULL),('1lmzXh','https://profiles.innermetrix.com/VO/6be334d5/en','2020-04-14 12:35:53','2020-04-16 12:35:53',0,NULL),('1ln4Gj','https://profiles.innermetrix.com/VO/6be334d5/en','2020-04-14 12:41:40','2020-04-16 12:41:40',0,NULL),('1locEn','https://profiles.innermetrix.com/VO/e47a0f52/en','2020-04-14 12:46:08','2020-04-16 12:46:08',0,NULL),('1mpgRb','https://profiles.innermetrix.com/VO/e47a0f52/en','2020-04-14 12:54:07','2020-04-16 12:54:07',0,NULL),('1mpi1g','https://profiles.innermetrix.com/VO/6be334d5/en','2020-04-14 12:59:35','2020-04-16 12:59:35',0,NULL),('1msvOh','https://profiles.innermetrix.com/VO/e47a0f52/en','2020-04-14 13:06:46','2020-04-16 13:06:46',0,NULL),('1ntxZx','https://profiles.innermetrix.com/VO/e47a0f52/en','2020-04-14 13:12:23','2020-04-16 13:12:23',0,NULL),('1nu5Um','https://profiles.innermetrix.com/VO/123617f1/en','2020-04-14 13:15:58','2020-04-16 13:15:58',0,NULL),('1nv74o','https://profiles.innermetrix.com/VO/e47a0f52/en','2020-04-14 13:19:56','2020-04-16 13:19:56',0,NULL),('1nv887','https://profiles.innermetrix.com/VO/e47a0f52/en','2020-04-14 13:24:44','2020-04-16 13:24:44',0,NULL),('1nv88a','https://profiles.innermetrix.com/VO/123617f1/en','2020-04-14 13:28:40','2020-04-16 13:28:40',0,NULL),('1nwdQf','https://profiles.innermetrix.com/VO/e47a0f52/en','2020-04-14 13:30:33','2020-04-16 13:30:33',0,NULL),('1nxh7e','https://profiles.innermetrix.com/VO/e47a0f52/en','2020-04-14 13:37:58','2020-04-16 13:37:58',0,NULL),('1nykN9','https://profiles.innermetrix.com/VO/e47a0f52/en','2020-04-14 13:43:13','2020-04-16 13:43:13',0,NULL),('1o1sLe','https://profiles.innermetrix.com/VO/e47a0f52/en','2020-04-14 14:05:12','2020-04-16 14:05:12',0,NULL),('1o1uYy','https://profiles.innermetrix.com/VO/123617f1/en','2020-04-14 14:23:34','2020-04-16 14:23:34',0,NULL),('1o32Rh','https://profiles.innermetrix.com/VO/123617f1/en','2020-04-14 14:27:07','2020-04-16 14:27:07',0,NULL),('1o32Sk','https://profiles.innermetrix.com/VO/e47a0f52/en','2020-04-14 14:35:37','2020-04-16 14:35:37',0,NULL),('1oxeUt','https://profiles.innermetrix.com/VO/6be334d5/en','2020-04-14 14:45:43','2020-04-16 14:45:43',0,1),('1oynYo','https://profiles.innermetrix.com/VO/123617f1/en','2020-04-14 14:56:42','2020-04-16 14:56:42',0,NULL),('1p5bSt','https://profiles.innermetrix.com/VO/e47a0f52/en','2020-04-14 15:09:17','2020-04-16 15:09:17',0,NULL),('1p6jT7','https://profiles.innermetrix.com/VO/6be334d5/en','2020-04-14 15:17:15','2020-04-16 15:17:15',0,NULL),('1p8sY6','https://profiles.innermetrix.com/VO/6be334d5/en','2020-04-14 15:26:08','2020-04-16 15:26:08',0,NULL),('1pawHc','https://profiles.innermetrix.com/VO/6be334d5/en','2020-04-14 15:35:15','2020-04-16 15:35:15',0,NULL),('1rgq2v','https://profiles.innermetrix.com/VO/123617f1/en','2020-04-14 15:42:46','2020-04-16 15:42:46',0,NULL),('1rhtE5','https://profiles.innermetrix.com/VO/6be334d5/en','2020-04-14 15:56:20','2020-04-16 15:56:20',0,NULL),('1riuJs','https://profiles.innermetrix.com/VO/e47a0f52/en','2020-04-14 16:02:23','2020-04-16 16:02:23',0,NULL),('1rj4Q1','https://profiles.innermetrix.com/VO/123617f1/en','2020-04-14 16:05:53','2020-04-16 16:05:53',0,NULL),('1smiE5','https://profiles.innermetrix.com/VO/123617f1/en','2020-04-14 16:09:34','2020-04-16 16:09:34',0,NULL),('1snkOe','https://profiles.innermetrix.com/VO/e47a0f52/en','2020-04-14 16:18:23','2020-04-16 16:18:23',0,NULL),('1snmWd','https://profiles.innermetrix.com/VO/123617f1/en','2020-04-14 16:19:54','2020-04-16 16:19:54',0,NULL),('1tonXk','https://profiles.innermetrix.com/VO/e47a0f52/en','2020-04-15 10:31:34','2020-04-17 10:31:34',0,1),('1tpvZ4','https://profiles.innermetrix.com/VO/0485a918/en','2020-04-15 13:01:28','2020-04-17 13:01:28',0,1),('1tr2Rd','https://profiles.innermetrix.com/VO/0485a918/en','2020-04-15 13:21:46','2020-04-17 13:21:46',0,NULL),('1v18Vd','https://profiles.innermetrix.com/VO/0485a918/en','2020-04-15 13:21:46','2020-04-17 13:21:46',0,NULL),('1v2c8w','https://profiles.innermetrix.com/VO/0485a918/en','2020-04-15 13:32:40','2020-04-17 13:32:40',0,NULL),('1v4pTq','https://profiles.innermetrix.com/VO/0485a918/en','2020-04-15 13:32:40','2020-04-17 13:32:40',0,NULL),('1v5r57','https://profiles.innermetrix.com/VO/0485a918/en','2020-04-15 13:43:55','2020-04-17 13:43:55',0,NULL),('1v5s8k','https://profiles.innermetrix.com/VO/0485a918/en','2020-04-15 13:43:55','2020-04-17 13:43:55',0,NULL),('1vyxIi','https://profiles.innermetrix.com/VO/0485a918/en','2020-04-15 14:00:47','2020-04-17 14:00:47',0,1),('1vz4Bt','https://profiles.innermetrix.com/VO/0485a918/en','2020-04-15 14:00:47','2020-04-17 14:00:47',0,NULL),('1w9aCk','https://profiles.innermetrix.com/VO/0485a918/en','2020-04-15 14:09:15','2020-04-17 14:09:15',0,NULL),('1wbeTo','https://profiles.innermetrix.com/VO/0485a918/en','2020-04-15 14:09:15','2020-04-17 14:09:15',0,NULL),('1xbeTn','https://profiles.innermetrix.com/VO/0485a918/en','2020-04-15 14:12:20','2020-04-17 14:12:20',0,NULL),('1xbfW2','https://profiles.innermetrix.com/VO/0485a918/en','2020-04-15 14:12:20','2020-04-17 14:12:20',0,NULL),('1xbh67','https://profiles.innermetrix.com/VO/0485a918/en','2020-04-15 14:18:29','2020-04-17 14:18:29',0,NULL),('1xckKs','https://profiles.innermetrix.com/VO/0485a918/en','2020-04-15 14:18:29','2020-04-17 14:18:29',0,NULL),('1xdp7l','https://profiles.innermetrix.com/VO/0485a918/en','2020-04-15 14:34:35','2020-04-17 14:34:35',0,NULL),('1xdqAx','https://profiles.innermetrix.com/VO/0485a918/en','2020-04-15 14:34:35','2020-04-17 14:34:35',0,NULL),('1yg1Mn','https://profiles.innermetrix.com/VO/0485a918/en','2020-04-15 14:36:53','2020-04-17 14:36:53',0,NULL),('1ygzH4','https://profiles.innermetrix.com/VO/0485a918/en','2020-04-15 14:36:53','2020-04-17 14:36:53',0,NULL),('1yh7Cq','https://profiles.innermetrix.com/VO/0485a918/en','2020-04-15 14:45:18','2020-04-17 14:45:18',0,NULL),('1yicU3','https://profiles.innermetrix.com/VO/0485a918/en','2020-04-15 14:45:18','2020-04-17 14:45:18',0,NULL),('1yjgBx','https://profiles.innermetrix.com/VO/0485a918/en','2020-04-15 14:57:31','2020-04-17 14:57:31',0,NULL),('1yklZw','https://profiles.innermetrix.com/VO/0485a918/en','2020-04-15 14:57:31','2020-04-17 14:57:31',0,NULL),('1zklYt','https://profiles.innermetrix.com/VO/0485a918/en','2020-04-16 12:10:09','2020-04-18 12:10:09',0,NULL),('1zmu6y','https://profiles.innermetrix.com/VO/0485a918/en','2020-04-16 12:10:09','2020-04-18 12:10:09',0,NULL),('1zmvBj','https://profiles.innermetrix.com/VO/0485a918/en','2020-04-16 13:18:00','2020-04-18 13:18:00',0,NULL),('1znyMu','https://profiles.innermetrix.com/VO/0485a918/en','2020-04-16 13:18:00','2020-04-18 13:18:00',0,NULL),('1zo5Hl','https://profiles.innermetrix.com/VO/0485a918/en','2020-04-16 13:29:34','2020-04-18 13:29:34',0,NULL),('21nv9e','https://profiles.innermetrix.com/VO/0485a918/en','2020-04-16 13:29:34','2020-04-18 13:29:34',0,NULL),('21nxF1','https://profiles.innermetrix.com/VO/0485a918/en','2020-04-16 13:47:09','2020-04-18 13:47:09',0,NULL),('21nxG3','https://profiles.innermetrix.com/VO/0485a918/en','2020-04-16 13:47:09','2020-04-18 13:47:09',0,NULL),('21p4Bv','https://profiles.innermetrix.com/VO/0485a918/en','2020-04-16 15:10:21','2020-04-18 15:10:21',0,NULL),('21p5D2','https://profiles.innermetrix.com/VO/0485a918/en','2020-04-16 15:10:21','2020-04-18 15:10:21',0,NULL),('21qaVe','https://profiles.innermetrix.com/VO/0485a918/en','2020-04-16 16:14:43','2020-04-18 16:14:43',0,NULL),('21rgMh','https://profiles.innermetrix.com/VO/0485a918/en','2020-04-16 16:14:43','2020-04-18 16:14:43',0,NULL),('21rgNn','https://profiles.innermetrix.com/VO/0485a918/en','2020-04-16 16:17:13','2020-04-18 16:17:13',0,1),('22smEt','https://profiles.innermetrix.com/VO/6be334d5/en','2020-04-16 16:17:14','2020-04-18 16:17:14',0,1),('22tqVz','https://profiles.innermetrix.com/VO/0485a918/en','2020-04-16 16:31:38','2020-04-18 16:31:38',0,NULL),('22tqW2','https://profiles.innermetrix.com/VO/123617f1/en','2020-04-16 16:31:39','2020-04-18 16:31:39',0,NULL),('231oXf','https://profiles.innermetrix.com/VO/0485a918/en','2020-04-16 16:49:09','2020-04-18 16:49:09',0,NULL),('233tMe','https://profiles.innermetrix.com/VO/123617f1/en','2020-04-16 16:49:09','2020-04-18 16:49:09',0,NULL),('233x4k','https://profiles.innermetrix.com/VO/0485a918/en','2020-04-16 17:09:06','2020-04-18 17:09:06',0,NULL),('243sIv','https://profiles.innermetrix.com/VO/e47a0f52/en','2020-04-16 17:09:07','2020-04-18 17:09:07',0,NULL),('2451Jc','https://profiles.innermetrix.com/VO/0485a918/en','2020-04-16 17:27:34','2020-04-18 17:27:34',0,NULL),('2454Wx','https://profiles.innermetrix.com/VO/123617f1/en','2020-04-16 17:27:35','2020-04-18 17:27:35',0,NULL),('2467Bk','https://profiles.innermetrix.com/VO/0485a918/en','2020-04-16 17:32:09','2020-04-18 17:32:09',0,NULL),('2469G8','https://profiles.innermetrix.com/VO/6be334d5/en','2020-04-16 17:32:10','2020-04-18 17:32:10',0,NULL),('248hD6','https://profiles.innermetrix.com/VO/0485a918/en','2020-04-16 17:37:03','2020-04-18 17:37:03',0,NULL),('25bqLe','https://profiles.innermetrix.com/VO/6be334d5/en','2020-04-16 17:37:04','2020-04-18 17:37:04',0,NULL),('25brNp','https://profiles.innermetrix.com/VO/0485a918/en','2020-04-16 17:46:21','2020-04-18 17:46:21',0,NULL),('25brOs','https://profiles.innermetrix.com/VO/e47a0f52/en','2020-04-16 17:46:22','2020-04-18 17:46:22',0,NULL),('25brOt','https://profiles.innermetrix.com/VO/0485a918/en','2020-04-16 17:49:12','2020-04-18 17:49:12',0,NULL),('25d2Xa','https://profiles.innermetrix.com/VO/123617f1/en','2020-04-16 17:49:13','2020-04-18 17:49:13',0,NULL),('25dxHb','https://profiles.innermetrix.com/VO/0485a918/en','2020-04-16 17:55:18','2020-04-18 17:55:18',0,NULL),('25dyKl','https://profiles.innermetrix.com/VO/123617f1/en','2020-04-16 17:55:19','2020-04-18 17:55:19',0,NULL),('26f8Rr','https://profiles.innermetrix.com/VO/0485a918/en','2020-04-16 18:08:58','2020-04-18 18:08:58',0,NULL),('26hjXt','https://profiles.innermetrix.com/VO/6be334d5/en','2020-04-16 18:08:59','2020-04-18 18:08:59',0,NULL),('26hjYy','https://profiles.innermetrix.com/VO/0485a918/en','2020-04-16 18:23:34','2020-04-18 18:23:34',0,NULL),('26hl99','https://profiles.innermetrix.com/VO/6be334d5/en','2020-04-16 18:23:35','2020-04-18 18:23:35',0,NULL),('26inH7','https://profiles.innermetrix.com/VO/0485a918/en','2020-04-17 10:44:33','2020-04-19 10:44:33',0,NULL),('27js3t','https://profiles.innermetrix.com/VO/e47a0f52/en','2020-04-17 10:44:35','2020-04-19 10:44:35',0,NULL),('27lyXg','https://profiles.innermetrix.com/VO/0485a918/en','2020-04-17 10:50:46','2020-04-19 10:50:46',0,NULL),('27m83g','https://profiles.innermetrix.com/VO/123617f1/en','2020-04-17 10:50:47','2020-04-19 10:50:47',0,NULL),('27ofUo','https://profiles.innermetrix.com/VO/0485a918/en','2020-04-17 11:21:00','2020-04-19 11:21:00',0,NULL),('28ofP4','https://profiles.innermetrix.com/VO/6be334d5/en','2020-04-17 11:21:01','2020-04-19 11:21:01',0,NULL),('28qnTt','https://profiles.innermetrix.com/VO/0485a918/en','2020-04-17 11:30:18','2020-04-19 11:30:18',0,NULL),('28qp32','https://profiles.innermetrix.com/VO/123617f1/en','2020-04-17 11:30:19','2020-04-19 11:30:19',0,NULL),('28qp45','https://profiles.innermetrix.com/VO/0485a918/en','2020-04-17 11:33:47','2020-04-19 11:33:47',0,NULL),('28qrAu','https://profiles.innermetrix.com/VO/123617f1/en','2020-04-17 11:33:47','2020-04-19 11:33:47',0,NULL),('28swYu','https://profiles.innermetrix.com/VO/0485a918/en','2020-04-17 11:48:01','2020-04-19 11:48:01',0,NULL),('29t4Um','https://profiles.innermetrix.com/VO/e47a0f52/en','2020-04-17 11:48:03','2020-04-19 11:48:03',0,NULL),('29vdUz','https://profiles.innermetrix.com/VO/0485a918/en','2020-04-17 12:16:06','2020-04-19 12:16:06',0,NULL),('2auaHd','https://profiles.innermetrix.com/VO/e47a0f52/en','2020-04-17 12:16:07','2020-04-19 12:16:07',0,NULL),('2avbJl','https://profiles.innermetrix.com/VO/0485a918/en','2020-04-17 12:21:12','2020-04-19 12:21:12',0,NULL),('2awf55','https://profiles.innermetrix.com/VO/123617f1/en','2020-04-17 12:21:12','2020-04-19 12:21:12',0,NULL),('2b39Qp','https://profiles.innermetrix.com/VO/0485a918/en','2020-04-17 12:26:13','2020-04-19 12:26:13',0,NULL),('2bzv4q','https://profiles.innermetrix.com/VO/e47a0f52/en','2020-04-17 12:26:14','2020-04-19 12:26:14',0,NULL),('2c5hPs','https://profiles.innermetrix.com/VO/0485a918/en','2020-04-17 12:30:11','2020-04-19 12:30:11',0,NULL),('2c6l5r','https://profiles.innermetrix.com/VO/123617f1/en','2020-04-17 12:30:12','2020-04-19 12:30:12',0,NULL),('2db5La','https://profiles.innermetrix.com/VO/0485a918/en','2020-04-17 12:40:27','2020-04-19 12:40:27',0,NULL),('2db8Xq','https://profiles.innermetrix.com/VO/6be334d5/en','2020-04-17 12:40:28','2020-04-19 12:40:28',0,NULL),('2dekF2','https://profiles.innermetrix.com/VO/0485a918/en','2020-04-17 12:49:46','2020-04-19 12:49:46',0,NULL),('2eekCp','https://profiles.innermetrix.com/VO/e47a0f52/en','2020-04-17 12:49:47','2020-04-19 12:49:47',0,NULL),('2efnOa','https://profiles.innermetrix.com/VO/0485a918/en','2020-04-17 12:59:47','2020-04-19 12:59:47',0,NULL),('2efpYk','https://profiles.innermetrix.com/VO/123617f1/en','2020-04-17 12:59:48','2020-04-19 12:59:48',0,NULL),('2egtHo','https://profiles.innermetrix.com/VO/0485a918/en','2020-04-17 13:10:23','2020-04-19 13:10:23',0,NULL),('2ehwXq','https://profiles.innermetrix.com/VO/123617f1/en','2020-04-17 13:10:24','2020-04-19 13:10:24',0,NULL),('2ehzA4','https://profiles.innermetrix.com/VO/0485a918/en','2020-04-17 13:17:22','2020-04-19 13:17:22',0,NULL),('2fmn3a','https://profiles.innermetrix.com/VO/6be334d5/en','2020-04-17 13:17:23','2020-04-19 13:17:23',0,NULL),('2fnqGp','https://profiles.innermetrix.com/VO/0485a918/en','2020-04-17 13:21:06','2020-04-19 13:21:06',0,NULL),('2fnqI1','https://profiles.innermetrix.com/VO/123617f1/en','2020-04-17 13:21:07','2020-04-19 13:21:07',0,NULL),('2hvrX4','https://profiles.innermetrix.com/VO/0485a918/en','2020-04-17 13:24:38','2020-04-19 13:24:38',0,NULL),('2hwuBo','https://profiles.innermetrix.com/VO/e47a0f52/en','2020-04-17 13:24:39','2020-04-19 13:24:39',0,NULL),('2hy7Vg','https://profiles.innermetrix.com/VO/0485a918/en','2020-04-17 13:31:21','2020-04-19 13:31:21',0,1),('2i2kDs','https://profiles.innermetrix.com/VO/123617f1/en','2020-04-17 13:31:22','2020-04-19 13:31:22',0,NULL),('2i2lJl','https://profiles.innermetrix.com/VO/0485a918/en','2020-04-17 13:40:26','2020-04-19 13:40:26',0,NULL),('2i4r8n','https://profiles.innermetrix.com/VO/e47a0f52/en','2020-04-17 13:40:27','2020-04-19 13:40:27',0,NULL),('2i5vOk','https://profiles.innermetrix.com/VO/0485a918/en','2020-04-17 13:57:40','2020-04-19 13:57:40',0,1),('2j5xZx','https://profiles.innermetrix.com/VO/123617f1/en','2020-04-17 13:57:41','2020-04-19 13:57:41',0,1),('2j61B7','https://profiles.innermetrix.com/VO/0485a918/en','2020-04-17 14:13:54','2020-04-19 14:13:54',0,NULL),('2j6y3c','https://profiles.innermetrix.com/VO/0485a918/en','2020-04-17 14:51:21','2020-04-19 14:51:21',0,NULL),('2j76Y2','https://profiles.innermetrix.com/VO/0485a918/en','2020-04-17 14:51:21','2020-04-19 14:51:21',0,NULL),('2j8bKl','https://profiles.innermetrix.com/VO/0485a918/en','2020-04-17 14:54:40','2020-04-19 14:54:40',0,NULL),('2kah7g','https://profiles.innermetrix.com/VO/0485a918/en','2020-04-17 14:54:40','2020-04-19 14:54:40',0,NULL),('2kbiCx','https://profiles.innermetrix.com/VO/0485a918/en','2020-04-17 15:01:38','2020-04-19 15:01:38',0,NULL),('2lf3X7','https://profiles.innermetrix.com/VO/0485a918/en','2020-04-17 15:01:38','2020-04-19 15:01:38',0,NULL),('2lg566','https://profiles.innermetrix.com/VO/0485a918/en','2020-04-17 15:34:43','2020-04-19 15:34:43',0,NULL),('2lg6Am','https://profiles.innermetrix.com/VO/0485a918/en','2020-04-17 15:34:43','2020-04-19 15:34:43',0,NULL),('2lijTd','https://profiles.innermetrix.com/VO/0485a918/en','2020-04-17 15:41:48','2020-04-19 15:41:48',0,NULL),('2ljm6t','https://profiles.innermetrix.com/VO/0485a918/en','2020-04-17 15:41:48','2020-04-19 15:41:48',0,NULL),('2llu76','https://profiles.innermetrix.com/VO/0485a918/en','2020-04-17 15:51:53','2020-04-19 15:51:53',0,NULL),('2mlsZc','https://profiles.innermetrix.com/VO/0485a918/en','2020-04-17 15:51:54','2020-04-19 15:51:54',0,NULL),('2mmyQh','https://profiles.innermetrix.com/VO/0485a918/en','2020-04-17 16:14:21','2020-04-19 16:14:21',0,NULL),('2mn5Jw','https://profiles.innermetrix.com/VO/0485a918/en','2020-04-17 16:14:21','2020-04-19 16:14:21',0,NULL),('2npc8w','https://profiles.innermetrix.com/VO/0485a918/en','2020-04-17 16:14:23','2020-04-19 16:14:23',0,NULL),('2npeJa','https://profiles.innermetrix.com/VO/0485a918/en','2020-04-17 16:14:23','2020-04-19 16:14:23',0,NULL),('2nstEa','https://profiles.innermetrix.com/VO/0485a918/en','2020-04-17 16:25:35','2020-04-19 16:25:35',0,1),('2ntwRu','https://profiles.innermetrix.com/VO/0485a918/en','2020-04-17 16:25:35','2020-04-19 16:25:35',0,NULL),('2ntxZt','https://profiles.innermetrix.com/VO/0485a918/en','2020-04-17 16:25:37','2020-04-19 16:25:37',0,1),('2nv874','https://profiles.innermetrix.com/VO/0485a918/en','2020-04-17 16:25:37','2020-04-19 16:25:37',0,NULL),('2oxdO4','https://profiles.innermetrix.com/VO/0485a918/en','2020-04-17 16:42:11','2020-04-19 16:42:11',0,NULL),('2oznZr','https://profiles.innermetrix.com/VO/0485a918/en','2020-04-17 16:45:47','2020-04-19 16:45:47',0,1),('2ozo36','https://profiles.innermetrix.com/VO/e47a0f52/en','2020-04-17 16:45:50','2020-04-19 16:45:50',0,1),('2ozqC4','https://profiles.innermetrix.com/VO/0485a918/en','2020-04-17 16:50:38','2020-04-19 16:50:38',0,1),('2p2w5r','https://profiles.innermetrix.com/VO/0485a918/en','2020-04-17 16:50:38','2020-04-19 16:50:38',0,NULL),('2p2xBg','https://profiles.innermetrix.com/VO/0485a918/en','2020-04-17 16:50:40','2020-04-19 16:50:40',0,1),('2p31Ox','https://profiles.innermetrix.com/VO/0485a918/en','2020-04-17 16:50:40','2020-04-19 16:50:40',0,NULL),('2p48Ly','https://profiles.innermetrix.com/VO/6be334d5/en','2020-04-17 16:50:42','2020-04-19 16:50:42',0,1),('2pzlRr','https://profiles.innermetrix.com/VO/0485a918/en','2020-04-17 17:02:41','2020-04-19 17:02:41',0,NULL),('2q6iMb','https://profiles.innermetrix.com/VO/0485a918/en','2020-04-17 17:17:17','2020-04-19 17:17:17',0,NULL),('2q8qNs','https://profiles.innermetrix.com/VO/0485a918/en','2020-04-17 17:32:28','2020-04-19 17:32:28',0,1),('2q9sVq','https://profiles.innermetrix.com/VO/0485a918/en','2020-04-18 13:04:15','2020-04-20 13:04:15',0,1),('2q9t2j','https://profiles.innermetrix.com/VO/0485a918/en','2020-04-18 13:42:31','2020-04-20 13:42:31',0,NULL),('2qavBl','https://profiles.innermetrix.com/VO/0485a918/en','2020-04-18 13:53:48','2020-04-20 13:53:48',0,NULL),('2qawHd','https://profiles.innermetrix.com/VO/0485a918/en','2020-04-18 14:01:49','2020-04-20 14:01:49',0,NULL),('2qbwG8','https://profiles.innermetrix.com/VO/0485a918/en','2020-04-18 14:11:05','2020-04-20 14:11:05',0,NULL),('2qc22t','https://profiles.innermetrix.com/VO/0485a918/en','2020-04-18 14:21:01','2020-04-20 14:21:01',0,NULL),('2reeFp','https://whatsmygenius.com/discover?id=','2020-04-26 11:13:53','2020-04-28 11:13:53',0,NULL),('2reeGr','https://whatsmygenius.com/discover?id=','2020-04-26 11:21:07','2020-04-28 11:21:07',0,NULL),('2shqYd','https://whatsmygenius.com/discover?id=','2020-04-26 11:28:09','2020-04-28 11:28:09',0,NULL),('2smeTo','https://whatsmygenius.com/discover?id=','2020-04-26 11:32:22','2020-04-28 11:32:22',0,NULL),('2tlbG3','https://whatsmygenius.com/discover?id=','2020-04-26 11:35:15','2020-04-28 11:35:15',0,NULL),('2tmeQc','https://whatsmygenius.com/discover?id=','2020-04-26 11:38:16','2020-04-28 11:38:16',0,NULL),('2tnkKu','https://whatsmygenius.com/discover?id=','2020-04-26 11:41:15','2020-04-28 11:41:15',0,1),('2tonWe','https://whatsmygenius.com/discover?id=','2020-05-06 10:34:05','2020-05-08 10:34:05',0,3),('2tpp7p','https://profiles.innermetrix.com/VO/0485a918/en','2020-05-06 10:59:17','2020-05-08 10:59:17',0,2),('Aef3hu','https://profiles.innermetrix.com/VO/0485a918/en','2020-04-15 00:00:00','2020-06-15 00:00:00',0,0),('Ael9sh','https://profiles.innermetrix.com/VO/0485a918/en','2020-04-15 00:00:00','2020-06-15 00:00:00',0,0),('aexoR2','https://profiles.innermetrix.com/VO/0485a918/en','2020-04-15 00:00:00','2020-06-15 00:00:00',0,0),('AeZai8','https://profiles.innermetrix.com/VO/0485a918/en','2020-04-15 00:00:00','2020-06-15 00:00:00',0,0),('ahDah0','https://profiles.innermetrix.com/VO/0485a918/en','2020-04-15 00:00:00','2020-06-15 00:00:00',0,0),('ahl4aV','https://profiles.innermetrix.com/VO/0485a918/en','2020-04-15 00:00:00','2020-06-15 00:00:00',0,0),('aiTh1K','https://profiles.innermetrix.com/VO/0485a918/en','2020-04-15 00:00:00','2020-06-15 00:00:00',0,0),('aiThu9','https://profiles.innermetrix.com/VO/0485a918/en','2020-04-15 00:00:00','2020-06-15 00:00:00',0,0),('APha3d','https://profiles.innermetrix.com/VO/0485a918/en','2020-04-15 00:00:00','2020-06-15 00:00:00',0,0),('aX2Nio','https://profiles.innermetrix.com/VO/0485a918/en','2020-04-15 00:00:00','2020-06-15 00:00:00',0,0),('Baem6t','https://profiles.innermetrix.com/VO/0485a918/en','2020-04-15 00:00:00','2020-06-15 00:00:00',0,0),('bo9Oip','https://profiles.innermetrix.com/VO/0485a918/en','2020-04-15 00:00:00','2020-06-15 00:00:00',0,0),('Bod7et','https://profiles.innermetrix.com/VO/0485a918/en','2020-04-15 00:00:00','2020-06-15 00:00:00',0,0),('chaa4O','https://profiles.innermetrix.com/VO/0485a918/en','2020-04-15 00:00:00','2020-06-15 00:00:00',0,0),('Chae5G','https://profiles.innermetrix.com/VO/0485a918/en','2020-04-15 00:00:00','2020-06-15 00:00:00',0,0),('Chie1h','https://profiles.innermetrix.com/VO/0485a918/en','2020-04-15 00:00:00','2020-06-15 00:00:00',0,0),('Chiey4','https://profiles.innermetrix.com/VO/0485a918/en','2020-04-15 00:00:00','2020-06-15 00:00:00',0,0),('choFi2','https://profiles.innermetrix.com/VO/0485a918/en','2020-04-15 00:00:00','2020-06-15 00:00:00',0,0),('chooJ3','https://profiles.innermetrix.com/VO/0485a918/en','2020-04-15 00:00:00','2020-06-15 00:00:00',0,0),('chua9X','https://profiles.innermetrix.com/VO/0485a918/en','2020-04-15 00:00:00','2020-06-15 00:00:00',0,0),('coJ1pa','https://profiles.innermetrix.com/VO/0485a918/en','2020-04-15 00:00:00','2020-06-15 00:00:00',0,0),('Coo8he','https://profiles.innermetrix.com/VO/0485a918/en','2020-04-15 00:00:00','2020-06-15 00:00:00',0,0),('Da5ein','https://profiles.innermetrix.com/VO/0485a918/en','2020-04-15 00:00:00','2020-06-15 00:00:00',0,0),('Eashi2','https://profiles.innermetrix.com/VO/0485a918/en','2020-04-15 00:00:00','2020-06-15 00:00:00',0,0),('EChie6','https://profiles.innermetrix.com/VO/0485a918/en','2020-04-15 00:00:00','2020-06-15 00:00:00',0,0),('ECi8us','https://profiles.innermetrix.com/VO/0485a918/en','2020-04-15 00:00:00','2020-06-15 00:00:00',0,0),('eer8Te','https://profiles.innermetrix.com/VO/0485a918/en','2020-04-15 00:00:00','2020-06-15 00:00:00',0,0),('Eese6d','https://profiles.innermetrix.com/VO/0485a918/en','2020-04-15 00:00:00','2020-06-15 00:00:00',0,0),('eH2aeJ','https://profiles.innermetrix.com/VO/0485a918/en','2020-04-15 00:00:00','2020-06-15 00:00:00',0,0),('Eig4po','https://profiles.innermetrix.com/VO/0485a918/en','2020-04-15 00:00:00','2020-06-15 00:00:00',0,0),('Eim1ei','https://profiles.innermetrix.com/VO/0485a918/en','2020-04-15 00:00:00','2020-06-15 00:00:00',0,0),('eiqu6R','https://profiles.innermetrix.com/VO/0485a918/en','2020-04-15 00:00:00','2020-06-15 00:00:00',0,0),('eiv4Ai','https://profiles.innermetrix.com/VO/0485a918/en','2020-04-15 00:00:00','2020-06-15 00:00:00',0,0),('esu5Ee','https://profiles.innermetrix.com/VO/0485a918/en','2020-04-15 00:00:00','2020-06-15 00:00:00',0,0),('Ey0Eew','https://profiles.innermetrix.com/VO/0485a918/en','2020-04-15 00:00:00','2020-06-15 00:00:00',0,0),('Fah7to','https://profiles.innermetrix.com/VO/0485a918/en','2020-04-15 00:00:00','2020-06-15 00:00:00',0,0),('Houy1x','https://profiles.innermetrix.com/VO/0485a918/en','2020-04-15 00:00:00','2020-06-15 00:00:00',0,0),('Ia0ee2','https://profiles.innermetrix.com/VO/0485a918/en','2020-04-15 00:00:00','2020-06-15 00:00:00',0,0),('ia9Quo','https://profiles.innermetrix.com/VO/0485a918/en','2020-04-15 00:00:00','2020-06-15 00:00:00',0,0),('Ief0we','https://profiles.innermetrix.com/VO/0485a918/en','2020-04-15 00:00:00','2020-06-15 00:00:00',0,0),('ieTh4r','https://profiles.innermetrix.com/VO/0485a918/en','2020-04-15 00:00:00','2020-06-15 00:00:00',0,0),('ieY1ko','https://profiles.innermetrix.com/VO/0485a918/en','2020-04-15 00:00:00','2020-06-15 00:00:00',0,0),('iGaig1','https://profiles.innermetrix.com/VO/0485a918/en','2020-04-15 00:00:00','2020-06-15 00:00:00',0,0),('iraM9e','https://profiles.innermetrix.com/VO/0485a918/en','2020-04-15 00:00:00','2020-06-15 00:00:00',0,0),('jai5Ai','https://profiles.innermetrix.com/VO/0485a918/en','2020-04-15 00:00:00','2020-06-15 00:00:00',0,0),('joN3vi','https://profiles.innermetrix.com/VO/0485a918/en','2020-04-15 00:00:00','2020-06-15 00:00:00',0,0),('Ka5eXo','https://profiles.innermetrix.com/VO/0485a918/en','2020-04-15 00:00:00','2020-06-15 00:00:00',0,0),('keeJ6d','https://profiles.innermetrix.com/VO/0485a918/en','2020-04-15 00:00:00','2020-06-15 00:00:00',0,0),('loof1S','https://profiles.innermetrix.com/VO/0485a918/en','2020-04-15 00:00:00','2020-06-15 00:00:00',0,0),('miQu6t','https://profiles.innermetrix.com/VO/0485a918/en','2020-04-15 00:00:00','2020-06-15 00:00:00',0,0),('miy0Ph','https://profiles.innermetrix.com/VO/0485a918/en','2020-04-15 00:00:00','2020-06-15 00:00:00',0,0),('Mo6IeC','https://profiles.innermetrix.com/VO/0485a918/en','2020-04-15 00:00:00','2020-06-15 00:00:00',0,0),('Mu3lie','https://profiles.innermetrix.com/VO/0485a918/en','2020-04-15 00:00:00','2020-06-15 00:00:00',0,0),('Oeng0r','https://profiles.innermetrix.com/VO/0485a918/en','2020-04-15 00:00:00','2020-06-15 00:00:00',0,0),('ohMoh0','https://profiles.innermetrix.com/VO/0485a918/en','2020-04-15 00:00:00','2020-06-15 00:00:00',0,0),('Ong1ou','https://profiles.innermetrix.com/VO/0485a918/en','2020-04-15 00:00:00','2020-06-15 00:00:00',0,0),('ooL2ie','https://profiles.innermetrix.com/VO/0485a918/en','2020-04-15 00:00:00','2020-06-15 00:00:00',0,0),('Oon7ai','https://profiles.innermetrix.com/VO/0485a918/en','2020-04-15 00:00:00','2020-06-15 00:00:00',0,0),('Oor2oh','https://profiles.innermetrix.com/VO/0485a918/en','2020-04-15 00:00:00','2020-06-15 00:00:00',0,0),('Oorae8','https://profiles.innermetrix.com/VO/0485a918/en','2020-04-15 00:00:00','2020-06-15 00:00:00',0,0),('ooth6A','https://profiles.innermetrix.com/VO/0485a918/en','2020-04-15 00:00:00','2020-06-15 00:00:00',0,0),('ooV5ew','https://profiles.innermetrix.com/VO/0485a918/en','2020-04-15 00:00:00','2020-06-15 00:00:00',0,0),('oZee7b','https://profiles.innermetrix.com/VO/0485a918/en','2020-04-15 00:00:00','2020-06-15 00:00:00',0,0),('Phei0e','https://profiles.innermetrix.com/VO/0485a918/en','2020-04-15 00:00:00','2020-06-15 00:00:00',0,0),('Pheik1','https://profiles.innermetrix.com/VO/0485a918/en','2020-04-15 00:00:00','2020-06-15 00:00:00',0,0),('Phi4oe','https://profiles.innermetrix.com/VO/0485a918/en','2020-04-15 00:00:00','2020-06-15 00:00:00',0,0),('poj9Ee','https://profiles.innermetrix.com/VO/0485a918/en','2020-04-15 00:00:00','2020-06-15 00:00:00',0,0),('Quaef5','https://profiles.innermetrix.com/VO/0485a918/en','2020-04-15 00:00:00','2020-06-15 00:00:00',0,0),('QuohB5','https://profiles.innermetrix.com/VO/0485a918/en','2020-04-15 00:00:00','2020-06-15 00:00:00',0,0),('raim0O','https://profiles.innermetrix.com/VO/0485a918/en','2020-04-15 00:00:00','2020-06-15 00:00:00',0,0),('Ree1oo','https://profiles.innermetrix.com/VO/0485a918/en','2020-04-15 00:00:00','2020-06-15 00:00:00',0,0),('Shae9i','https://profiles.innermetrix.com/VO/0485a918/en','2020-04-15 00:00:00','2020-06-15 00:00:00',0,0),('shoh1J','https://profiles.innermetrix.com/VO/0485a918/en','2020-04-15 00:00:00','2020-06-15 00:00:00',0,0),('Shoo4T','https://profiles.innermetrix.com/VO/0485a918/en','2020-04-15 00:00:00','2020-06-15 00:00:00',0,0),('Shu9Po','https://profiles.innermetrix.com/VO/0485a918/en','2020-04-15 00:00:00','2020-06-15 00:00:00',0,0),('Si3xai','https://profiles.innermetrix.com/VO/0485a918/en','2020-04-15 00:00:00','2020-06-15 00:00:00',0,0),('Ta6eiY','https://profiles.innermetrix.com/VO/0485a918/en','2020-04-15 00:00:00','2020-06-15 00:00:00',0,0),('Teek9o','https://profiles.innermetrix.com/VO/0485a918/en','2020-04-15 00:00:00','2020-06-15 00:00:00',0,0),('ThaiC8','https://profiles.innermetrix.com/VO/0485a918/en','2020-04-15 00:00:00','2020-06-15 00:00:00',0,0),('thie0F','https://profiles.innermetrix.com/VO/0485a918/en','2020-04-15 00:00:00','2020-06-15 00:00:00',0,0),('tuy0Us','https://profiles.innermetrix.com/VO/0485a918/en','2020-04-15 00:00:00','2020-06-15 00:00:00',0,0),('ub3diF','https://profiles.innermetrix.com/VO/0485a918/en','2020-04-15 00:00:00','2020-06-15 00:00:00',0,0),('ue2eNg','https://profiles.innermetrix.com/VO/0485a918/en','2020-04-15 00:00:00','2020-06-15 00:00:00',0,0),('ue9Emi','https://profiles.innermetrix.com/VO/0485a918/en','2020-04-15 00:00:00','2020-06-15 00:00:00',0,0),('ujiS0a','https://profiles.innermetrix.com/VO/0485a918/en','2020-04-15 00:00:00','2020-06-15 00:00:00',0,0),('uoCh3g','https://profiles.innermetrix.com/VO/0485a918/en','2020-04-15 00:00:00','2020-06-15 00:00:00',0,0),('Usad1e','https://profiles.innermetrix.com/VO/0485a918/en','2020-04-15 00:00:00','2020-06-15 00:00:00',0,0),('veeSh5','https://profiles.innermetrix.com/VO/0485a918/en','2020-04-15 00:00:00','2020-06-15 00:00:00',0,0),('voo8Ci','https://profiles.innermetrix.com/VO/0485a918/en','2020-04-15 00:00:00','2020-06-15 00:00:00',0,0),('waeV9v','https://profiles.innermetrix.com/VO/0485a918/en','2020-04-15 00:00:00','2020-06-15 00:00:00',0,0),('wah6Do','https://profiles.innermetrix.com/VO/0485a918/en','2020-04-15 00:00:00','2020-06-15 00:00:00',0,0),('Wei0ae','https://profiles.innermetrix.com/VO/0485a918/en','2020-04-15 00:00:00','2020-06-15 00:00:00',0,0),('Yae8ai','https://profiles.innermetrix.com/VO/0485a918/en','2020-04-15 00:00:00','2020-06-15 00:00:00',0,0),('yie0Gi','https://profiles.innermetrix.com/VO/0485a918/en','2020-04-15 00:00:00','2020-06-15 00:00:00',0,0),('YieHi9','https://profiles.innermetrix.com/VO/0485a918/en','2020-04-15 00:00:00','2020-06-15 00:00:00',0,0),('Yo8Evo','https://profiles.innermetrix.com/VO/0485a918/en','2020-04-15 00:00:00','2020-06-15 00:00:00',0,0),('yoo0Ea','https://profiles.innermetrix.com/VO/0485a918/en','2020-04-15 00:00:00','2020-06-15 00:00:00',0,0),('zahj3I','https://profiles.innermetrix.com/VO/0485a918/en','2020-04-15 00:00:00','2020-06-15 00:00:00',0,0),('zahT7g','https://profiles.innermetrix.com/VO/0485a918/en','2020-04-15 00:00:00','2020-06-15 00:00:00',0,0);

--
-- Table structure for table `social_account`
--

CREATE TABLE `social_account` (
  `id` int(11) NOT NULL AUTO_INCREMENT,
  `user_id` int(11) DEFAULT NULL,
  `provider` varchar(255) COLLATE utf8_unicode_ci NOT NULL,
  `client_id` varchar(255) COLLATE utf8_unicode_ci NOT NULL,
  `code` varchar(32) COLLATE utf8_unicode_ci DEFAULT NULL,
  `email` varchar(255) COLLATE utf8_unicode_ci DEFAULT NULL,
  `username` varchar(255) COLLATE utf8_unicode_ci DEFAULT NULL,
  `data` text COLLATE utf8_unicode_ci,
  `created_at` int(11) DEFAULT NULL,
  PRIMARY KEY (`id`),
  UNIQUE KEY `idx_social_account_provider_client_id` (`provider`,`client_id`),
  UNIQUE KEY `idx_social_account_code` (`code`),
  KEY `fk_social_account_user` (`user_id`),
  CONSTRAINT `fk_social_account_user` FOREIGN KEY (`user_id`) REFERENCES `user` (`id`) ON DELETE CASCADE
) ENGINE=InnoDB DEFAULT CHARSET=utf8 COLLATE=utf8_unicode_ci;

--
-- Dumping data for table `social_account`
--


--
-- Table structure for table `survey_answers`
--

CREATE TABLE `survey_answers` (
  `id` int(11) NOT NULL AUTO_INCREMENT,
  `survey_id` int(11) NOT NULL,
  `question_id` int(11) NOT NULL,
  `answer1` varchar(255) NOT NULL,
  `answer2` varchar(255) NOT NULL,
  `answer3` varchar(255) NOT NULL,
  `answer4` varchar(255) NOT NULL,
  `answer5` varchar(255) NOT NULL,
  `status` int(11) DEFAULT '1',
  `created_at` datetime DEFAULT NULL,
  `field1` varchar(128) DEFAULT NULL,
  PRIMARY KEY (`id`),
  KEY `survey_id` (`survey_id`),
  KEY `question_id` (`question_id`),
  CONSTRAINT `survey_answers_ibfk_1` FOREIGN KEY (`survey_id`) REFERENCES `survey_questions` (`id`) ON UPDATE CASCADE
) ENGINE=InnoDB AUTO_INCREMENT=5 DEFAULT CHARSET=latin1;

--
-- Dumping data for table `survey_answers`
--

INSERT INTO `survey_answers` VALUES (1,1,1,'Never','Occasionally','','','',1,NULL,''),(2,1,2,'Answer 1 for Q2','Answer 2 for Q2','','','',1,NULL,''),(3,1,3,'Q3 Answer 1','Q3 Answer 2','Q3 Answer 4','','',NULL,NULL,''),(4,1,4,'Q4 Answer 1','Q4 Answer 1','','','',NULL,NULL,'');

--
-- Table structure for table `survey_participant`
--

CREATE TABLE `survey_participant` (
  `id` int(11) NOT NULL AUTO_INCREMENT,
  `first_name` varchar(50) DEFAULT NULL,
  `email_address` text NOT NULL,
  `suvey_id` int(11) NOT NULL,
  `store_id` int(11) DEFAULT '0',
  `created_at` datetime DEFAULT NULL,
  `updated_at` timestamp NOT NULL DEFAULT CURRENT_TIMESTAMP ON UPDATE CURRENT_TIMESTAMP,
  `field1` varchar(128) DEFAULT NULL,
  PRIMARY KEY (`id`),
  KEY `suvey_id` (`suvey_id`),
  CONSTRAINT `survey_participant_ibfk_1` FOREIGN KEY (`suvey_id`) REFERENCES `survey_questions` (`id`) ON UPDATE CASCADE
) ENGINE=InnoDB DEFAULT CHARSET=latin1;

--
-- Dumping data for table `survey_participant`
--


--
-- Table structure for table `survey_questions`
--

CREATE TABLE `survey_questions` (
  `id` int(11) NOT NULL AUTO_INCREMENT,
  `survey_name` varchar(100) NOT NULL,
  `q1` varchar(255) DEFAULT NULL,
  `q2` varchar(255) DEFAULT NULL,
  `q3` varchar(255) DEFAULT NULL,
  `q4` varchar(255) DEFAULT NULL,
  `q5` varchar(255) DEFAULT NULL,
  `created_at` datetime DEFAULT NULL,
  `updated_at` timestamp NOT NULL DEFAULT CURRENT_TIMESTAMP ON UPDATE CURRENT_TIMESTAMP,
  `field1` varchar(128) DEFAULT NULL,
  `status` int(11) DEFAULT '1',
  PRIMARY KEY (`id`)
) ENGINE=InnoDB AUTO_INCREMENT=2 DEFAULT CHARSET=latin1;

--
-- Dumping data for table `survey_questions`
--

INSERT INTO `survey_questions` VALUES (1,'Survey 1','How often do you use diagnostic tools in your talent process?','Question 2 would be','Question 3 would be','Question 4 would be','',NULL,'2019-01-22 12:10:18','',1);

--
-- Table structure for table `terms_and_conditions`
--

CREATE TABLE `terms_and_conditions` (
  `id` int(11) NOT NULL AUTO_INCREMENT,
  `paygate_orders_id` int(11) NOT NULL,
  `status` int(11) NOT NULL,
  `store_id` int(11) DEFAULT '0',
  `created_at` datetime DEFAULT NULL,
  `updated_at` timestamp NOT NULL DEFAULT CURRENT_TIMESTAMP ON UPDATE CURRENT_TIMESTAMP,
  `field1` varchar(128) DEFAULT NULL,
  PRIMARY KEY (`id`),
  KEY `paygate_orders_id` (`paygate_orders_id`),
  CONSTRAINT `terms_and_conditions_ibfk_1` FOREIGN KEY (`paygate_orders_id`) REFERENCES `paygate_orders` (`id`) ON UPDATE CASCADE
) ENGINE=InnoDB DEFAULT CHARSET=latin1;

--
-- Dumping data for table `terms_and_conditions`
--


--
-- Table structure for table `token`
--

CREATE TABLE `token` (
  `user_id` int(11) DEFAULT NULL,
  `code` varchar(32) COLLATE utf8_unicode_ci NOT NULL,
  `type` smallint(6) NOT NULL,
  `created_at` int(11) NOT NULL,
  UNIQUE KEY `idx_token_user_id_code_type` (`user_id`,`code`,`type`),
  CONSTRAINT `fk_token_user` FOREIGN KEY (`user_id`) REFERENCES `user` (`id`) ON DELETE CASCADE
) ENGINE=InnoDB DEFAULT CHARSET=utf8 COLLATE=utf8_unicode_ci;

--
-- Dumping data for table `token`
--

INSERT INTO `token` VALUES (1,'R8P8lUy7R1dGVyxjo3xGhJ1s03ZkX8Id',0,1556633049);


